000
CXAK56 PAFG 311000
CF6FAI
PRELIMINARY LOCAL CLIMATOLOGICAL DATA (WS FORM: F-6)
STATION: FAIRBANKS AK
MONTH: SEPTEMBER
YEAR: 2023
LATITUDE: 64 49 N
LONGITUDE: 147 52 W
TEMPERATURE IN F: :PCPN: SNOW: WIND :SUNSHINE: SKY :PK WND
================================================================================
1 2 3 4 5 6A 6B 7 8 9 10 11 12 13 14 15 16 17 18
12Z AVG MX 2MIN
DY MAX MIN AVG DEP HDD CDD WTR SNW DPTH SPD SPD DIR MIN PSBL S-S WX SPD DR
================================================================================
1 59 47 53 1 12 0 0.16 0.0 0 9.7 28 240 M M 9 1 36 240
2 56 39 48 -4 17 0 0.08 0.0 0 9.9 23 260 M M 6 1 30 260
3 57 41 49 -2 16 0 0.01 0.0 0 3.8 9 70 M M 9 14 80
4 55 45 50 -1 15 0 0.12 0.0 0 5.1 17 280 M M 9 1 25 250
5 58 39 49 -1 16 0 0.07 0.0 0 3.4 10 260 M M 8 1 14 270
6 50 43 47 -3 18 0 0.15 0.0 0 5.0 12 240 M M 9 18 15 230
7 55 40 48 -2 17 0 T 0.0 0 2.0 7 190 M M 8 1 8 200
8 60 40 50 1 15 0 T 0.0 0 5.9 16 50 M M 8 20 40
9 70 47 59 10 6 0 T 0.0 0 7.3 16 110 M M 7 21 120
10 62 45 54 6 11 0 0.08 0.0 0 2.6 12 340 M M 8 15 340
11 51 45 48 0 17 0 0.01 0.0 0 5.6 10 230 M M 10 1 13 230
12 57 38 48 0 17 0 T 0.0 0 2.4 7 40 M M 8 1 9 210
13 59 38 49 2 16 0 0.00 0.0 0 3.3 8 30 M M 7 10 70
14 54 37 46 -1 19 0 0.03 0.0 0 3.3 12 50 M M 8 1 14 50
15 58 38 48 2 17 0 0.00 0.0 0 3.4 7 10 M M 8 12 10 70
16 60 42 51 5 14 0 T 0.0 0 5.5 20 130 M M 8 26 110
17 50 42 46 1 19 0 0.14 0.0 0 7.3 18 240 M M 10 1 24 230
18 46 38 42 -3 23 0 0.02 0.0 0 3.2 12 340 M M 9 18 13 340
19 49 35 42 -2 23 0 T 0.0 0 3.3 9 90 M M 8 1 11 90
20 45 36 41 -3 24 0 0.05 0.0 0 4.3 10 50 M M 9 12 50
21 47 38 43 -1 22 0 T 0.0 0 4.5 14 230 M M 8 17 230
22 46 31 39 -4 26 0 0.00 0.0 0 1.2 6 50 M M 8 1 8 50
23 50 29 40 -2 25 0 T 0.0 0 2.3 9 360 M M 7 11 360
24 51 31 41 -1 24 0 0.00 0.0 0 3.4 9 50 M M 5 11 20
25 51 26 39 -2 26 0 0.00 0.0 0 4.6 10 10 M M 1 13 10
26 44 27 36 -5 29 0 0.00 0.0 0 5.2 12 10 M M 5 13 10
27 39 32 36 -4 29 0 0.00 0.0 0 1.3 7 240 M M 10 8 240
28 45 27 36 -4 29 0 0.00 0.0 0 3.4 8 90 M M 5 10 90
29 44 24 34 -5 31 0 0.00 0.0 0 2.2 8 60 M M 6 1 10 60
30 51 21 36 -3 29 0 0.00 0.0 0 4.8 13 80 M M 5 15 70
================================================================================
SM 1579 1101 602 0 0.92 0.0 129.2 M 226
================================================================================
AV 52.6 36.7 4.3 FASTST M M 8 MAX(MPH)
MISC ----> 28 240 36 240
================================================================================
NOTES:
# LAST OF SEVERAL OCCURRENCES
COLUMN 17 PEAK WIND IN M.P.H.
PRELIMINARY LOCAL CLIMATOLOGICAL DATA (WS FORM: F-6) , PAGE 2
STATION: FAIRBANKS AK
MONTH: SEPTEMBER
YEAR: 2023
LATITUDE: 64 49 N
LONGITUDE: 147 52 W
[TEMPERATURE DATA] [PRECIPITATION DATA] SYMBOLS USED IN COLUMN 16
AVERAGE MONTHLY: 44.7 TOTAL FOR MONTH: 0.92 1 = FOG OR MIST
DPTR FM NORMAL: -1.1 DPTR FM NORMAL: -0.43 2 = FOG REDUCING VISIBILITY
HIGHEST: 70 ON 9 GRTST 24HR 0.22 ON 5- 6 TO 1/4 MILE OR LESS
LOWEST: 21 ON 30 3 = THUNDER
SNOW, ICE PELLETS, HAIL 4 = ICE PELLETS
TOTAL MONTH: 0.0 INCH 5 = HAIL
GRTST 24HR 0.0 6 = FREEZING RAIN OR DRIZZLE
GRTST DEPTH: 0 7 = DUSTSTORM OR SANDSTORM:
VSBY 1/2 MILE OR LESS
8 = SMOKE OR HAZE
[NO. OF DAYS WITH] [WEATHER - DAYS WITH] 9 = BLOWING SNOW
X = TORNADO
MAX 32 OR BELOW: 0 0.01 INCH OR MORE: 12
MAX 90 OR ABOVE: 0 0.10 INCH OR MORE: 4
MIN 32 OR BELOW: 9 0.50 INCH OR MORE: 0
MIN 0 OR BELOW: 0 1.00 INCH OR MORE: 0
[HDD (BASE 65) ]
TOTAL THIS MO. 602 CLEAR (SCALE 0-3) 1
DPTR FM NORMAL 24 PTCLDY (SCALE 4-7) 17
TOTAL FM JUL 1 759 CLOUDY (SCALE 8-10) 12
DPTR FM NORMAL -173
[CDD (BASE 65) ]
TOTAL THIS MO. 0
DPTR FM NORMAL 0 [PRESSURE DATA]
TOTAL FM JAN 1 140 HIGHEST SLP 30.10 ON 30
DPTR FM NORMAL 72 LOWEST SLP 29.08 ON 16
[REMARKS]
#FINAL-09-23#