000
CXUS52 KRAH 010845
CF6FAY
PRELIMINARY LOCAL CLIMATOLOGICAL DATA (WS FORM: F-6)
STATION: FAYETTEVILLE REGL AIRPORT NC
MONTH: JULY
YEAR: 2020
LATITUDE: 35 0 N
LONGITUDE: 78 53 W
TEMPERATURE IN F: :PCPN: SNOW: WIND :SUNSHINE: SKY :PK WND
================================================================================
1 2 3 4 5 6A 6B 7 8 9 10 11 12 13 14 15 16 17 18
12Z AVG MX 2MIN
DY MAX MIN AVG DEP HDD CDD WTR SNW DPTH SPD SPD DIR MIN PSBL S-S WX SPD DR
================================================================================
1 90 72 81 0 0 16 0.00 M M 5.2 13 190 M M 3 1 18 230
2 91 71 81 0 0 16 0.00 0.0 0 4.5 14 20 M M 2 19 30
3 94 70 82 1 0 17 0.00 0.0 0 3.2 10 50 M M 0 14 50
4 96 72 84 3 0 19 0.00 0.0 0 5.4 9 240 M M 2 12 250
5 95 71 83 2 0 18 T M M 6.4 20 120 M M 1 3 25 130
6 93 68 81 0 0 16 0.00 M M 6.0 16 180 M M 1 1 23 180
7 83 72 78 -3 0 13 1.06 M M 4.4 16 120 M M 5 1 19 120
8 88 73 81 0 0 16 T M M 8.3 17 30 M M 7 23 20
9 92 75 84 3 0 19 T M M 9.0 18 50 M M 7 24 50
10 93 72 83 2 0 18 0.26 M M 6.0 25 310 M M 3 13 37 300
11 92 73 83 1 0 18 T M M 4.2 10 280 M M 2 3 13 320
12 94 71 83 1 0 18 0.00 M M 4.7 13 230 M M 0 16 230
13 94 73 84 2 0 19 0.24 M M 5.3 18 340 M M 2 3 23 320
14 94 70 82 0 0 17 0.00 M M 2.7 9 90 M M 2 1 12 130
15 96 74 85 3 0 20 0.00 M M 4.7 16 150 M M 1 1 19 150
16 94 73 84 2 0 19 0.00 M M 4.7 10 110 M M 1 1 16 90
17 95 74 85 3 0 20 0.14 M M 4.4 16 340 M M 2 3 19 340
18 95 74 85 3 0 20 0.06 M M 4.6 20 290 M M 2 3 30 290
19 97 76 87 5 0 22 0.00 M M 8.4 16 230 M M 1 24 200
20 99 74 87 5 0 22 0.02 M M 8.5 24 280 M M 2 3 32 270
21 97 74 86 4 0 21 0.00 M 0 7.8 17 210 M M 1 28 210
22 97 75 86 4 0 21 0.00 M M 8.4 16 180 M M 1 28 140
23 97 75 86 4 0 21 0.24 M M 9.9 17 90 M M 3 13 24 330
24 92 72 82 1 0 17 1.14 M M 7.8 32 170 M M 3 13 39 180
25 92 72 82 1 0 17 0.00 M M 6.2 12 220 M M 1 3 27 210
26 94 73 84 3 0 19 0.00 M M 7.1 15 220 M M 0 1 23 170
27 95 75 85 4 0 20 0.00 M M 8.3 16 210 M M 1 19 210
28 97 76 87 6 0 22 0.08 M M 7.2 15 30 M M 2 3 26 310
29 92 74 83 2 0 18 0.92 M M 4.9 16 100 M M 4 123 21 110
30 91 73 82 1 0 17 0.01 M M 7.5 17 200 M M 5 1 22 190
31 95 77 86 5 0 21 0.00 M M 11.7 22 210 M M 3 27 230
================================================================================
SM 2904 2264 0 577 4.17 0.0 197.4 M 70
================================================================================
AV 93.7 73.0 6.4 FASTST M M 2 MAX(MPH)
MISC ----> 32 170 39 180
================================================================================
NOTES:
# LAST OF SEVERAL OCCURRENCES
COLUMN 17 PEAK WIND IN M.P.H.
PRELIMINARY LOCAL CLIMATOLOGICAL DATA (WS FORM: F-6) , PAGE 2
STATION: FAYETTEVILLE REGL AIRPORT NC
MONTH: JULY
YEAR: 2020
LATITUDE: 35 0 N
LONGITUDE: 78 53 W
[TEMPERATURE DATA] [PRECIPITATION DATA] SYMBOLS USED IN COLUMN 16
AVERAGE MONTHLY: 83.4 TOTAL FOR MONTH: 4.17 1 = FOG OR MIST
DPTR FM NORMAL: 2.0 DPTR FM NORMAL: -1.75 2 = FOG REDUCING VISIBILITY
HIGHEST: 99 ON 20 GRTST 24HR 1.38 ON 23-24 TO 1/4 MILE OR LESS
LOWEST: 68 ON 6 3 = THUNDER
SNOW, ICE PELLETS, HAIL 4 = ICE PELLETS
TOTAL MONTH: 0.0 INCH 5 = HAIL
GRTST 24HR 0.0 6 = FREEZING RAIN OR DRIZZLE
GRTST DEPTH: 0 7 = DUSTSTORM OR SANDSTORM:
VSBY 1/2 MILE OR LESS
8 = SMOKE OR HAZE
[NO. OF DAYS WITH] [WEATHER - DAYS WITH] 9 = BLOWING SNOW
X = TORNADO
MAX 32 OR BELOW: 0 0.01 INCH OR MORE: 11
MAX 90 OR ABOVE: 29 0.10 INCH OR MORE: 7
MIN 32 OR BELOW: 0 0.50 INCH OR MORE: 3
MIN 0 OR BELOW: 0 1.00 INCH OR MORE: 2
[HDD (BASE 65) ]
TOTAL THIS MO. 0 CLEAR (SCALE 0-3) 24
DPTR FM NORMAL 0 PTCLDY (SCALE 4-7) 7
TOTAL FM JUL 1 0 CLOUDY (SCALE 8-10) 0
DPTR FM NORMAL 0
[CDD (BASE 65) ]
TOTAL THIS MO. 577
DPTR FM NORMAL 70 [PRESSURE DATA]
TOTAL FM JAN 1 1241 HIGHEST SLP 30.18 ON 17
DPTR FM NORMAL 54 LOWEST SLP 29.74 ON 12
[REMARKS]
#FINAL-07-20#