000
CXUS54 KOUN 010910
CF6FDR
PRELIMINARY LOCAL CLIMATOLOGICAL DATA (WS FORM: F-6)
STATION: FREDERICK MUNICIPAL
MONTH: DECEMBER
YEAR: 2022
LATITUDE: 34 21 N
LONGITUDE: 98 59 W
TEMPERATURE IN F: :PCPN: SNOW: WIND :SUNSHINE: SKY :PK WND
================================================================================
1 2 3 4 5 6A 6B 7 8 9 10 11 12 13 14 15 16 17 18
12Z AVG MX 2MIN
DY MAX MIN AVG DEP HDD CDD WTR SNW DPTH SPD SPD DIR MIN PSBL S-S WX SPD DR
================================================================================
1 50 32 41 -5 24 0 M M M 11.9 22 170 M M 5 25 170
2 77 49 63 17 2 0 M M M 15.3 37 10 M M 5 8 47 10
3 51 34 43 -3 22 0 M M M 13.1 28 10 M M 1 37 20
4 61 38 50 4 15 0 0.05 M M 6.1 10 180 M M 3 M M
5 81 48 65 20 0 0 M M M 11.9 22 230 M M 0 23 220
6 59 44 52 7 13 0 M M M 9.2 15 340 M M 2 12 M M
7 51 43 47 2 18 0 0.26 M M 5.5 15 100 M M 7 18 17 110
8 67 50 59 15 6 0 0.10 M M 4.7 14 360 M M 7 12 M M
9 56 45 51 7 14 0 0.06 M M 10.3 18 60 M M 8 12 M M
10 53 47 50 6 15 0 0.02 M M 7.9 18 20 M M 9 M M
11 54 45 50 6 15 0 0.00 M M 5.2 12 90 M M 9 1 M M
12 62 49 56 13 9 0 0.02 M M 15.8 22 140 M M 10 1 32 140
13 64 41 53 10 12 0 0.84 M M 12.0 40 200 M M 2 13 53 200
14 50 32 41 -2 24 0 0.00 M M 10.6 20 360 M M 0 23 320
15 50 29 40 -3 25 0 0.00 M M 7.4 17 320 M M 0 23 330
16 46 31 39 -3 26 0 0.00 M M 11.3 21 360 M M 4 25 340
17 48 26 37 -5 28 0 0.00 M M 6.1 13 310 M M 0 15 310
18 55 28 42 0 23 0 0.00 M M 11.4 22 160 M M 2 27 160
19 62 39 51 9 14 0 0.00 M M 12.6 23 180 M M 4 27 180
20 43 32 38 -4 27 0 0.00 M M 10.4 23 10 M M 10 18 26 360
21 44 31 38 -4 27 0 0.00 M M 9.9 18 170 M M 8 18 22 160
22 37 9 23 -19 42 0 T M M 30.2 47 360 M M 5 18 69 360
23 23 9 16 -26 49 0 0.00 M M 11.6 26 350 M M 0 32 350
24 38 16 27 -15 38 0 0.00 M M 5.9 15 210 M M 0 20 200
25 52 21 37 -4 28 0 0.00 M M 6.7 18 190 M M 0 21 190
26 56 23 40 -1 25 0 0.00 M M 14.1 31 10 M M 2 38 10
27 63 21 42 1 23 0 0.00 M M 13.9 29 190 M M 0 34 200
28 72 41 57 16 8 0 0.00 M M 15.7 30 200 M M 0 36 200
29 69 43 56 15 9 0 0.00 M M 9.8 24 280 M M 0 27 270
30 57 32 45 4 20 0 0.00 M M 6.2 15 40 M M 1 15 30
31 69 36 53 12 12 0 0.00 M M 9.8 18 230 M M 1 22 220
================================================================================
SM 1720 1064 613 0 1.35 M 332.5 M 105
================================================================================
AV 55.5 34.3 10.7 FASTST M M 3 MAX(MPH)
MISC ----> 47 360 69 360
================================================================================
NOTES:
# LAST OF SEVERAL OCCURRENCES
COLUMN 17 PEAK WIND IN M.P.H.
PRELIMINARY LOCAL CLIMATOLOGICAL DATA (WS FORM: F-6) , PAGE 2
STATION: FREDERICK MUNICIPAL
MONTH: DECEMBER
YEAR: 2022
LATITUDE: 34 21 N
LONGITUDE: 98 59 W
[TEMPERATURE DATA] [PRECIPITATION DATA] SYMBOLS USED IN COLUMN 16
AVERAGE MONTHLY: 44.9 TOTAL FOR MONTH: 1.35 1 = FOG OR MIST
DPTR FM NORMAL: 1.9 DPTR FM NORMAL: M 2 = FOG REDUCING VISIBILITY
HIGHEST: 81 ON 5 GRTST 24HR 0.84 ON 13-14 TO 1/4 MILE OR LESS
LOWEST: 9 ON 23,22 3 = THUNDER
SNOW, ICE PELLETS, HAIL 4 = ICE PELLETS
TOTAL MONTH: M 5 = HAIL
GRTST 24HR M ON M 6 = FREEZING RAIN OR DRIZZLE
GRTST DEPTH: M ON M 7 = DUSTSTORM OR SANDSTORM:
VSBY 1/2 MILE OR LESS
8 = SMOKE OR HAZE
[NO. OF DAYS WITH] [WEATHER - DAYS WITH] 9 = BLOWING SNOW
X = TORNADO
MAX 32 OR BELOW: 1 0.01 INCH OR MORE: 7
MAX 90 OR ABOVE: 0 0.10 INCH OR MORE: 3
MIN 32 OR BELOW: 15 0.50 INCH OR MORE: 1
MIN 0 OR BELOW: 0 1.00 INCH OR MORE: 0
[HDD (BASE 65) ]
TOTAL THIS MO. 613 CLEAR (SCALE 0-3) 18
DPTR FM NORMAL -69 PTCLDY (SCALE 4-7) 8
TOTAL FM JUL 1 1169 CLOUDY (SCALE 8-10) 5
DPTR FM NORMAL -24
[CDD (BASE 65) ]
TOTAL THIS MO. 0
DPTR FM NORMAL 0 [PRESSURE DATA]
TOTAL FM JAN 1 3019 HIGHEST SLP 30.80 ON 23
DPTR FM NORMAL 523 LOWEST SLP 29.47 ON 13
[REMARKS]
#FINAL-12-22#