000
CXUS53 KFGF 010815
CF6FGF
PRELIMINARY LOCAL CLIMATOLOGICAL DATA (WS FORM: F-6)
STATION: GRAND FORKS UNIV. (NWS) ND
MONTH: JUNE
YEAR: 2022
LATITUDE: 47 55 N
LONGITUDE: 97 6 W
TEMPERATURE IN F: :PCPN: SNOW: WIND :SUNSHINE: SKY :PK WND
================================================================================
1 2 3 4 5 6A 6B 7 8 9 10 11 12 13 14 15 16 17 18
12Z AVG MX 2MIN
DY MAX MIN AVG DEP HDD CDD WTR SNW DPTH SPD SPD DIR MIN PSBL S-S WX SPD DR
================================================================================
1 72 43 58 -3 7 0 0.00 0.0 0 M M M M M M M M
2 64 44 54 -7 11 0 0.00 0.0 0 M M M M M M M M
3 73 39 56 -6 9 0 0.00 0.0 0 M M M M M M M M
4 73 44 59 -3 6 0 0.00 0.0 0 M M M M M M M M
5 72 45 59 -3 6 0 0.00 0.0 0 M M M M M M M M
6 71 45 58 -5 7 0 0.00 0.0 0 M M M M M M M M
7 75 47 61 -2 4 0 0.00 0.0 0 M M M M M M M M
8 76 47 62 -1 3 0 0.00 0.0 0 M M M M M M M M
9 79 48 64 0 1 0 T 0.0 0 M M M M M M M M
10 78 58 68 4 0 3 0.04 0.0 0 M M M M M M M M
11 79 60 70 6 0 5 0.00 0.0 0 M M M M M M M M
12 87 63 75 11 0 10 0.00 0.0 0 M M M M M M M M
13 86 66 76 11 0 11 0.03 0.0 0 M M M M M M M M
14 78 62 70 5 0 5 1.48 0.0 0 M M M M M M 3 M M
15 77 57 67 2 0 2 0.01 0.0 0 M M M M M M 8 M M
16 77 58 68 2 0 3 0.00 0.0 0 M M M M M M M M
17 80 54 67 1 0 2 0.00 0.0 0 M M M M M M M M
18 82 63 73 7 0 8 T 0.0 0 M M M M M M 38 M M
19 100 76 88 22 0 23 0.00 0.0 0 M M M M M M M M
20 92 68 80 13 0 15 0.31 0.0 0 M M M M M M M M
21 76 60 68 1 0 3 0.11 0.0 0 M M M M M M 3 M M
22 85 56 71 4 0 6 0.00 0.0 0 M M M M M M M M
23 95 64 80 13 0 15 0.00 0.0 0 M M M M M M M M
24 88 66 77 9 0 12 0.49 0.0 0 M M M M M M M M
25 70 55 63 -5 2 0 T 0.0 0 M M M M M M M M
26 74 52 63 -5 2 0 0.00 0.0 0 M M M M M M M M
27 83 58 71 3 0 6 0.00 0.0 0 M M M M M M M M
28 71 56 64 -4 1 0 T 0.0 0 M M M M M M M M
29 81 55 68 0 0 3 0.03 0.0 0 M M M M M M M M
30 77 57 67 -1 0 2 0.00 0.0 0 M M M M M M M M
================================================================================
SM 2371 1666 59 134 2.50 0.0 M M M
================================================================================
AV 79.0 55.5 M FASTST M M M MAX(MPH)
MISC ----> M M M M
================================================================================
NOTES:
# LAST OF SEVERAL OCCURRENCES
COLUMN 17 PEAK WIND IN M.P.H.
PRELIMINARY LOCAL CLIMATOLOGICAL DATA (WS FORM: F-6) , PAGE 2
STATION: GRAND FORKS UNIV. (NWS) ND
MONTH: JUNE
YEAR: 2022
LATITUDE: 47 55 N
LONGITUDE: 97 6 W
[TEMPERATURE DATA] [PRECIPITATION DATA] SYMBOLS USED IN COLUMN 16
AVERAGE MONTHLY: 67.3 TOTAL FOR MONTH: 2.50 1 = FOG OR MIST
DPTR FM NORMAL: 2.0 DPTR FM NORMAL: -1.24 2 = FOG REDUCING VISIBILITY
HIGHEST: 100 ON 19 GRTST 24HR 1.48 ON 14-14 TO 1/4 MILE OR LESS
LOWEST: 39 ON 3 3 = THUNDER
SNOW, ICE PELLETS, HAIL 4 = ICE PELLETS
TOTAL MONTH: 0.0 INCH 5 = HAIL
GRTST 24HR 0.0 6 = FREEZING RAIN OR DRIZZLE
GRTST DEPTH: 0 7 = DUSTSTORM OR SANDSTORM:
VSBY 1/2 MILE OR LESS
8 = SMOKE OR HAZE
[NO. OF DAYS WITH] [WEATHER - DAYS WITH] 9 = BLOWING SNOW
X = TORNADO
MAX 32 OR BELOW: 0 0.01 INCH OR MORE: 8
MAX 90 OR ABOVE: 3 0.10 INCH OR MORE: 4
MIN 32 OR BELOW: 0 0.50 INCH OR MORE: 1
MIN 0 OR BELOW: 0 1.00 INCH OR MORE: 1
[HDD (BASE 65) ]
TOTAL THIS MO. 59 CLEAR (SCALE 0-3) 0
DPTR FM NORMAL -24 PTCLDY (SCALE 4-7) 0
TOTAL FM JUL 1 9407 CLOUDY (SCALE 8-10) 30
DPTR FM NORMAL 200
[CDD (BASE 65) ]
TOTAL THIS MO. 134
DPTR FM NORMAL 43 [PRESSURE DATA]
TOTAL FM JAN 1 150 HIGHEST SLP M ON M
DPTR FM NORMAL 33 LOWEST SLP M ON M
[REMARKS]
#FINAL-06-22#