000
CXUS52 KILM 011100
CF6FLO
PRELIMINARY LOCAL CLIMATOLOGICAL DATA (WS FORM: F-6)
STATION: FLORENCE SOUTH CAROLINA
MONTH: FEBRUARY
YEAR: 2024
LATITUDE: 34 10 N
LONGITUDE: 79 43 W
TEMPERATURE IN F: :PCPN: SNOW: WIND :SUNSHINE: SKY :PK WND
================================================================================
1 2 3 4 5 6A 6B 7 8 9 10 11 12 13 14 15 16 17 18
12Z AVG MX 2MIN
DY MAX MIN AVG DEP HDD CDD WTR SNW DPTH SPD SPD DIR MIN PSBL S-S WX SPD DR
================================================================================
1 59 31 45 -2 20 0 0.00 M M 4.2 12 230 M M 0 12 17 240
2 68 36 52 4 13 0 0.00 M M 3.4 15 30 M M 1 1 21 30
3 57 35 46 -2 19 0 0.00 M M 6.9 15 80 M M 1 8 22 40
4 57 29 43 -5 22 0 0.00 M M 9.6 21 80 M M 1 26 80
5 61 44 53 5 12 0 0.00 M M 13.4 21 50 M M 5 28 60
6 57 39 48 0 17 0 0.00 M M 13.4 24 360 M M 0 34 30
7 57 31 44 -4 21 0 0.00 M M 7.0 16 40 M M 0 8 23 50
8 60 27 44 -4 21 0 0.00 M M 2.5 8 110 M M 0 18 11 50
9 67 39 53 4 12 0 0.00 M M 4.2 12 230 M M 0 16 230
10 74 51 63 14 2 0 0.00 M M 7.1 20 230 M M 3 1 26 250
11 72 57 65 16 0 0 0.11 M M 8.5 24 250 M M 7 1 34 250
12 63 59 61 12 4 0 1.25 M M 6.9 18 130 M M 10 1 24 220
13 64 36 50 1 15 0 T M M 11.7 33 260 M M 2 51 260
14 65 32 49 -1 16 0 0.00 M M 5.0 14 310 M M 0 22 320
15 71 35 53 3 12 0 0.00 M M 8.1 22 210 M M 0 30 210
16 63 42 53 3 12 0 0.00 M M 5.1 12 50 M M 0 8 15 50
17 58 44 51 1 14 0 0.00 M M 9.2 20 10 M M 2 27 10
18 48 32 40 -10 25 0 0.00 M M 4.1 13 30 M M 0 8 17 30
19 61 26 44 -6 21 0 0.00 M M 4.3 18 50 M M 1 23 70
20 61 30 46 -5 19 0 0.00 M M 6.3 16 50 M M 0 23 70
21 62 33 48 -3 17 0 0.00 M M 5.0 12 10 M M 0 18 16 330
22 68 31 50 -1 15 0 0.00 M M 6.7 18 230 M M 0 18 24 230
23 68 45 57 6 8 0 0.13 M M 9.1 21 310 M M 7 123 30 220
24 67 39 53 1 12 0 0.11 M M 8.0 38 310 M M 3 12 60 330
25 57 34 46 -6 19 0 0.00 M M 5.1 15 340 M M 0 23 340
26 73 38 56 4 9 0 0.00 M M 8.2 15 180 M M 2 25 200
27 68 46 57 5 8 0 0.01 M M 10.1 17 180 M M 4 41 220
28 78 56 67 15 0 2 0.24 M M 14.4 31 220 M M 3 18 46 240
29 56 42 49 -4 16 0 0.00 M M 8.1 18 350 M M 1 27 350
================================================================================
SM 1840 1119 401 2 1.85 M 215.6 M 53
================================================================================
AV 63.4 38.6 7.4 FASTST M M 2 MAX(MPH)
MISC ----> 38 310 60 330
================================================================================
NOTES:
# LAST OF SEVERAL OCCURRENCES
COLUMN 17 PEAK WIND IN M.P.H.
PRELIMINARY LOCAL CLIMATOLOGICAL DATA (WS FORM: F-6) , PAGE 2
STATION: FLORENCE SOUTH CAROLINA
MONTH: FEBRUARY
YEAR: 2024
LATITUDE: 34 10 N
LONGITUDE: 79 43 W
[TEMPERATURE DATA] [PRECIPITATION DATA] SYMBOLS USED IN COLUMN 16
AVERAGE MONTHLY: 51.0 TOTAL FOR MONTH: 1.85 1 = FOG OR MIST
DPTR FM NORMAL: 1.3 DPTR FM NORMAL: -1.15 2 = FOG REDUCING VISIBILITY
HIGHEST: 78 ON 28 GRTST 24HR 1.33 ON 11-12 TO 1/4 MILE OR LESS
LOWEST: 26 ON 19 3 = THUNDER
SNOW, ICE PELLETS, HAIL 4 = ICE PELLETS
TOTAL MONTH: M 5 = HAIL
GRTST 24HR M ON M 6 = FREEZING RAIN OR DRIZZLE
GRTST DEPTH: M ON M 7 = DUSTSTORM OR SANDSTORM:
VSBY 1/2 MILE OR LESS
8 = SMOKE OR HAZE
[NO. OF DAYS WITH] [WEATHER - DAYS WITH] 9 = BLOWING SNOW
X = TORNADO
MAX 32 OR BELOW: 0 0.01 INCH OR MORE: 6
MAX 90 OR ABOVE: 0 0.10 INCH OR MORE: 5
MIN 32 OR BELOW: 9 0.50 INCH OR MORE: 1
MIN 0 OR BELOW: 0 1.00 INCH OR MORE: 1
[HDD (BASE 65) ]
TOTAL THIS MO. 401 CLEAR (SCALE 0-3) 22
DPTR FM NORMAL -34 PTCLDY (SCALE 4-7) 6
TOTAL FM JUL 1 1780 CLOUDY (SCALE 8-10) 1
DPTR FM NORMAL -166
[CDD (BASE 65) ]
TOTAL THIS MO. 2
DPTR FM NORMAL -4 [PRESSURE DATA]
TOTAL FM JAN 1 15 HIGHEST SLP 30.47 ON 29
DPTR FM NORMAL 6 LOWEST SLP 29.45 ON 13
[REMARKS]
#FINAL-02-24#