000
CXUS54 KLZK 011230
CF6FLP
PRELIMINARY LOCAL CLIMATOLOGICAL DATA (WS FORM: F-6)
STATION: FLIPPIN
MONTH: OCTOBER
YEAR: 2022
LATITUDE: 36 17 N
LONGITUDE: 92 28 W
TEMPERATURE IN F: :PCPN: SNOW: WIND :SUNSHINE: SKY :PK WND
================================================================================
1 2 3 4 5 6A 6B 7 8 9 10 11 12 13 14 15 16 17 18
12Z AVG MX 2MIN
DY MAX MIN AVG DEP HDD CDD WTR SNW DPTH SPD SPD DIR MIN PSBL S-S WX SPD DR
================================================================================
1 79 41 60 M 5 0 0.00 M M 2.2 6 40 M M 0 M M
2 83 42 63 M 2 0 0.00 M M 1.3 6 60 M M 0 M M
3 82 46 64 M 1 0 0.00 M M 1.8 7 80 M M 0 M M
4 79 43 61 M 4 0 0.00 M M 1.3 6 70 M M 0 M M
5 83 41 62 M 3 0 0.00 M M 1.5 6 200 M M 0 8 M M
6 83 52 68 M 0 3 0.00 M M 3.2 12 290 M M 0 17 290
7 76 52 64 M 1 0 0.00 M M 3.7 9 40 M M 1 17 99
8 70 48 59 M 6 0 T M M 2.5 6 360 M M 4 8 M M
9 78 43 61 M 4 0 0.00 M M 1.2 7 30 M M 5 8 M M
10 83 48 66 M 0 1 0.00 M M 2.6 12 240 M M 3 M M
11 83 60 72 M 0 7 T M M 5.3 14 230 M M 4 28 220
12 79 53 66 M 0 1 0.12 M M 6.2 16 290 M M 2 1 26 290
13 72 45 59 M 6 0 0.00 M M 6.9 22 270 M M 0 36 310
14 84 37 61 M 4 0 0.00 M M 7.4 22 260 M M 0 36 300
15 80 51 66 M 0 1 0.64 M M 4.0 9 50 M M 2 138 M M
16 75 53 64 M 1 0 0.18 M M 5.2 13 310 M M 3 1 M M
17 58 43 51 M 14 0 0.00 M M 8.6 15 340 M M 0 22 320
18 51 32 42 M 23 0 0.00 M M 7.0 13 320 M M 0 20 350
19 55 26 41 M 24 0 0.00 M M 2.9 10 290 M M 0 M M
20 75 28 52 M 13 0 0.00 M M 2.4 9 260 M M 0 M M
21 84 38 61 M 4 0 0.00 M M 2.4 9 170 M M 0 M M
22 78 51 65 M 0 0 0.00 M M 7.2 14 150 M M 0 30 170
23 79 67 73 M 0 8 0.00 M M 9.2 16 200 M M 1 26 200
24 76 60 68 M 0 3 1.18 M M 7.0 12 170 M M 7 1 21 180
25 61 41 51 M 14 0 2.03 M M 6.8 21 290 M M 7 1 29 290
26 67 41 54 M 11 0 0.00 M M 2.6 7 290 M M 0 8 M M
27 66 38 52 M 13 0 0.00 M M 3.0 10 110 M M 0 M M
28 69 37 53 M 12 0 0.00 M M 3.4 8 70 M M 0 M M
29 61 51 56 M 9 0 0.67 M M 3.8 8 40 M M 7 1 M M
30 63 56 60 M 5 0 0.03 M M 3.6 9 280 M M 10 1 M M
31 73 48 61 M 4 0 0.00 M M 3.4 8 280 M M 4 1 16 280
================================================================================
SM 2285 1412 183 24 4.85 M 129.8 M 60
================================================================================
AV 73.7 45.5 4.2 FASTST M M 2 MAX(MPH)
MISC ----> # 22 270 # 36 310
================================================================================
NOTES:
# LAST OF SEVERAL OCCURRENCES
COLUMN 17 PEAK WIND IN M.P.H.
PRELIMINARY LOCAL CLIMATOLOGICAL DATA (WS FORM: F-6) , PAGE 2
STATION: FLIPPIN
MONTH: OCTOBER
YEAR: 2022
LATITUDE: 36 17 N
LONGITUDE: 92 28 W
[TEMPERATURE DATA] [PRECIPITATION DATA] SYMBOLS USED IN COLUMN 16
AVERAGE MONTHLY: 59.6 TOTAL FOR MONTH: 4.85 1 = FOG OR MIST
DPTR FM NORMAL: 0.0 DPTR FM NORMAL: M 2 = FOG REDUCING VISIBILITY
HIGHEST: 84 ON 21,14 GRTST 24HR 3.18 ON 24-25 TO 1/4 MILE OR LESS
LOWEST: 26 ON 19 3 = THUNDER
SNOW, ICE PELLETS, HAIL 4 = ICE PELLETS
TOTAL MONTH: M 5 = HAIL
GRTST 24HR M ON M 6 = FREEZING RAIN OR DRIZZLE
GRTST DEPTH: M ON M 7 = DUSTSTORM OR SANDSTORM:
VSBY 1/2 MILE OR LESS
8 = SMOKE OR HAZE
[NO. OF DAYS WITH] [WEATHER - DAYS WITH] 9 = BLOWING SNOW
X = TORNADO
MAX 32 OR BELOW: 0 0.01 INCH OR MORE: 7
MAX 90 OR ABOVE: 0 0.10 INCH OR MORE: 6
MIN 32 OR BELOW: 3 0.50 INCH OR MORE: 4
MIN 0 OR BELOW: 0 1.00 INCH OR MORE: 2
[HDD (BASE 65) ]
TOTAL THIS MO. 183 CLEAR (SCALE 0-3) 21
DPTR FM NORMAL M PTCLDY (SCALE 4-7) 9
TOTAL FM JUL 1 201 CLOUDY (SCALE 8-10) 1
DPTR FM NORMAL M
[CDD (BASE 65) ]
TOTAL THIS MO. 24
DPTR FM NORMAL M [PRESSURE DATA]
TOTAL FM JAN 1 1918 HIGHEST SLP 30.49 ON 8
DPTR FM NORMAL M LOWEST SLP 29.51 ON 25
[REMARKS]
#FINAL-10-22#