000
CXUS55 KBOU 010900
CF6FNL
PRELIMINARY LOCAL CLIMATOLOGICAL DATA (WS FORM: F-6)
STATION: FT COLLINS/LOVELAND CO
MONTH: OCTOBER
YEAR: 2023
LATITUDE: 40 27 N
LONGITUDE: 105 1 W
TEMPERATURE IN F: :PCPN: SNOW: WIND :SUNSHINE: SKY :PK WND
================================================================================
1 2 3 4 5 6A 6B 7 8 9 10 11 12 13 14 15 16 17 18
12Z AVG MX 2MIN
DY MAX MIN AVG DEP HDD CDD WTR SNW DPTH SPD SPD DIR MIN PSBL S-S WX SPD DR
================================================================================
1 87 45 66 M 0 1 M M M 9.2 22 190 M M 0 32 170
2 84 52 68 M 0 3 M M M 10.2 24 170 M M 2 3 37 150
3 68 53 61 M 4 0 M M M 6.2 16 280 M M 2 M M
4 71 48 60 M 5 0 M M M 5.5 10 170 M M 1 16 130
5 70 45 58 M 7 0 M M M 5.4 12 80 M M 3 M M
6 57 40 49 M 16 0 M M M 6.8 10 180 M M 1 20 240
7 74 34 54 M 11 0 M M M 4.1 9 140 M M 0 M M
8 53 51 52 M 13 0 M M M 4.7 8 110 M M 0 8 M M
9 81 41 61 M 4 0 M M M 5.4 9 10 M M 0 M M
10 81 54 68 M 0 3 M M M 4.1 9 110 M M 0 8 M M
11 75 46 61 M 4 0 M M M 5.7 18 260 M M 4 8 39 250
12 60 41 51 M 14 0 M M M 11.7 29 10 M M 7 45 10
13 56 36 46 M 19 0 M M M 16.7 29 330 M M 1 40 360
14 57 29 43 M 22 0 M M M 3.9 7 190 M M 0 M M
15 70 32 51 M 14 0 M M M 4.7 9 170 M M 0 M M
16 76 38 57 M 8 0 M M M 4.0 7 350 M M 0 8 M M
17 85 38 62 M 3 0 M M M 4.4 14 250 M M 0 20 250
18 73 41 57 M 8 0 M M M 8.4 22 30 M M 0 8 31 50
19 79 45 62 M 3 0 M M M 4.3 10 20 M M 0 M M
20 86 40 63 M 2 0 M M M 4.5 9 90 M M 0 M M
21 81 43 62 M 3 0 M M M 5.9 10 20 M M 0 8 M M
22 74 38 56 M 9 0 M M M 5.8 10 180 M M 0 M M
23 79 38 59 M 6 0 M M M 4.7 9 10 M M 0 M M
24 67 40 54 M 11 0 M M M 4.6 12 160 M M 0 M M
25 61 39 50 M 15 0 M M M 4.6 8 20 M M 4 1 M M
26 45 32 39 M 26 0 M M M 6.2 13 60 M M 8 12 20 130
27 42 23 33 M 32 0 M M M 7.4 16 120 M M 5 1 M M
28 30 22 26 M 39 0 M M M 7.6 12 40 M M 9 12 M M
29 35 14 25 M 40 0 M M M 6.8 15 360 M M 6 1 M M
30 46 11 29 M 36 0 M M M 2.8 8 170 M M 0 1 M M
31 49 21 35 M 30 0 M M M 5.1 8 20 M M 0 M M
================================================================================
SM 2052 1170 404 7 M M 191.2 M 53
================================================================================
AV 66.2 37.7 6.2 FASTST M M 2 MAX(MPH)
MISC ----> # 29 330 45 10
================================================================================
NOTES:
# LAST OF SEVERAL OCCURRENCES
COLUMN 17 PEAK WIND IN M.P.H.
PRELIMINARY LOCAL CLIMATOLOGICAL DATA (WS FORM: F-6) , PAGE 2
STATION: FT COLLINS/LOVELAND CO
MONTH: OCTOBER
YEAR: 2023
LATITUDE: 40 27 N
LONGITUDE: 105 1 W
[TEMPERATURE DATA] [PRECIPITATION DATA] SYMBOLS USED IN COLUMN 16
AVERAGE MONTHLY: 52.0 TOTAL FOR MONTH: M 1 = FOG OR MIST
DPTR FM NORMAL: 0.0 DPTR FM NORMAL: M 2 = FOG REDUCING VISIBILITY
HIGHEST: 87 ON 1 GRTST 24HR 0.11 ON 30-30 TO 1/4 MILE OR LESS
LOWEST: 11 ON 30 3 = THUNDER
SNOW, ICE PELLETS, HAIL 4 = ICE PELLETS
TOTAL MONTH: M 5 = HAIL
GRTST 24HR M ON M 6 = FREEZING RAIN OR DRIZZLE
GRTST DEPTH: M ON M 7 = DUSTSTORM OR SANDSTORM:
VSBY 1/2 MILE OR LESS
8 = SMOKE OR HAZE
[NO. OF DAYS WITH] [WEATHER - DAYS WITH] 9 = BLOWING SNOW
X = TORNADO
MAX 32 OR BELOW: 1 0.01 INCH OR MORE: 0
MAX 90 OR ABOVE: 0 0.10 INCH OR MORE: 0
MIN 32 OR BELOW: 8 0.50 INCH OR MORE: 0
MIN 0 OR BELOW: 0 1.00 INCH OR MORE: 0
[HDD (BASE 65) ]
TOTAL THIS MO. 404 CLEAR (SCALE 0-3) 24
DPTR FM NORMAL M PTCLDY (SCALE 4-7) 5
TOTAL FM JUL 1 442 CLOUDY (SCALE 8-10) 2
DPTR FM NORMAL M
[CDD (BASE 65) ]
TOTAL THIS MO. 7
DPTR FM NORMAL M [PRESSURE DATA]
TOTAL FM JAN 1 663 HIGHEST SLP 30.57 ON 29
DPTR FM NORMAL M LOWEST SLP 29.30 ON 11
[REMARKS]
#FINAL-10-23#