000
CXUS53 KFSD 011838
CF6FSD
PRELIMINARY LOCAL CLIMATOLOGICAL DATA (WS FORM: F-6)
STATION: SIOUX FALLS
MONTH: AUGUST
YEAR: 2023
LATITUDE: 43 34 N
LONGITUDE: 96 44 W
TEMPERATURE IN F: :PCPN: SNOW: WIND :SUNSHINE: SKY :PK WND
================================================================================
1 2 3 4 5 6A 6B 7 8 9 10 11 12 13 14 15 16 17 18
12Z AVG MX 2MIN
DY MAX MIN AVG DEP HDD CDD WTR SNW DPTH SPD SPD DIR MIN PSBL S-S WX SPD DR
================================================================================
1 88 71 80 6 0 15 0.00 0.0 0 7.8 16 140 M M 8 21 130
2 91 72 82 8 0 17 0.00 0.0 0 6.4 14 160 M M 6 1 19 110
3 92 67 80 6 0 15 0.00 0.0 0 4.4 14 140 M M 5 1 19 110
4 92 66 79 5 0 14 0.00 0.0 0 7.3 17 140 M M 6 25 150
5 79 70 75 1 0 10 1.86 0.0 0 11.3 22 90 M M 9 13 30 90
6 79 65 72 -2 0 7 1.31 0.0 0 11.7 23 30 M M 10 13 34 30
7 83 62 73 0 0 8 0.00 0.0 0 5.3 13 330 M M 3 20 20
8 84 58 71 -2 0 6 0.00 0.0 0 3.4 12 200 M M 3 1 15 180
9 86 63 75 2 0 10 0.00 0.0 0 3.9 10 330 M M 3 14 190
10 88 63 76 3 0 11 0.01 0.0 0 9.4 25 180 M M 5 3 33 220
11 93 64 79 6 0 14 0.00 0.0 0 6.8 20 320 M M 3 28 290
12 87 58 73 0 0 8 0.01 0.0 0 5.8 15 310 M M 2 21 320
13 73 61 67 -6 0 2 0.40 0.0 0 9.3 21 290 M M 8 13 39 290
14 77 56 67 -5 0 2 0.15 0.0 0 14.2 30 340 M M 6 1 40 340
15 83 53 68 -4 0 3 0.00 0.0 0 4.6 14 180 M M 3 21 170
16 91 65 78 6 0 13 0.00 0.0 0 14.1 25 200 M M 3 36 200
17 77 58 68 -4 0 3 0.00 0.0 0 8.3 18 340 M M 1 29 340
18 84 57 71 -1 0 6 0.00 0.0 0 16.4 30 180 M M 3 40 160
19 95 71 83 11 0 18 0.00 0.0 0 9.2 20 170 M M 2 27 180
20 83 63 73 1 0 8 0.00 0.0 0 10.8 18 50 M M 4 24 40
21 96 68 82 11 0 17 0.00 0.0 0 11.3 22 180 M M 5 31 170
22 101 81 91 20 0 26 0.00 0.0 0 13.1 23 200 M M 1 33 200
23 99 80 90 19 0 25 0.00 0.0 0 9.7 18 200 M M 2 26 200
24 93 72 83 12 0 18 0.20 0.0 0 5.5 23 40 M M 5 13 33 50
25 91 64 78 8 0 13 0.60 0.0 0 9.0 26 200 M M 8 13 34 210
26 78 58 68 -2 0 3 0.00 0.0 0 7.6 16 40 M M 3 20 50
27 81 57 69 -1 0 4 0.00 0.0 0 6.5 13 200 M M 3 17 180
28 90 64 77 7 0 12 0.00 0.0 0 5.8 14 350 M M 4 19 340
29 88 60 74 4 0 9 T 0.0 0 6.5 17 340 M M 2 8 23 330
30 87 56 72 3 0 7 0.00 0.0 0 7.0 16 150 M M 0 18 24 130
31 86 66 76 7 0 11 0.00 0.0 0 17.3 28 170 M M 3 41 170
================================================================================
SM 2695 1989 0 335 4.54 0.0 269.7 M 129
================================================================================
AV 86.9 64.2 8.7 FASTST M M 4 MAX(MPH)
MISC ----> # 30 340 41 170
================================================================================
NOTES:
# LAST OF SEVERAL OCCURRENCES
-COLUMN 17 PEAK WIND IN M.P.H.
-PRECIPITATION AMOUNTS IN COLUMNS 7,8 AND 9 ARE THE OFFICIAL
PRECIPITATION AMOUNTS FOR SIOUX FALLS, SD.
-SNOW DEPTH IN COLUMN 9 IS RECORDED AT 6 AM CST (12Z).
PRELIMINARY LOCAL CLIMATOLOGICAL DATA (WS FORM: F-6) , PAGE 2
STATION: SIOUX FALLS
MONTH: AUGUST
YEAR: 2023
LATITUDE: 43 34 N
LONGITUDE: 96 44 W
[TEMPERATURE DATA] [PRECIPITATION DATA] SYMBOLS USED IN COLUMN 16
AVERAGE MONTHLY: 75.5 TOTAL FOR MONTH: 4.54 1 = FOG OR MIST
DPTR FM NORMAL: 3.5 DPTR FM NORMAL: 1.20 2 = FOG REDUCING VISIBILITY
HIGHEST: 101 ON 22 GRTST 24HR 3.16 ON 5- 6 TO 1/4 MILE OR LESS
LOWEST: 53 ON 15 3 = THUNDER
SNOW, ICE PELLETS, HAIL 4 = ICE PELLETS
TOTAL MONTH: 0.0 INCH 5 = HAIL
GRTST 24HR 0.0 6 = FREEZING RAIN OR DRIZZLE
GRTST DEPTH: 0 7 = DUSTSTORM OR SANDSTORM:
VSBY 1/2 MILE OR LESS
8 = SMOKE OR HAZE
[NO. OF DAYS WITH] [WEATHER - DAYS WITH] 9 = BLOWING SNOW
X = TORNADO
MAX 32 OR BELOW: 0 0.01 INCH OR MORE: 8
MAX 90 OR ABOVE: 12 0.10 INCH OR MORE: 6
MIN 32 OR BELOW: 0 0.50 INCH OR MORE: 3
MIN 0 OR BELOW: 0 1.00 INCH OR MORE: 2
[HDD (BASE 65) ]
TOTAL THIS MO. 0 CLEAR (SCALE 0-3) 12
DPTR FM NORMAL -12 PTCLDY (SCALE 4-7) 16
TOTAL FM JUL 1 3 CLOUDY (SCALE 8-10) 3
DPTR FM NORMAL -10
[CDD (BASE 65) ]
TOTAL THIS MO. 335
DPTR FM NORMAL 108 [PRESSURE DATA]
TOTAL FM JAN 1 1068 HIGHEST SLP 30.22 ON 26
DPTR FM NORMAL 318 LOWEST SLP 29.60 ON 10
[REMARKS]
RECORD WARM DAILY LOW TEMPERATURE OF 81 SET ON THE 22ND (PREV 78 IN 1968) TIED
THE ALL TIME WARMEST LOW TEMPERATURE FROM 7/12/1936 AND 8/14/1938
RECORD WARM DAILY LOW TEMPERATURE OF 80 SET ON THE 23RD (PREV 76 IN 1948) THIS
TIED FOR THE 4TH WARMEST LOW ALL TIME
#FINAL-08-23#