663
CXUS54 KTSA 012014
CF6FYV
PRELIMINARY LOCAL CLIMATOLOGICAL DATA (WS FORM: F-6)
STATION: FAYETTEVILLE ARKANSAS
MONTH: MAY
YEAR: 2020
LATITUDE: 36 0 N
LONGITUDE: 94 10 W
TEMPERATURE IN F: :PCPN: SNOW: WIND :SUNSHINE: SKY :PK WND
================================================================================
1 2 3 4 5 6A 6B 7 8 9 10 11 12 13 14 15 16 17 18
12Z AVG MX 2MIN
DY MAX MIN AVG DEP HDD CDD WTR SNW DPTH SPD SPD DIR MIN PSBL S-S WX SPD DR
================================================================================
1 84 46 65 4 0 0 0.00 0.0 0 8.1 23 170 M M 0 34 130
2 86 63 75 13 0 10 0.00 0.0 0 8.8 21 180 M M 0 27 180
3 76 66 71 9 0 6 0.01 0.0 0 3.8 13 170 M M 9 18 16 50
4 84 64 74 12 0 9 0.93 0.0 0 8.2 28 170 M M 6 138 40 170
5 74 49 62 0 3 0 0.00 0.0 0 9.1 20 330 M M 3 1 28 340
6 70 45 58 -4 7 0 0.00 0.0 0 4.7 17 340 M M 1 26 310
7 70 43 57 -6 8 0 0.14 0.0 0 4.6 18 180 M M 2 13 24 170
8 66 42 54 -9 11 0 0.75 0.0 0 9.3 24 310 M M 5 13 36 300
9 70 35 53 -10 12 0 0.00 0.0 0 3.8 13 190 M M 1 12 18 190
10 69 43 56 -8 9 0 0.00 0.0 0 5.1 16 340 M M 2 23 350
11 54 39 47 -17 18 0 T 0.0 0 4.0 12 80 M M 8 17 80
12 54 45 50 -14 15 0 0.71 0.0 0 4.7 12 80 M M 10 1 16 120
13 76 53 65 1 0 0 0.03 0.0 0 7.7 21 180 M M 6 1 33 180
14 81 66 74 9 0 9 0.00 0.0 0 11.5 24 180 M M 2 36 200
15 73 59 66 1 0 1 1.62 0.0 0 8.2 33 170 M M 5 13 49 170
16 79 56 68 3 0 3 0.24 0.0 0 2.4 13 170 M M 5 13 19 170
17 77 53 65 0 0 0 0.43 0.0 0 8.3 22 330 M M 5 1 29 350
18 71 49 60 -6 5 0 0.00 0.0 0 6.1 20 290 M M 1 30 300
19 71 48 60 -6 5 0 0.00 0.0 0 3.0 13 60 M M 4 12 19 60
20 77 48 63 -3 2 0 0.00 0.0 0 3.3 13 70 M M 3 12 18 80
21 76 53 65 -1 0 0 0.17 0.0 0 5.1 14 80 M M 5 138 18 80
22 80 62 71 5 0 6 0.55 0.0 0 6.7 35 290 M M 5 13 51 320
23 84 66 75 8 0 10 0.00 0.0 0 7.9 22 180 M M 0 29 200
24 86 68 77 10 0 12 0.02 0.0 0 7.1 22 180 M M 1 3 36 160
25 81 65 73 6 0 8 1.54 0.0 0 3.7 21 190 M M 3 13 28 240
26 73 64 69 1 0 4 0.14 0.0 0 5.9 14 220 M M 7 18 19 220
27 73 60 67 -1 0 2 0.25 0.0 0 1.7 14 210 M M 7 123 20 220
28 78 60 69 1 0 4 0.01 0.0 0 5.9 15 330 M M 7 12 21 300
29 81 54 68 0 0 3 0.00 0.0 0 5.4 17 320 M M 2 1 23 310
30 83 50 67 -2 0 2 0.00 0.0 0 2.1 10 70 M M 0 1 15 60
31 85 55 70 1 0 5 0.00 0.0 0 2.3 12 80 M M 0 15 80
================================================================================
SM 2342 1669 95 94 7.54 0.0 178.5 M 115
================================================================================
AV 75.6 53.8 5.8 FASTST M M 4 MAX(MPH)
MISC ----> # 35 290 # 51 320
================================================================================
NOTES:
# LAST OF SEVERAL OCCURRENCES
COLUMN 17 PEAK WIND IN M.P.H.
PRELIMINARY LOCAL CLIMATOLOGICAL DATA (WS FORM: F-6) , PAGE 2
STATION: FAYETTEVILLE ARKANSAS
MONTH: MAY
YEAR: 2020
LATITUDE: 36 0 N
LONGITUDE: 94 10 W
[TEMPERATURE DATA] [PRECIPITATION DATA] SYMBOLS USED IN COLUMN 16
AVERAGE MONTHLY: 64.7 TOTAL FOR MONTH: 7.54 1 = FOG OR MIST
DPTR FM NORMAL: -0.4 DPTR FM NORMAL: 1.50 2 = FOG REDUCING VISIBILITY
HIGHEST: 86 ON 24, 2 GRTST 24HR 1.62 ON 15-15 TO 1/4 MILE OR LESS
LOWEST: 35 ON 9 3 = THUNDER
SNOW, ICE PELLETS, HAIL 4 = ICE PELLETS
TOTAL MONTH: 0.0 INCH 5 = HAIL
GRTST 24HR 0.0 6 = FREEZING RAIN OR DRIZZLE
GRTST DEPTH: 0 7 = DUSTSTORM OR SANDSTORM:
VSBY 1/2 MILE OR LESS
8 = SMOKE OR HAZE
[NO. OF DAYS WITH] [WEATHER - DAYS WITH] 9 = BLOWING SNOW
X = TORNADO
MAX 32 OR BELOW: 0 0.01 INCH OR MORE: 16
MAX 90 OR ABOVE: 0 0.10 INCH OR MORE: 12
MIN 32 OR BELOW: 0 0.50 INCH OR MORE: 6
MIN 0 OR BELOW: 0 1.00 INCH OR MORE: 2
[HDD (BASE 65) ]
TOTAL THIS MO. 95 CLEAR (SCALE 0-3) 16
DPTR FM NORMAL 11 PTCLDY (SCALE 4-7) 13
TOTAL FM JUL 1 3595 CLOUDY (SCALE 8-10) 2
DPTR FM NORMAL -587
[CDD (BASE 65) ]
TOTAL THIS MO. 94
DPTR FM NORMAL 9 [PRESSURE DATA]
TOTAL FM JAN 1 150 HIGHEST SLP 30.40 ON 11
DPTR FM NORMAL 37 LOWEST SLP 29.66 ON 26
[REMARKS]
#FINAL-05-20#
#FINAL-05-20#