000
CXUS54 KOUN 010810
CF6GAG
PRELIMINARY LOCAL CLIMATOLOGICAL DATA (WS FORM: F-6)
STATION: GAGE
MONTH: JULY
YEAR: 2023
LATITUDE: 36 17 N
LONGITUDE: 99 46 W
TEMPERATURE IN F: :PCPN: SNOW: WIND :SUNSHINE: SKY :PK WND
================================================================================
1 2 3 4 5 6A 6B 7 8 9 10 11 12 13 14 15 16 17 18
12Z AVG MX 2MIN
DY MAX MIN AVG DEP HDD CDD WTR SNW DPTH SPD SPD DIR MIN PSBL S-S WX SPD DR
================================================================================
1 91 63 77 -4 0 12 0.00 M M 5.9 22 280 M M 2 28 270
2 94 59 77 -4 0 12 0.00 M M 5.8 25 340 M M 0 34 350
3 96 63 80 -1 0 15 0.00 M M 10.0 25 150 M M 1 31 150
4 99 67 83 2 0 18 0.00 M M 12.6 21 190 M M 1 26 200
5 86 69 78 -3 0 13 0.05 M M 10.0 20 110 M M 4 3 25 110
6 82 63 73 -8 0 8 0.98 M M 9.9 31 10 M M 4 13 39 20
7 88 63 76 -6 0 11 2.71 M M 11.4 40 350 M M 2 123 52 350
8 84 63 74 -8 0 9 0.58 M M 11.1 35 20 M M 4 13 51 10
9 82 60 71 -11 0 6 1.17 M M 6.0 38 50 M M 6 13 49 50
10 88 62 75 -7 0 10 0.00 0.0 M 8.5 20 160 M M 2 25 160
11 93 68 81 -1 0 16 T 0.0 M 9.3 20 190 M M 1 3 25 70
12 97 75 86 4 0 21 T 0.0 M 10.8 31 210 M M 0 3 38 200
13 94 75 85 3 0 20 0.06 M M 7.2 17 60 M M 3 13 22 40
14 95 71 83 1 0 18 T M M 8.3 24 50 M M 3 3 31 40
15 90 70 80 -2 0 15 0.00 M M 6.1 14 60 M M 0 18 40
16 95 66 81 -1 0 16 0.00 M M 9.0 18 190 M M 0 24 210
17 101 69 85 3 0 20 0.00 M M 11.2 20 220 M M 0 24 250
18 103 67 85 3 0 20 0.00 M M 13.1 26 200 M M 0 33 200
19 100 71 86 4 0 21 0.00 M M 6.4 17 220 M M 1 13 20 220
20 94 74 84 2 0 19 T M M 8.1 18 290 M M 2 3 25 330
21 83 66 75 -7 0 10 1.37 M M 7.7 43 330 M M 6 13 56 330
22 89 62 76 -6 0 11 0.00 M M 4.6 12 220 M M 0 18 14 180
23 97 65 81 -1 0 16 0.00 M M 10.1 18 170 M M 0 24 170
24 102 70 86 4 0 21 0.00 M M 15.9 23 210 M M 0 29 210
25 103 76 90 8 0 25 0.00 M M 17.2 31 210 M M 0 38 200
26 100 70 85 3 0 20 0.00 M M 13.8 24 220 M M 0 29 210
27 101 73 87 5 0 22 T M M 14.4 23 200 M M 0 30 210
28 101 75 88 6 0 23 T M M 13.1 21 180 M M 0 8 26 180
29 100 78 89 7 0 24 0.00 M M 9.6 18 40 M M 0 3 24 30
30 101 66 84 2 0 19 0.00 M M 9.4 18 160 M M 0 8 24 170
31 102 69 86 4 0 21 0.00 M M 10.8 23 200 M M 0 28 180
================================================================================
SM 2931 2108 0 512 6.92 0.0 307.3 M 42
================================================================================
AV 94.5 68.0 9.9 FASTST M M 1 MAX(MPH)
MISC ----> 43 330 56 330
================================================================================
NOTES:
# LAST OF SEVERAL OCCURRENCES
COLUMN 17 PEAK WIND IN M.P.H.
PRELIMINARY LOCAL CLIMATOLOGICAL DATA (WS FORM: F-6) , PAGE 2
STATION: GAGE
MONTH: JULY
YEAR: 2023
LATITUDE: 36 17 N
LONGITUDE: 99 46 W
[TEMPERATURE DATA] [PRECIPITATION DATA] SYMBOLS USED IN COLUMN 16
AVERAGE MONTHLY: 81.3 TOTAL FOR MONTH: 6.92 1 = FOG OR MIST
DPTR FM NORMAL: -0.7 DPTR FM NORMAL: 4.87 2 = FOG REDUCING VISIBILITY
HIGHEST: 103 ON 25,18 GRTST 24HR 2.71 ON 7- 7 TO 1/4 MILE OR LESS
LOWEST: 59 ON 2 3 = THUNDER
SNOW, ICE PELLETS, HAIL 4 = ICE PELLETS
TOTAL MONTH: 0.0 INCH 5 = HAIL
GRTST 24HR 0.0 6 = FREEZING RAIN OR DRIZZLE
GRTST DEPTH: M ON M 7 = DUSTSTORM OR SANDSTORM:
VSBY 1/2 MILE OR LESS
8 = SMOKE OR HAZE
[NO. OF DAYS WITH] [WEATHER - DAYS WITH] 9 = BLOWING SNOW
X = TORNADO
MAX 32 OR BELOW: 0 0.01 INCH OR MORE: 7
MAX 90 OR ABOVE: 23 0.10 INCH OR MORE: 5
MIN 32 OR BELOW: 0 0.50 INCH OR MORE: 5
MIN 0 OR BELOW: 0 1.00 INCH OR MORE: 3
[HDD (BASE 65) ]
TOTAL THIS MO. 0 CLEAR (SCALE 0-3) 25
DPTR FM NORMAL 0 PTCLDY (SCALE 4-7) 6
TOTAL FM JUL 1 0 CLOUDY (SCALE 8-10) 0
DPTR FM NORMAL 0
[CDD (BASE 65) ]
TOTAL THIS MO. 512
DPTR FM NORMAL -15 [PRESSURE DATA]
TOTAL FM JAN 1 1010 HIGHEST SLP M ON M
DPTR FM NORMAL -112 LOWEST SLP 29.67 ON 12
[REMARKS]
#FINAL-07-23#