000
CXUS54 KOUN 010810
CF6GAG
PRELIMINARY LOCAL CLIMATOLOGICAL DATA (WS FORM: F-6)
STATION: GAGE
MONTH: MAY
YEAR: 2023
LATITUDE: 36 17 N
LONGITUDE: 99 46 W
TEMPERATURE IN F: :PCPN: SNOW: WIND :SUNSHINE: SKY :PK WND
================================================================================
1 2 3 4 5 6A 6B 7 8 9 10 11 12 13 14 15 16 17 18
12Z AVG MX 2MIN
DY MAX MIN AVG DEP HDD CDD WTR SNW DPTH SPD SPD DIR MIN PSBL S-S WX SPD DR
================================================================================
1 76 36 56 -7 9 0 0.00 0.0 M 6.0 17 180 M M 0 24 170
2 77 43 60 -3 5 0 0.00 0.0 M 7.1 17 90 M M 0 25 60
3 76 52 64 1 1 0 0.07 0.0 M 11.5 20 150 M M 5 25 140
4 76 60 68 4 0 3 T M M 14.0 32 170 M M 2 1 40 170
5 94 62 78 14 0 13 0.00 M M 13.0 24 210 M M 2 1 33 210
6 94 50 72 8 0 7 0.00 M M 14.7 33 180 M M 0 41 180
7 98 61 80 15 0 15 0.00 M M 21.5 32 240 M M 0 39 240
8 88 56 72 7 0 7 0.00 M M 11.2 31 190 M M 0 37 190
9 94 65 80 15 0 15 0.00 M M 15.3 32 180 M M 0 1 40 170
10 88 67 78 12 0 13 0.00 M M 15.6 24 150 M M 3 31 150
11 85 64 75 9 0 10 T M M 16.4 29 160 M M 2 36 160
12 90 49 70 3 0 5 0.00 M M 8.7 18 330 M M 0 25 320
13 69 60 65 -2 0 0 0.07 M M 7.8 17 360 M M 7 21 360
14 75 61 68 1 0 3 0.05 M M 6.9 17 60 M M 9 20 70
15 69 57 63 -5 2 0 0.37 M M 11.5 18 340 M M 10 1 23 10
16 82 49 66 -2 0 1 0.00 M M 6.1 15 340 M M 1 1 19 350
17 83 54 69 1 0 4 T M M 6.8 17 250 M M 1 13 24 260
18 78 61 70 1 0 5 0.35 M M 9.2 20 170 M M 8 13 24 190
19 67 49 58 -11 7 0 0.65 M M 12.9 29 20 M M 9 138 38 10
20 76 46 61 -9 4 0 0.00 M M 4.2 10 170 M M 0 18 13 360
21 80 51 66 -4 0 1 0.00 M M 9.5 17 160 M M 1 22 170
22 78 58 68 -2 0 3 0.06 M M 9.6 21 140 M M 7 26 150
23 77 59 68 -3 0 3 T M M 8.5 16 110 M M 7 13 21 100
24 82 60 71 0 0 6 T 0.0 0 8.2 28 240 M M 7 18 34 240
25 76 61 69 -2 0 4 0.30 M M 9.9 23 260 M M 7 1 29 260
26 77 60 69 -3 0 4 0.04 M M 10.3 17 180 M M 5 18 22 190
27 82 57 70 -2 0 5 0.00 0.0 0 11.4 25 150 M M 4 18 32 160
28 84 58 71 -1 0 6 0.00 M M 15.0 20 170 M M 1 18 23 180
29 88 59 74 1 0 9 0.00 M M 8.1 21 160 M M 0 26 170
30 90 56 73 0 0 8 0.00 M M 9.0 40 320 M M 0 12 56 320
31 87 60 74 1 0 9 0.17 M M 11.5 32 280 M M 2 3 42 280
================================================================================
SM 2536 1741 28 159 2.13 0.0 331.4 M 100
================================================================================
AV 81.8 56.2 10.7 FASTST M M 3 MAX(MPH)
MISC ----> 40 320 56 320
================================================================================
NOTES:
# LAST OF SEVERAL OCCURRENCES
COLUMN 17 PEAK WIND IN M.P.H.
PRELIMINARY LOCAL CLIMATOLOGICAL DATA (WS FORM: F-6) , PAGE 2
STATION: GAGE
MONTH: MAY
YEAR: 2023
LATITUDE: 36 17 N
LONGITUDE: 99 46 W
[TEMPERATURE DATA] [PRECIPITATION DATA] SYMBOLS USED IN COLUMN 16
AVERAGE MONTHLY: 69.0 TOTAL FOR MONTH: 2.13 1 = FOG OR MIST
DPTR FM NORMAL: 1.0 DPTR FM NORMAL: -0.92 2 = FOG REDUCING VISIBILITY
HIGHEST: 98 ON 7 GRTST 24HR 0.82 ON 18-19 TO 1/4 MILE OR LESS
LOWEST: 36 ON 1 3 = THUNDER
SNOW, ICE PELLETS, HAIL 4 = ICE PELLETS
TOTAL MONTH: 0.0 INCH 5 = HAIL
GRTST 24HR 0.0 6 = FREEZING RAIN OR DRIZZLE
GRTST DEPTH: 0 7 = DUSTSTORM OR SANDSTORM:
VSBY 1/2 MILE OR LESS
8 = SMOKE OR HAZE
[NO. OF DAYS WITH] [WEATHER - DAYS WITH] 9 = BLOWING SNOW
X = TORNADO
MAX 32 OR BELOW: 0 0.01 INCH OR MORE: 10
MAX 90 OR ABOVE: 6 0.10 INCH OR MORE: 5
MIN 32 OR BELOW: 0 0.50 INCH OR MORE: 1
MIN 0 OR BELOW: 0 1.00 INCH OR MORE: 0
[HDD (BASE 65) ]
TOTAL THIS MO. 28 CLEAR (SCALE 0-3) 19
DPTR FM NORMAL -42 PTCLDY (SCALE 4-7) 9
TOTAL FM JUL 1 3947 CLOUDY (SCALE 8-10) 3
DPTR FM NORMAL -74
[CDD (BASE 65) ]
TOTAL THIS MO. 159
DPTR FM NORMAL -5 [PRESSURE DATA]
TOTAL FM JAN 1 204 HIGHEST SLP M ON M
DPTR FM NORMAL -14 LOWEST SLP 29.59 ON 11
[REMARKS]
#FINAL-05-23#