000
CXUS53 KUNR 010930
CF6GCC
PRELIMINARY LOCAL CLIMATOLOGICAL DATA (WS FORM: F-6)
STATION: GILLETTE AIRPORT WY
MONTH: AUGUST
YEAR: 2022
LATITUDE: 44 20 N
LONGITUDE: 105 32 W
TEMPERATURE IN F: :PCPN: SNOW: WIND :SUNSHINE: SKY :PK WND
================================================================================
1 2 3 4 5 6A 6B 7 8 9 10 11 12 13 14 15 16 17 18
12Z AVG MX 2MIN
DY MAX MIN AVG DEP HDD CDD WTR SNW DPTH SPD SPD DIR MIN PSBL S-S WX SPD DR
================================================================================
1 98 62 80 7 0 15 0.00 M M 11.7 26 310 M M 0 35 320
2 88 68 78 5 0 13 T M M 11.4 29 330 M M 2 37 330
3 92 51 72 0 0 7 0.00 M M 4.6 16 200 M M 0 21 190
4 99 58 79 7 0 14 0.00 M M 6.5 15 200 M M 0 22 180
5 97 64 81 9 0 16 T M M 11.4 32 330 M M 2 42 340
6 76 54 65 -7 0 0 0.33 M M 8.1 21 360 M M 9 13 26 140
7 81 53 67 -5 0 2 T M M 7.0 23 310 M M 4 1 29 320
8 93 53 73 1 0 8 0.00 M M 5.3 14 160 M M 0 17 60
9 96 57 77 5 0 12 0.00 M M 5.2 14 160 M M 0 23 80
10 100 68 84 13 0 19 0.00 M M 13.2 24 170 M M 0 33 150
11 97 70 84 13 0 19 0.00 M M 11.3 20 350 M M 0 27 170
12 94 67 81 10 0 16 0.01 M M 8.8 37 210 M M 2 3 47 210
13 95 67 81 10 0 16 0.00 M M 9.7 36 220 M M 0 3 47 210
14 89 63 76 6 0 11 0.01 M M 6.5 16 250 M M 1 3 24 40
15 89 59 74 4 0 9 0.00 M M 10.0 20 350 M M 2 3 26 350
16 90 64 77 7 0 12 0.00 M M 8.7 17 180 M M 1 28 160
17 94 64 79 9 0 14 0.00 M M 11.9 22 210 M M 1 3 29 210
18 87 51 69 -1 0 4 0.00 M M 5.7 21 10 M M 2 28 360
19 81 47 64 -5 1 0 0.00 M M 4.7 16 40 M M 1 22 20
20 86 51 69 0 0 4 0.00 M M 13.4 24 160 M M 0 33 160
21 93 59 76 7 0 11 0.00 M M 8.4 22 160 M M 0 29 160
22 93 59 76 8 0 11 0.02 M M 7.7 21 20 M M 2 3 29 50
23 88 58 73 5 0 8 0.01 M M 4.7 29 330 M M 4 3 39 320
24 85 51 68 0 0 3 0.03 M M 5.2 17 140 M M 2 3 22 140
25 76 58 67 -1 0 2 T M M 5.9 16 170 M M 3 3 20 180
26 92 56 74 7 0 9 0.00 M M 8.9 37 320 M M 1 3 53 320
27 91 55 73 6 0 8 T M M 9.1 37 320 M M 0 3 52 320
28 75 49 62 -5 3 0 0.00 M M 7.8 20 310 M M 0 31 310
29 83 47 65 -1 0 0 0.00 M M 5.8 16 330 M M 0 22 330
30 92 59 76 10 0 11 0.00 M M 7.9 20 180 M M 0 25 170
31 94 53 74 8 0 9 0.00 M M 5.9 16 170 M M 0 21 170
================================================================================
SM 2784 1795 4 283 0.41 M 252.4 M 39
================================================================================
AV 89.8 57.9 8.1 FASTST M M 1 MAX(MPH)
MISC ----> # 37 210 53 320
================================================================================
NOTES:
# LAST OF SEVERAL OCCURRENCES
COLUMN 17 PEAK WIND IN M.P.H.
PRELIMINARY LOCAL CLIMATOLOGICAL DATA (WS FORM: F-6) , PAGE 2
STATION: GILLETTE AIRPORT WY
MONTH: AUGUST
YEAR: 2022
LATITUDE: 44 20 N
LONGITUDE: 105 32 W
[TEMPERATURE DATA] [PRECIPITATION DATA] SYMBOLS USED IN COLUMN 16
AVERAGE MONTHLY: 73.9 TOTAL FOR MONTH: 0.41 1 = FOG OR MIST
DPTR FM NORMAL: 4.1 DPTR FM NORMAL: -0.56 2 = FOG REDUCING VISIBILITY
HIGHEST: 100 ON 10 GRTST 24HR 0.33 ON 6- 6 TO 1/4 MILE OR LESS
LOWEST: 47 ON 29,19 3 = THUNDER
SNOW, ICE PELLETS, HAIL 4 = ICE PELLETS
TOTAL MONTH: M 5 = HAIL
GRTST 24HR M ON M 6 = FREEZING RAIN OR DRIZZLE
GRTST DEPTH: M ON M 7 = DUSTSTORM OR SANDSTORM:
VSBY 1/2 MILE OR LESS
8 = SMOKE OR HAZE
[NO. OF DAYS WITH] [WEATHER - DAYS WITH] 9 = BLOWING SNOW
X = TORNADO
MAX 32 OR BELOW: 0 0.01 INCH OR MORE: 6
MAX 90 OR ABOVE: 18 0.10 INCH OR MORE: 1
MIN 32 OR BELOW: 0 0.50 INCH OR MORE: 0
MIN 0 OR BELOW: 0 1.00 INCH OR MORE: 0
[HDD (BASE 65) ]
TOTAL THIS MO. 4 CLEAR (SCALE 0-3) 28
DPTR FM NORMAL -33 PTCLDY (SCALE 4-7) 2
TOTAL FM JUL 1 4 CLOUDY (SCALE 8-10) 1
DPTR FM NORMAL -51
[CDD (BASE 65) ]
TOTAL THIS MO. 283
DPTR FM NORMAL 99 [PRESSURE DATA]
TOTAL FM JAN 1 621 HIGHEST SLP 30.16 ON 7
DPTR FM NORMAL 153 LOWEST SLP 29.48 ON 27
[REMARKS]
#FINAL-08-22#