000
CXUS53 KDDC 011544
CF6GCK
PRELIMINARY LOCAL CLIMATOLOGICAL DATA (WS FORM: F-6)
STATION: GARDEN CITY REGIONAL ARPT KS
MONTH: MAY
YEAR: 2020
LATITUDE: 37 55 N
LONGITUDE: 100 43 W
TEMPERATURE IN F: :PCPN: SNOW: WIND :SUNSHINE: SKY :PK WND
================================================================================
1 2 3 4 5 6A 6B 7 8 9 10 11 12 13 14 15 16 17 18
12Z AVG MX 2MIN
DY MAX MIN AVG DEP HDD CDD WTR SNW DPTH SPD SPD DIR MIN PSBL S-S WX SPD DR
================================================================================
1 92 51 72 14 0 7 0.00 M M 12.0 26 20 M M 0 35 30
2 77 55 66 7 0 1 0.00 M M 19.1 35 50 M M 0 46 50
3 79 48 64 5 1 0 0.00 M M 13.7 23 120 M M 0 31 110
4 80 54 67 8 0 2 T M M 18.2 32 10 M M 6 1 41 10
5 75 44 60 0 5 0 0.00 M M 8.6 18 330 M M 1 29 320
6 71 44 58 -2 7 0 0.00 M M 10.2 21 40 M M 0 28 40
7 81 46 64 4 1 0 0.00 M M 17.4 44 10 M M 3 55 10
8 62 38 50 -11 15 0 0.00 M M 17.3 41 10 M M 2 54 10
9 73 37 55 -6 10 0 0.00 M M 13.6 26 190 M M 0 41 200
10 65 38 52 -9 13 0 0.00 M M 12.5 26 40 M M 3 34 40
11 47 37 42 -20 23 0 0.10 M M 16.2 26 130 M M 10 1 34 120
12 47 36 42 -20 23 0 T M M 11.4 18 130 M M 10 1 23 150
13 75 44 60 -2 5 0 0.00 M M 16.2 24 100 M M 7 1 32 120
14 78 49 64 1 1 0 0.00 M M 14.8 26 180 M M 4 12 36 180
15 77 56 67 4 0 2 0.31 M M 14.5 23 120 M M 4 13 29 110
16 76 55 66 3 0 1 0.09 M M 11.5 21 10 M M 4 1 29 350
17 76 48 62 -2 3 0 0.00 M M 8.9 20 10 M M 3 26 10
18 81 47 64 0 1 0 0.00 M M 9.2 20 140 M M 0 31 100
19 82 54 68 4 0 3 0.00 M M 12.8 21 120 M M 2 31 120
20 78 51 65 0 0 0 T M M 18.4 30 140 M M 2 40 140
21 80 56 68 3 0 3 0.39 M M 15.4 32 350 M M 6 3 41 10
22 76 50 63 -2 2 0 T M M 11.8 29 60 M M 1 3 37 80
23 93 54 74 8 0 9 0.00 M M 16.7 33 190 M M 3 18 43 190
24 82 55 69 3 0 4 0.01 M M 11.4 35 350 M M 3 3 44 340
25 63 46 55 -11 10 0 0.11 M M 19.1 33 360 M M 7 3 46 340
26 78 43 61 -5 4 0 0.00 M M 9.7 23 350 M M 0 31 340
27 76 48 62 -5 3 0 0.00 M M 10.2 22 30 M M 0 27 20
28 80 49 65 -2 0 0 0.00 M M 12.2 25 30 M M 1 32 20
29 85 53 69 2 0 4 0.00 M M 13.1 26 140 M M 1 34 140
30 94 58 76 8 0 11 0.00 M M 20.0 31 200 M M 0 45 200
31 93 61 77 9 0 12 T M M 18.8 30 170 M M 0 41 170
================================================================================
SM 2372 1505 127 59 1.01 M 434.9 M 83
================================================================================
AV 76.5 48.5 14.0 FASTST M M 3 MAX(MPH)
MISC ----> 44 10 55 10
================================================================================
NOTES:
# LAST OF SEVERAL OCCURRENCES
COLUMN 17 PEAK WIND IN M.P.H.
PRELIMINARY LOCAL CLIMATOLOGICAL DATA (WS FORM: F-6) , PAGE 2
STATION: GARDEN CITY REGIONAL ARPT KS
MONTH: MAY
YEAR: 2020
LATITUDE: 37 55 N
LONGITUDE: 100 43 W
[TEMPERATURE DATA] [PRECIPITATION DATA] SYMBOLS USED IN COLUMN 16
AVERAGE MONTHLY: 62.5 TOTAL FOR MONTH: 1.01 1 = FOG OR MIST
DPTR FM NORMAL: -0.8 DPTR FM NORMAL: -1.87 2 = FOG REDUCING VISIBILITY
HIGHEST: 94 ON 30 GRTST 24HR 0.39 ON 21-21 TO 1/4 MILE OR LESS
LOWEST: 36 ON 12 3 = THUNDER
4 = ICE PELLETS
5 = HAIL
6 = FREEZING RAIN OR DRIZZLE
7 = DUSTSTORM OR SANDSTORM:
VSBY 1/2 MILE OR LESS
8 = SMOKE OR HAZE
[NO. OF DAYS WITH] [WEATHER - DAYS WITH] 9 = BLOWING SNOW
X = TORNADO
MAX 32 OR BELOW: 0 0.01 INCH OR MORE: 6
MAX 90 OR ABOVE: 4 0.10 INCH OR MORE: 4
MIN 32 OR BELOW: 0 0.50 INCH OR MORE: 0
MIN 0 OR BELOW: 0 1.00 INCH OR MORE: 0
[HDD (BASE 65) ]
TOTAL THIS MO. 127 CLEAR (SCALE 0-3) 20
DPTR FM NORMAL -2 PTCLDY (SCALE 4-7) 9
TOTAL FM JUL 1 5109 CLOUDY (SCALE 8-10) 2
DPTR FM NORMAL -82
[CDD (BASE 65) ]
TOTAL THIS MO. 59
DPTR FM NORMAL -18 [PRESSURE DATA]
TOTAL FM JAN 1 61 HIGHEST SLP 30.37 ON 10
DPTR FM NORMAL -28 LOWEST SLP 29.51 ON 23
[REMARKS]
#FINAL-05-20#