000
CXUS55 KRIW 011110
CF6GEY
PRELIMINARY LOCAL CLIMATOLOGICAL DATA (WS FORM: F-6)
STATION: GREYBULL WY
MONTH: NOVEMBER
YEAR: 2023
LATITUDE: 44 30 N
LONGITUDE: 108 4 W
TEMPERATURE IN F: :PCPN: SNOW: WIND :SUNSHINE: SKY :PK WND
================================================================================
1 2 3 4 5 6A 6B 7 8 9 10 11 12 13 14 15 16 17 18
12Z AVG MX 2MIN
DY MAX MIN AVG DEP HDD CDD WTR SNW DPTH SPD SPD DIR MIN PSBL S-S WX SPD DR
================================================================================
1 50 20 35 -4 30 0 0.00 M M 2.4 7 90 M M 0 10 110
2 51 23 37 -1 28 0 T M M 2.4 10 190 M M 5 12 180
3 60 33 47 9 18 0 T M M 4.6 10 240 M M 4 15 240
4 58 28 43 6 22 0 0.00 M M 2.3 8 20 M M 1 12 110
5 60 37 49 12 16 0 T M M 5.0 24 300 M M 3 35 310
6 63 35 49 13 16 0 0.00 M M 4.6 15 130 M M 1 19 130
7 57 35 46 10 19 0 0.00 M M 5.1 17 270 M M 0 23 270
8 51 28 40 5 25 0 0.00 M M 7.7 24 360 M M 4 37 360
9 46 22 34 -1 31 0 0.00 M M 3.9 10 150 M M M 15 120
10 49 21 35 1 30 0 0.00 M M 2.3 9 320 M M 3 10 330
11 49 21 35 1 30 0 0.00 M M 3.1 12 130 M M 0 14 140
12 57 24 41 8 24 0 0.00 M M 2.6 9 120 M M 0 11 110
13 60 28 44 12 21 0 0.00 M M 2.3 10 260 M M 0 8 11 260
14 60 24 42 10 23 0 0.00 M M 2.7 10 300 M M 0 14 290
15 60 23 42 11 23 0 0.00 M M 3.1 12 290 M M 0 16 130
16 51 27 39 8 26 0 0.00 M M 6.5 23 320 M M 0 29 320
17 57 21 39 9 26 0 0.00 M M 2.3 8 140 M M 0 10 100
18 53 20 37 7 28 0 0.00 M M 2.4 9 260 M M 0 11 100
19 53 21 37 8 28 0 T M M 5.1 29 330 M M 2 42 330
20 49 24 37 8 28 0 0.00 M M 15.6 31 330 M M 3 42 330
21 51 17 34 6 31 0 0.00 M M 3.0 9 170 M M 0 12 180
22 50 25 38 10 27 0 0.00 M M 6.3 20 320 M M 3 26 350
23 44 22 33 6 32 0 0.02 M M 11.3 22 320 M M 10 18 27 320
24 25 17 21 -6 44 0 0.01 M M 8.0 13 290 M M 10 18 18 310
25 24 9 17 -9 48 0 T M M 4.1 9 190 M M 7 1 13 200
26 24 7 16 -10 49 0 0.00 M M 2.4 8 190 M M 5 1 10 190
27 30 6 18 -7 47 0 0.00 M M 2.5 8 130 M M 1 1 11 160
28 32 4 18 -7 47 0 0.00 M M 2.4 9 140 M M 0 11 120
29 34 6 20 -4 45 0 0.00 M M 3.0 9 290 M M 0 13 110
30 27 6 17 -7 48 0 0.00 M M 1.3 6 170 M M 2 7 160
================================================================================
SM 1435 634 910 0 0.03 M 130.3 M 64
================================================================================
AV 47.8 21.1 4.3 FASTST M M 2 MAX(MPH)
MISC ----> 31 330 # 42 330
================================================================================
NOTES:
# LAST OF SEVERAL OCCURRENCES
COLUMN 17 PEAK WIND IN M.P.H.
PRELIMINARY LOCAL CLIMATOLOGICAL DATA (WS FORM: F-6) , PAGE 2
STATION: GREYBULL WY
MONTH: NOVEMBER
YEAR: 2023
LATITUDE: 44 30 N
LONGITUDE: 108 4 W
[TEMPERATURE DATA] [PRECIPITATION DATA] SYMBOLS USED IN COLUMN 16
AVERAGE MONTHLY: 34.5 TOTAL FOR MONTH: 0.03 1 = FOG OR MIST
DPTR FM NORMAL: 3.3 DPTR FM NORMAL: -0.16 2 = FOG REDUCING VISIBILITY
HIGHEST: 63 ON 6 GRTST 24HR 0.03 ON 23-24 TO 1/4 MILE OR LESS
LOWEST: 4 ON 28 3 = THUNDER
SNOW, ICE PELLETS, HAIL 4 = ICE PELLETS
TOTAL MONTH: M 5 = HAIL
GRTST 24HR M ON M 6 = FREEZING RAIN OR DRIZZLE
GRTST DEPTH: M ON M 7 = DUSTSTORM OR SANDSTORM:
VSBY 1/2 MILE OR LESS
8 = SMOKE OR HAZE
[NO. OF DAYS WITH] [WEATHER - DAYS WITH] 9 = BLOWING SNOW
X = TORNADO
MAX 32 OR BELOW: 6 0.01 INCH OR MORE: 2
MAX 90 OR ABOVE: 0 0.10 INCH OR MORE: 0
MIN 32 OR BELOW: 26 0.50 INCH OR MORE: 0
MIN 0 OR BELOW: 0 1.00 INCH OR MORE: 0
[HDD (BASE 65) ]
TOTAL THIS MO. 910 CLEAR (SCALE 0-3) 22
DPTR FM NORMAL -104 PTCLDY (SCALE 4-7) 5
TOTAL FM JUL 1 1605 CLOUDY (SCALE 8-10) 3
DPTR FM NORMAL -171
[CDD (BASE 65) ]
TOTAL THIS MO. 0
DPTR FM NORMAL 0 [PRESSURE DATA]
TOTAL FM JAN 1 702 HIGHEST SLP 30.65 ON 21
DPTR FM NORMAL -42 LOWEST SLP 29.64 ON 6
[REMARKS]
#FINAL-11-23#