000
CXUS51 KALY 011555
CLSGFL
CLIMATE REPORT
NATIONAL WEATHER SERVICE ALBANY NY
1055 AM EST TUE MAR 01 2022
...................................
...THE GLENS FALLS NY CLIMATE SUMMARY FOR THE SEASON, FROM
12/1/2021 TO 2/28/2022...
CLIMATE NORMAL PERIOD: 1991 TO 2020
CLIMATE RECORD PERIOD: 1893 TO 2022
WEATHER OBSERVED NORMAL DEPART LAST YEAR`S
VALUE DATE(S) VALUE FROM VALUE DATE(S)
NORMAL
................................................................
TEMPERATURE (F)
RECORD
HIGH 70 02/25/2017
LOW -36 01/05/1904
HIGHEST 60 12/17 58 12/01
LOWEST -15 01/22 -15 01/30
AVG. MAXIMUM 33.6 32.7 0.9 32.6
AVG. MINIMUM 13.6 12.8 0.8 15.0
MEAN 23.6 22.7 0.9 23.8
DAYS MAX >= 90 0 0.0 0.0 0
DAYS MAX <= 32 41 42.2 -1.2 45
DAYS MIN <= 32 85 84.5 0.5 86
DAYS MIN <= 0 16 16.4 -0.4 10
PRECIPITATION (INCHES)
RECORD
MAXIMUM 13.50 1903
MINIMUM 3.23 1980
TOTALS 6.17 7.52 -1.35 4.92
DAILY AVG. 0.07 0.05
DAYS >= .01 28 31.9 -3.9 28
DAYS >= .10 15 16.5 -1.5 13
DAYS >= .50 5 5.0 0.0 4
DAYS >= 1.00 0 1.0 -1.0 0
GREATEST
24 HR. TOTAL 1.19 02/03 TO 02/04
DEGREE DAYS
HEATING TOTAL 3700 3801 -101 3681
SINCE 7/1 5117 5407 -290 5183
COOLING TOTAL 0 0 0 0
SINCE 1/1 0 0 0 0
................................................................
WIND (MPH)
AVERAGE WIND SPEED 5.5
HIGHEST WIND SPEED/DIRECTION 33/280 DATE 12/12
HIGHEST GUST SPEED/DIRECTION 35/160 DATE 02/16
WEATHER CONDITIONS. NUMBER OF DAYS WITH
THUNDERSTORM 1 MIXED PRECIP 0
HEAVY RAIN 2 RAIN 5
LIGHT RAIN 17 FREEZING RAIN 2
LT FREEZING RAIN 5 HAIL 0
HEAVY SNOW 2 SNOW 6
LIGHT SNOW 30 SLEET 0
FOG 52 FOG W/VIS <= 1/4 MILE 11
HAZE 21
- INDICATES NEGATIVE NUMBERS.
R INDICATES RECORD WAS SET OR TIED.
MM INDICATES DATA IS MISSING.
T INDICATES TRACE AMOUNT.
$$