000
CXUS54 KSHV 011300
CF6GGG
PRELIMINARY LOCAL CLIMATOLOGICAL DATA (WS FORM: F-6)
STATION: LONGVIEW
MONTH: MAY
YEAR: 2022
LATITUDE: 32 22 N
LONGITUDE: 94 43 W
TEMPERATURE IN F: :PCPN: SNOW: WIND :SUNSHINE: SKY :PK WND
================================================================================
1 2 3 4 5 6A 6B 7 8 9 10 11 12 13 14 15 16 17 18
12Z AVG MX 2MIN
DY MAX MIN AVG DEP HDD CDD WTR SNW DPTH SPD SPD DIR MIN PSBL S-S WX SPD DR
================================================================================
1 86 60 73 4 0 8 T 0.0 0 5.1 20 150 M M 2 26 150
2 88 70 79 9 0 14 0.00 0.0 0 12.7 23 180 M M 5 18 32 180
3 84 64 74 4 0 9 1.50 0.0 0 8.6 20 350 M M 6 1 28 180
4 89 67 78 8 0 13 0.00 0.0 0 7.9 18 160 M M 5 18 22 160
5 78 64 71 1 0 6 1.97 0.0 0 9.1 25 330 M M 7 138 30 330
6 82 55 69 -2 0 4 0.00 0.0 0 4.9 13 300 M M 0 20 320
7 86 63 75 4 0 10 T 0.0 0 7.0 13 120 M M 3 17 130
8 92 75 84 13 0 19 0.00 0.0 0 11.3 21 180 M M 4 18 26 170
9 91 73 82 10 0 17 0.00 0.0 0 12.1 20 160 M M 4 8 27 180
10 91 72 82 10 0 17 0.00 0.0 0 8.6 17 160 M M 2 22 160
11 91 70 81 9 0 16 0.00 0.0 0 5.6 14 170 M M 2 18 160
12 91 69 80 8 0 15 0.00 0.0 0 6.9 15 170 M M 0 18 170
13 90 64 77 4 0 12 0.00 0.0 0 6.2 15 220 M M 0 20 170
14 90 71 81 8 0 16 T 0.0 0 6.1 16 190 M M 1 21 190
15 89 70 80 7 0 15 T 0.0 0 6.9 36 300 M M 0 49 290
16 91 66 79 5 0 14 0.08 0.0 0 6.8 24 270 M M 2 30 270
17 91 70 81 7 0 16 0.00 0.0 0 8.3 16 160 M M 1 19 150
18 92 71 82 8 0 17 0.00 0.0 0 11.3 20 190 M M 2 26 200
19 91 73 82 8 0 17 0.00 0.0 0 14.5 26 210 M M 2 34 190
20 94 74 84 9 0 19 0.00 0.0 0 15.5 24 160 M M 4 8 32 170
21 93 63 78 3 0 13 0.33 0.0 0 10.7 33 240 M M 4 47 240
22 73 62 68 -7 0 3 0.03 0.0 0 6.7 12 330 M M 10 1 15 320
23 71 63 67 -9 0 2 0.01 0.0 0 5.8 15 70 M M 10 19 70
24 81 63 72 -4 0 7 0.14 0.0 0 7.2 36 170 M M 8 1 57 180
25 79 61 70 -6 0 5 0.33 0.0 0 8.9 18 220 M M 6 23 120
26 87 55 71 -5 0 6 0.00 0.0 0 9.2 25 300 M M 0 34 270
27 87 53 70 -7 0 5 0.00 0.0 0 3.4 14 290 M M 0 18 350
28 90 57 74 -3 0 9 0.00 0.0 0 7.5 15 140 M M 0 21 150
29 91 67 79 2 0 14 T 0.0 0 11.8 21 150 M M 2 1 27 140
30 92 73 83 6 0 18 0.00 0.0 0 13.7 24 190 M M 3 29 200
31 93 73 83 5 0 18 0.00 0.0 0 8.8 17 170 M M 3 23 150
================================================================================
SM 2714 2051 0 374 4.39 0.0 269.1 M 98
================================================================================
AV 87.5 66.2 8.7 FASTST M M 3 MAX(MPH)
MISC ----> # 36 300 57 180
================================================================================
NOTES:
# LAST OF SEVERAL OCCURRENCES
COLUMN 17 PEAK WIND IN M.P.H.
PRELIMINARY LOCAL CLIMATOLOGICAL DATA (WS FORM: F-6) , PAGE 2
STATION: LONGVIEW
MONTH: MAY
YEAR: 2022
LATITUDE: 32 22 N
LONGITUDE: 94 43 W
[TEMPERATURE DATA] [PRECIPITATION DATA] SYMBOLS USED IN COLUMN 16
AVERAGE MONTHLY: 76.9 TOTAL FOR MONTH: 4.39 1 = FOG OR MIST
DPTR FM NORMAL: 3.3 DPTR FM NORMAL: -0.38 2 = FOG REDUCING VISIBILITY
HIGHEST: 94 ON 20 GRTST 24HR 1.97 ON 5- 5 TO 1/4 MILE OR LESS
LOWEST: 53 ON 27 3 = THUNDER
SNOW, ICE PELLETS, HAIL 4 = ICE PELLETS
TOTAL MONTH: 0.0 INCH 5 = HAIL
GRTST 24HR 0.0 6 = FREEZING RAIN OR DRIZZLE
GRTST DEPTH: 0 7 = DUSTSTORM OR SANDSTORM:
VSBY 1/2 MILE OR LESS
8 = SMOKE OR HAZE
[NO. OF DAYS WITH] [WEATHER - DAYS WITH] 9 = BLOWING SNOW
X = TORNADO
MAX 32 OR BELOW: 0 0.01 INCH OR MORE: 8
MAX 90 OR ABOVE: 17 0.10 INCH OR MORE: 5
MIN 32 OR BELOW: 0 0.50 INCH OR MORE: 2
MIN 0 OR BELOW: 0 1.00 INCH OR MORE: 2
[HDD (BASE 65) ]
TOTAL THIS MO. 0 CLEAR (SCALE 0-3) 17
DPTR FM NORMAL -10 PTCLDY (SCALE 4-7) 11
TOTAL FM JUL 1 1866 CLOUDY (SCALE 8-10) 3
DPTR FM NORMAL -267
[CDD (BASE 65) ]
TOTAL THIS MO. 374
DPTR FM NORMAL 99 [PRESSURE DATA]
TOTAL FM JAN 1 548 HIGHEST SLP 30.17 ON 22
DPTR FM NORMAL 123 LOWEST SLP 29.60 ON 20
[REMARKS]
#FINAL-05-22#