000
CXUS55 KGJT 011707
CF6GJT
PRELIMINARY LOCAL CLIMATOLOGICAL DATA (WS FORM: F-6)
STATION: GRAND JUNCTION CO
MONTH: FEBRUARY
YEAR: 2024
LATITUDE: 39 7 N
LONGITUDE: 108 32 W
TEMPERATURE IN F: :PCPN: SNOW: WIND :SUNSHINE: SKY :PK WND
================================================================================
1 2 3 4 5 6A 6B 7 8 9 10 11 12 13 14 15 16 17 18
12Z AVG MX 2MIN
DY MAX MIN AVG DEP HDD CDD WTR SNW DPTH SPD SPD DIR MIN PSBL S-S WX SPD DR
================================================================================
1 61 35 48 17 17 0 0.01 0.0 0 10.8 21 100 M M 7 8 25 110
2 50 38 44 13 21 0 0.21 0.0 0 8.6 18 290 M M 9 1 24 300
3 50 39 45 14 20 0 T 0.0 0 8.0 21 260 M M 10 27 270
4 48 28 38 6 27 0 0.00 0.0 0 5.4 15 110 M M 2 20 110
5 56 31 44 12 21 0 0.00 0.0 0 13.3 25 110 M M 3 32 110
6 60 39 50 18 15 0 0.02 0.0 0 13.8 35 180 M M 6 46 180
7 53 37 45 12 20 0 0.03 T 0 11.4 29 110 M M 8 5 36 110
8 49 33 41 8 24 0 0.00 0.0 0 4.7 13 320 M M 7 16 310
9 38 31 35 2 30 0 0.16 1.4 1 5.8 17 140 M M 9 1 23 150
10 43 25 34 0 31 0 0.00 0.0 0 5.9 25 30 M M 3 32 30
11 43 22 33 -1 32 0 0.00 0.0 0 3.6 10 310 M M 0 14 260
12 46 25 36 2 29 0 0.00 0.0 0 6.7 14 330 M M 0 20 300
13 52 25 39 4 26 0 0.00 0.0 0 6.0 14 110 M M 0 16 90
14 57 30 44 9 21 0 0.00 0.0 0 5.7 21 260 M M 4 28 260
15 55 37 46 11 19 0 0.00 0.0 0 8.3 23 260 M M 7 28 270
16 56 30 43 7 22 0 T T 0 6.7 28 50 M M 5 8 36 40
17 48 23 36 0 29 0 0.00 0.0 0 3.4 23 50 M M 2 35 40
18 46 26 36 0 29 0 0.00 0.0 0 5.7 15 90 M M 5 19 90
19 62 23 43 6 22 0 0.00 0.0 0 4.4 12 80 M M 2 14 310
20 58 39 49 12 16 0 0.00 0.0 0 5.6 15 280 M M 8 8 23 240
21 58 37 48 10 17 0 0.00 0.0 0 7.8 15 310 M M 2 20 270
22 56 27 42 4 23 0 0.00 0.0 0 5.8 16 340 M M 4 22 340
23 54 24 39 1 26 0 0.00 0.0 0 3.5 10 110 M M 0 14 300
24 56 24 40 1 25 0 0.00 0.0 0 6.8 14 80 M M 0 17 110
25 62 24 43 4 22 0 0.00 0.0 0 3.6 14 290 M M 0 19 290
26 66 32 49 10 16 0 0.00 0.0 0 9.8 29 260 M M 0 8 38 260
27 55 18 37 -3 28 0 T T 0 14.7 40 260 M M 4 54 260
28 48 18 33 -7 32 0 0.00 0.0 0 7.5 18 110 M M 0 23 110
29 57 17 37 -3 28 0 0.00 0.0 0 5.3 14 320 M M 0 21 310
================================================================================
SM 1543 837 688 0 0.43 1.4 208.6 M 107
================================================================================
AV 53.2 28.9 7.2 FASTST M M 4 MAX(MPH)
MISC ----> 40 260 54 260
================================================================================
NOTES:
# LAST OF SEVERAL OCCURRENCES
COLUMN 17 PEAK WIND IN M.P.H.
PRELIMINARY LOCAL CLIMATOLOGICAL DATA (WS FORM: F-6) , PAGE 2
STATION: GRAND JUNCTION CO
MONTH: FEBRUARY
YEAR: 2024
LATITUDE: 39 7 N
LONGITUDE: 108 32 W
[TEMPERATURE DATA] [PRECIPITATION DATA] SYMBOLS USED IN COLUMN 16
AVERAGE MONTHLY: 41.0 TOTAL FOR MONTH: 0.43 1 = FOG OR MIST
DPTR FM NORMAL: 5.7 DPTR FM NORMAL: -0.10 2 = FOG REDUCING VISIBILITY
HIGHEST: 66 ON 26 GRTST 24HR 0.21 ON 2- 2 TO 1/4 MILE OR LESS
LOWEST: 17 ON 29 3 = THUNDER
SNOW, ICE PELLETS, HAIL 4 = ICE PELLETS
TOTAL MONTH: 1.4 INCHES 5 = HAIL
GRTST 24HR 1.4 ON 9- 9 6 = FREEZING RAIN OR DRIZZLE
GRTST DEPTH: 1 ON 9 7 = DUSTSTORM OR SANDSTORM:
VSBY 1/2 MILE OR LESS
8 = SMOKE OR HAZE
[NO. OF DAYS WITH] [WEATHER - DAYS WITH] 9 = BLOWING SNOW
X = TORNADO
MAX 32 OR BELOW: 0 0.01 INCH OR MORE: 5
MAX 90 OR ABOVE: 0 0.10 INCH OR MORE: 2
MIN 32 OR BELOW: 20 0.50 INCH OR MORE: 0
MIN 0 OR BELOW: 0 1.00 INCH OR MORE: 0
[HDD (BASE 65) ]
TOTAL THIS MO. 688 CLEAR (SCALE 0-3) 15
DPTR FM NORMAL -145 PTCLDY (SCALE 4-7) 9
TOTAL FM JUL 1 3570 CLOUDY (SCALE 8-10) 5
DPTR FM NORMAL -794
[CDD (BASE 65) ]
TOTAL THIS MO. 0
DPTR FM NORMAL 0 [PRESSURE DATA]
TOTAL FM JAN 1 0 HIGHEST SLP 30.40 ON 28
DPTR FM NORMAL 0 LOWEST SLP 29.36 ON 27
[REMARKS]
#FINAL-02-24#