393
CXUS54 KFWD 010730
CF6GLE
PRELIMINARY LOCAL CLIMATOLOGICAL DATA (WS FORM: F-6)
STATION: GAINESVILLE
MONTH: OCTOBER
YEAR: 2020
LATITUDE: 33 39 N
LONGITUDE: 97 12 W
TEMPERATURE IN F: :PCPN: SNOW: WIND :SUNSHINE: SKY :PK WND
================================================================================
1 2 3 4 5 6A 6B 7 8 9 10 11 12 13 14 15 16 17 18
12Z AVG MX 2MIN
DY MAX MIN AVG DEP HDD CDD WTR SNW DPTH SPD SPD DIR MIN PSBL S-S WX SPD DR
================================================================================
1 76 54 65 -5 0 0 0.00 0.0 0 6.1 10 40 M M 0 16 60
2 73 46 60 -10 5 0 0.00 0.0 0 4.9 10 170 M M 0 M M
3 82 54 68 -2 0 3 0.00 0.0 0 7.1 14 180 M M 2 22 180
4 75 52 64 -5 1 0 0.00 0.0 0 7.3 14 30 M M 3 23 30
5 76 46 61 -8 4 0 0.00 0.0 0 6.4 14 160 M M 0 17 160
6 84 54 69 1 0 4 0.00 0.0 0 6.4 12 170 M M 0 M M
7 85 58 72 4 0 7 0.00 0.0 0 5.2 13 150 M M 0 12 17 150
8 84 58 71 3 0 6 0.00 0.0 0 3.4 10 140 M M 0 M M
9 85 63 74 6 0 9 0.00 0.0 0 5.3 12 100 M M 4 1 M M
10 86 59 73 6 0 8 0.00 0.0 0 2.1 6 160 M M 4 12 M M
11 94 62 78 11 0 13 0.00 0.0 0 7.6 14 160 M M 0 22 170
12 79 49 64 -2 1 0 0.00 0.0 0 9.3 18 10 M M 1 8 27 340
13 80 43 62 -4 3 0 0.00 0.0 0 3.4 13 140 M M 0 M M
14 90 52 71 5 0 6 0.00 0.0 0 10.5 23 190 M M 0 30 190
15 76 56 66 0 0 1 0.00 0.0 0 13.3 25 30 M M 7 39 30
16 70 45 58 -7 7 0 0.00 0.0 0 5.6 13 90 M M 0 16 70
17 77 46 62 -3 3 0 0.00 0.0 0 12.5 23 180 M M 1 29 190
18 83 52 68 4 0 3 0.00 0.0 0 14.6 24 340 M M 9 29 340
19 58 49 54 -10 11 0 0.00 0.0 0 4.6 10 360 M M 10 1 M M
20 87 54 71 7 0 6 0.00 0.0 0 7.9 17 160 M M 6 1 24 190
21 82 65 74 11 0 9 0.00 0.0 0 10.0 17 150 M M 3 1 22 150
22 83 64 74 11 0 9 0.00 0.0 0 10.9 20 170 M M 3 1 25 190
23 72 45 59 -4 6 0 1.22 0.0 0 14.0 23 350 M M 9 35 330
24 58 38 48 -14 17 0 0.00 0.0 0 4.6 9 360 M M 4 M M
25 56 48 52 -10 13 0 0.02 0.0 0 8.8 13 30 M M 9 1 18 50
26 48 34 41 -21 24 0 0.16 0.0 0 13.4 17 360 M M 10 1 24 360
27 37 34 36 -25 29 0 0.01 M 0 10.9 15 360 M M 10 1 21 360
28 42 33 38 -23 27 0 0.22 M 0 9.6 15 260 M M 8 21 290
29 61 31 46 -14 19 0 0.00 0.0 0 10.9 22 340 M M 6 29 350
30 67 34 51 -9 14 0 0.00 0.0 0 1.9 7 340 M M 0 8 M M
31 70 40 55 -5 10 0 0.00 0.0 0 5.7 16 190 M M 0 1 24 200
================================================================================
SM 2276 1518 194 84 1.63 0.0 244.2 M 109
================================================================================
AV 73.4 49.0 7.9 FASTST M M 4 MAX(MPH)
MISC ----> # 25 30 # 39 30
================================================================================
NOTES:
# LAST OF SEVERAL OCCURRENCES
COLUMN 17 PEAK WIND IN M.P.H.
PRELIMINARY LOCAL CLIMATOLOGICAL DATA (WS FORM: F-6) , PAGE 2
STATION: GAINESVILLE
MONTH: OCTOBER
YEAR: 2020
LATITUDE: 33 39 N
LONGITUDE: 97 12 W
[TEMPERATURE DATA] [PRECIPITATION DATA] SYMBOLS USED IN COLUMN 16
AVERAGE MONTHLY: 61.2 TOTAL FOR MONTH: 1.63 1 = FOG OR MIST
DPTR FM NORMAL: -3.9 DPTR FM NORMAL: -3.01 2 = FOG REDUCING VISIBILITY
HIGHEST: 94 ON 11 GRTST 24HR 1.22 ON 23-23 TO 1/4 MILE OR LESS
LOWEST: 31 ON 29 3 = THUNDER
SNOW, ICE PELLETS, HAIL 4 = ICE PELLETS
TOTAL MONTH: 0.0 INCH 5 = HAIL
GRTST 24HR 0.0 6 = FREEZING RAIN OR DRIZZLE
GRTST DEPTH: 0 7 = DUSTSTORM OR SANDSTORM:
VSBY 1/2 MILE OR LESS
8 = SMOKE OR HAZE
[NO. OF DAYS WITH] [WEATHER - DAYS WITH] 9 = BLOWING SNOW
X = TORNADO
MAX 32 OR BELOW: 0 0.01 INCH OR MORE: 5
MAX 90 OR ABOVE: 2 0.10 INCH OR MORE: 3
MIN 32 OR BELOW: 1 0.50 INCH OR MORE: 1
MIN 0 OR BELOW: 0 1.00 INCH OR MORE: 1
[HDD (BASE 65) ]
TOTAL THIS MO. 194 CLEAR (SCALE 0-3) 16
DPTR FM NORMAL 91 PTCLDY (SCALE 4-7) 8
TOTAL FM JUL 1 206 CLOUDY (SCALE 8-10) 7
DPTR FM NORMAL 92
[CDD (BASE 65) ]
TOTAL THIS MO. 84
DPTR FM NORMAL -21 [PRESSURE DATA]
TOTAL FM JAN 1 2088 HIGHEST SLP M ON M
DPTR FM NORMAL -112 LOWEST SLP M ON M
[REMARKS]
#FINAL-10-20#