000
CXUS54 KFWD 010830
CF6GLE
PRELIMINARY LOCAL CLIMATOLOGICAL DATA (WS FORM: F-6)
STATION: GAINESVILLE
MONTH: DECEMBER
YEAR: 2023
LATITUDE: 33 38 N
LONGITUDE: 97 12 W
TEMPERATURE IN F: :PCPN: SNOW: WIND :SUNSHINE: SKY :PK WND
================================================================================
1 2 3 4 5 6A 6B 7 8 9 10 11 12 13 14 15 16 17 18
12Z AVG MX 2MIN
DY MAX MIN AVG DEP HDD CDD WTR SNW DPTH SPD SPD DIR MIN PSBL S-S WX SPD DR
================================================================================
1 54 38 46 -1 19 0 0.00 M M 6.4 12 270 M M 1 18 320
2 60 37 49 2 16 0 0.07 M M 2.9 10 190 M M 3 1 M M
3 70 31 51 4 14 0 0.00 M M 6.0 16 250 M M 0 22 250
4 60 36 48 2 17 0 0.00 M M 4.1 12 330 M M 0 M M
5 65 32 49 3 16 0 0.00 M M 3.1 12 360 M M 0 M M
6 62 32 47 1 18 0 0.00 M M 5.2 12 170 M M 0 M M
7 69 44 57 12 8 0 0.00 M M 12.1 24 200 M M 1 33 200
8 78 49 64 19 1 0 0.00 M M 10.9 22 220 M M 3 28 220
9 60 39 50 5 15 0 0.00 M M 11.9 17 350 M M 1 25 350
10 51 30 41 -4 24 0 0.00 M M 7.4 13 320 M M 0 16 290
11 61 32 47 3 18 0 0.00 M M 3.5 7 170 M M 0 M M
12 62 35 49 5 16 0 0.00 M M 4.2 10 160 M M 2 17 160
13 62 46 54 10 11 0 0.00 M M 8.2 16 140 M M 7 25 130
14 61 38 50 6 15 0 0.00 M M 8.3 15 130 M M 6 22 130
15 56 40 48 5 17 0 0.49 M M 9.2 21 140 M M 9 24 140
16 56 34 45 2 20 0 0.00 M M 7.4 15 310 M M 0 21 310
17 68 32 50 7 15 0 0.00 M M 3.0 8 330 M M 0 M M
18 61 36 49 6 16 0 0.00 M M 7.2 13 40 M M 0 22 30
19 55 31 43 0 22 0 0.00 M M 7.6 15 170 M M 0 22 170
20 61 41 51 9 14 0 0.00 M M 8.2 13 170 M M 7 18 160
21 57 55 56 14 9 0 0.57 0.0 0 7.6 12 160 M M 10 M M
22 65 55 60 18 5 0 0.13 M M 6.0 8 180 M M 9 M M
23 63 58 61 19 4 0 0.42 M M 10.1 17 130 M M 10 25 130
24 65 43 54 12 11 0 1.37 M M 12.3 23 310 M M 8 35 310
25 48 32 40 -2 25 0 0.00 M M 12.3 23 320 M M 2 32 320
26 56 26 41 -1 24 0 0.00 M M 5.7 18 200 M M 0 24 200
27 49 32 41 -1 24 0 0.00 M M 9.7 20 330 M M 2 28 330
28 45 31 38 -4 27 0 M M M 8.0 14 360 M M 6 21 330
29 53 30 42 0 23 0 0.00 M M 8.3 15 300 M M 0 20 290
30 62 29 46 4 19 0 0.00 M M 3.5 8 230 M M 0 M M
31 58 33 46 5 19 0 0.00 M M 6.4 14 20 M M 0 21 10
================================================================================
SM 1853 1157 502 0 3.05 0.0 226.8 M 87
================================================================================
AV 59.8 37.3 7.3 FASTST M M 3 MAX(MPH)
MISC ----> 24 200 35 310
================================================================================
NOTES:
# LAST OF SEVERAL OCCURRENCES
COLUMN 17 PEAK WIND IN M.P.H.
PRELIMINARY LOCAL CLIMATOLOGICAL DATA (WS FORM: F-6) , PAGE 2
STATION: GAINESVILLE
MONTH: DECEMBER
YEAR: 2023
LATITUDE: 33 38 N
LONGITUDE: 97 12 W
[TEMPERATURE DATA] [PRECIPITATION DATA] SYMBOLS USED IN COLUMN 16
AVERAGE MONTHLY: 48.5 TOTAL FOR MONTH: 3.05 1 = FOG OR MIST
DPTR FM NORMAL: 4.9 DPTR FM NORMAL: 0.15 2 = FOG REDUCING VISIBILITY
HIGHEST: 78 ON 8 GRTST 24HR 1.37 ON 24-24 TO 1/4 MILE OR LESS
LOWEST: 26 ON 26 3 = THUNDER
SNOW, ICE PELLETS, HAIL 4 = ICE PELLETS
TOTAL MONTH: 0.0 INCH 5 = HAIL
GRTST 24HR 0.0 6 = FREEZING RAIN OR DRIZZLE
GRTST DEPTH: 0 7 = DUSTSTORM OR SANDSTORM:
VSBY 1/2 MILE OR LESS
8 = SMOKE OR HAZE
[NO. OF DAYS WITH] [WEATHER - DAYS WITH] 9 = BLOWING SNOW
X = TORNADO
MAX 32 OR BELOW: 0 0.01 INCH OR MORE: 6
MAX 90 OR ABOVE: 0 0.10 INCH OR MORE: 5
MIN 32 OR BELOW: 13 0.50 INCH OR MORE: 2
MIN 0 OR BELOW: 0 1.00 INCH OR MORE: 1
[HDD (BASE 65) ]
TOTAL THIS MO. 502 CLEAR (SCALE 0-3) 20
DPTR FM NORMAL -162 PTCLDY (SCALE 4-7) 6
TOTAL FM JUL 1 970 CLOUDY (SCALE 8-10) 5
DPTR FM NORMAL -169
[CDD (BASE 65) ]
TOTAL THIS MO. 0
DPTR FM NORMAL 0 [PRESSURE DATA]
TOTAL FM JAN 1 2646 HIGHEST SLP M ON M
DPTR FM NORMAL 432 LOWEST SLP M ON M
[REMARKS]
#FINAL-12-23#