000
CXUS54 KHGX 011410
CF6GLS
PRELIMINARY LOCAL CLIMATOLOGICAL DATA (WS FORM: F-6)
STATION: GALVESTON
MONTH: JUNE
YEAR: 2023
LATITUDE: 29 16 N
LONGITUDE: 94 52 W
TEMPERATURE IN F: :PCPN: SNOW: WIND :SUNSHINE: SKY :PK WND
================================================================================
1 2 3 4 5 6A 6B 7 8 9 10 11 12 13 14 15 16 17 18
12Z AVG MX 2MIN
DY MAX MIN AVG DEP HDD CDD WTR SNW DPTH SPD SPD DIR MIN PSBL S-S WX SPD DR
================================================================================
1 86 75 81 -1 0 16 0.00 0.0 0 8.2 14 150 M M 0 24 160
2 86 76 81 -1 0 16 0.00 0.0 0 5.1 14 170 M M 0 19 180
3 88 76 82 0 0 17 0.00 0.0 0 7.9 17 270 M M 1 23 260
4 86 70 78 -4 0 13 0.14 0.0 0 7.6 37 310 M M 3 13 55 310
5 87 73 80 -3 0 15 0.61 0.0 0 5.9 21 30 M M 3 138 29 30
6 83 72 78 -5 0 13 0.00 0.0 0 3.1 12 170 M M 1 1 19 210
7 88 74 81 -2 0 16 0.00 0.0 0 6.2 14 190 M M 1 19 20
8 88 70 79 -4 0 14 0.71 0.0 0 5.7 44 340 M M 1 13 61 350
9 89 75 82 -1 0 17 0.00 0.0 0 6.9 15 180 M M 0 19 190
10 88 70 79 -4 0 14 0.23 0.0 0 12.8 37 360 M M 2 1 52 360
11 87 77 82 -2 0 17 0.00 0.0 0 16.3 26 150 M M 1 33 160
12 88 78 83 -1 0 18 0.00 0.0 0 11.5 22 150 M M 2 28 160
13 88 79 84 0 0 19 0.00 0.0 0 14.8 28 160 M M 3 35 150
14 88 80 84 0 0 19 0.00 0.0 0 13.8 22 180 M M 3 18 28 180
15 89 81 85 1 0 20 0.00 0.0 0 12.7 21 180 M M 6 18 27 170
16 90 81 86 2 0 21 0.00 0.0 0 10.4 20 180 M M 6 18 25 200
17 90 81 86 2 0 21 0.00 0.0 0 12.1 23 200 M M 3 18 31 210
18 91 82 87 3 0 22 0.00 0.0 0 14.4 21 200 M M 5 1 28 190
19 90 82 86 2 0 21 0.00 0.0 0 11.5 20 200 M M 8 18 25 200
20 90 83 87 3 0 22 0.00 0.0 0 12.6 20 180 M M 6 18 29 210
21 91 75 83 -1 0 18 0.09 0.0 0 11.3 30 310 M M 5 13 47 270
22 91 80 86 2 0 21 0.00 0.0 0 10.6 21 240 M M 0 40 240
23 91 81 86 2 0 21 T 0.0 0 9.3 16 170 M M 2 1 20 170
24 91 82 87 2 0 22 0.00 0.0 0 11.0 17 200 M M 1 23 220
25 91 83 87 2 0 22 0.00 0.0 0 12.7 20 180 M M 1 29 200
26 91 83 87 2 0 22 0.00 0.0 0 12.1 20 180 M M 1 25 190
27 91 81 86 1 0 21 0.00 0.0 0 12.2 18 180 M M 1 25 190
28 90 81 86 1 0 21 0.00 0.0 0 11.2 17 170 M M 1 22 170
29 90 81 86 1 0 21 0.00 0.0 0 8.4 13 170 M M 0 19 160
30 91 82 87 2 0 22 0.00 0.0 0 9.6 14 190 M M 1 19 190
================================================================================
SM 2668 2344 0 562 1.78 0.0 307.9 M 68
================================================================================
AV 88.9 78.1 10.3 FASTST M M 2 MAX(MPH)
MISC ----> 44 340 61 350
================================================================================
NOTES:
# LAST OF SEVERAL OCCURRENCES
COLUMN 17 PEAK WIND IN M.P.H.
PRELIMINARY LOCAL CLIMATOLOGICAL DATA (WS FORM: F-6) , PAGE 2
STATION: GALVESTON
MONTH: JUNE
YEAR: 2023
LATITUDE: 29 16 N
LONGITUDE: 94 52 W
[TEMPERATURE DATA] [PRECIPITATION DATA] SYMBOLS USED IN COLUMN 16
AVERAGE MONTHLY: 83.5 TOTAL FOR MONTH: 1.78 1 = FOG OR MIST
DPTR FM NORMAL: -0.3 DPTR FM NORMAL: -2.45 2 = FOG REDUCING VISIBILITY
HIGHEST: 91 ON 30,27 GRTST 24HR 0.71 ON 8- 8 TO 1/4 MILE OR LESS
LOWEST: 70 ON 10, 8 3 = THUNDER
SNOW, ICE PELLETS, HAIL 4 = ICE PELLETS
TOTAL MONTH: 0.0 INCH 5 = HAIL
GRTST 24HR 0.0 6 = FREEZING RAIN OR DRIZZLE
GRTST DEPTH: 0 7 = DUSTSTORM OR SANDSTORM:
VSBY 1/2 MILE OR LESS
8 = SMOKE OR HAZE
[NO. OF DAYS WITH] [WEATHER - DAYS WITH] 9 = BLOWING SNOW
X = TORNADO
MAX 32 OR BELOW: 0 0.01 INCH OR MORE: 5
MAX 90 OR ABOVE: 15 0.10 INCH OR MORE: 4
MIN 32 OR BELOW: 0 0.50 INCH OR MORE: 2
MIN 0 OR BELOW: 0 1.00 INCH OR MORE: 0
[HDD (BASE 65) ]
TOTAL THIS MO. 0 CLEAR (SCALE 0-3) 21
DPTR FM NORMAL 0 PTCLDY (SCALE 4-7) 9
TOTAL FM JUL 1 730 CLOUDY (SCALE 8-10) 0
DPTR FM NORMAL -158
[CDD (BASE 65) ]
TOTAL THIS MO. 562
DPTR FM NORMAL -2 [PRESSURE DATA]
TOTAL FM JAN 1 1473 HIGHEST SLP 30.02 ON 30
DPTR FM NORMAL 172 LOWEST SLP 29.66 ON 21
[REMARKS]
#FINAL-06-23#