000
CXUS54 KHGX 021208
CF6GLS
PRELIMINARY LOCAL CLIMATOLOGICAL DATA (WS FORM: F-6)
STATION: GALVESTON
MONTH: APRIL
YEAR: 2023
LATITUDE: 29 16 N
LONGITUDE: 94 52 W
TEMPERATURE IN F: :PCPN: SNOW: WIND :SUNSHINE: SKY :PK WND
================================================================================
1 2 3 4 5 6A 6B 7 8 9 10 11 12 13 14 15 16 17 18
12Z AVG MX 2MIN
DY MAX MIN AVG DEP HDD CDD WTR SNW DPTH SPD SPD DIR MIN PSBL S-S WX SPD DR
================================================================================
1 87 73 80 11 0 15 0.00 0.0 0 6.9 14 350 M M 5 18 17 350
2 80 71 76 7 0 11 0.00 0.0 0 9.8 17 140 M M 8 18 22 150
3 81 74 78 9 0 13 0.00 0.0 0 13.7 20 180 M M 10 18 26 200
4 81 74 78 9 0 13 0.00 0.0 0 15.5 28 130 M M 10 18 35 130
5 81 66 74 4 0 9 0.03 0.0 0 14.9 29 350 M M 9 18 35 350
6 78 62 70 0 0 5 0.64 0.0 0 19.7 36 10 M M 10 13 54 360
7 69 60 65 -5 0 0 0.69 0.0 0 17.2 32 40 M M 9 13 50 70
8 68 59 64 -6 1 0 T 0.0 0 11.1 20 360 M M 8 1 27 360
9 73 63 68 -2 0 3 0.00 0.0 0 10.3 17 50 M M 8 1 22 70
10 70 63 67 -3 0 2 T 0.0 0 10.4 15 60 M M 8 20 60
11 75 64 70 -1 0 5 T 0.0 0 10.4 16 80 M M 5 3 22 70
12 77 63 70 -1 0 5 0.00 0.0 0 10.3 21 10 M M 2 28 360
13 75 63 69 -2 0 4 0.00 0.0 0 8.7 15 180 M M 1 20 180
14 79 70 75 4 0 10 0.00 0.0 0 12.9 18 130 M M 3 26 140
15 85 71 78 7 0 13 T 0.0 0 13.8 35 340 M M 3 138 48 350
16 76 64 70 -2 0 5 0.00 0.0 0 17.2 32 350 M M 0 43 360
17 76 62 69 -3 0 4 0.00 0.0 0 12.3 17 150 M M 0 25 110
18 79 69 74 2 0 9 T 0.0 0 14.4 23 130 M M 2 29 130
19 81 71 76 4 0 11 0.00 0.0 0 13.1 17 140 M M 3 8 23 130
20 80 72 76 4 0 11 0.62 0.0 0 13.4 21 130 M M 9 13 28 140
21 80 66 73 0 0 8 1.53 0.0 0 9.9 36 310 M M 5 13 54 320
22 76 65 71 -2 0 6 0.00 0.0 0 15.9 24 70 M M 0 33 50
23 73 60 67 -6 0 2 0.32 0.0 0 15.6 26 20 M M 4 138 34 30
24 71 57 64 -9 1 0 T 0.0 0 13.9 23 20 M M 5 29 20
25 78 67 73 0 0 8 0.00 0.0 0 12.8 20 110 M M 6 26 100
26 79 72 76 2 0 11 T 0.0 0 12.3 20 120 M M 7 27 120
27 82 65 74 0 0 9 0.46 0.0 0 12.1 29 20 M M 5 13 37 10
28 79 65 72 -2 0 7 0.27 0.0 0 11.2 28 330 M M 2 13 40 310
29 73 61 67 -7 0 2 0.11 0.0 0 18.1 30 320 M M 5 3 43 310
30 80 61 71 -3 0 6 0.00 0.0 0 10.2 21 210 M M 0 28 210
================================================================================
SM 2322 1973 2 207 4.67 0.0 388.0 M 152
================================================================================
AV 77.4 65.8 12.9 FASTST M M 5 MAX(MPH)
MISC ----> # 36 10 # 54 360
================================================================================
NOTES:
# LAST OF SEVERAL OCCURRENCES
COLUMN 17 PEAK WIND IN M.P.H.
PRELIMINARY LOCAL CLIMATOLOGICAL DATA (WS FORM: F-6) , PAGE 2
STATION: GALVESTON
MONTH: APRIL
YEAR: 2023
LATITUDE: 29 16 N
LONGITUDE: 94 52 W
[TEMPERATURE DATA] [PRECIPITATION DATA] SYMBOLS USED IN COLUMN 16
AVERAGE MONTHLY: 71.6 TOTAL FOR MONTH: 4.67 1 = FOG OR MIST
DPTR FM NORMAL: 0.1 DPTR FM NORMAL: 2.61 2 = FOG REDUCING VISIBILITY
HIGHEST: 87 ON 1 GRTST 24HR 2.15 ON 20-21 TO 1/4 MILE OR LESS
LOWEST: 57 ON 24 3 = THUNDER
SNOW, ICE PELLETS, HAIL 4 = ICE PELLETS
TOTAL MONTH: 0.0 INCH 5 = HAIL
GRTST 24HR 0.0 6 = FREEZING RAIN OR DRIZZLE
GRTST DEPTH: 0 7 = DUSTSTORM OR SANDSTORM:
VSBY 1/2 MILE OR LESS
8 = SMOKE OR HAZE
[NO. OF DAYS WITH] [WEATHER - DAYS WITH] 9 = BLOWING SNOW
X = TORNADO
MAX 32 OR BELOW: 0 0.01 INCH OR MORE: 9
MAX 90 OR ABOVE: 0 0.10 INCH OR MORE: 8
MIN 32 OR BELOW: 0 0.50 INCH OR MORE: 4
MIN 0 OR BELOW: 0 1.00 INCH OR MORE: 1
[HDD (BASE 65) ]
TOTAL THIS MO. 2 CLEAR (SCALE 0-3) 9
DPTR FM NORMAL -10 PTCLDY (SCALE 4-7) 14
TOTAL FM JUL 1 730 CLOUDY (SCALE 8-10) 7
DPTR FM NORMAL -157
[CDD (BASE 65) ]
TOTAL THIS MO. 207
DPTR FM NORMAL 0 [PRESSURE DATA]
TOTAL FM JAN 1 502 HIGHEST SLP 30.25 ON 10
DPTR FM NORMAL 174 LOWEST SLP 29.70 ON 4
[REMARKS]
#FINAL-04-23#