000
CXUS54 KHGX 011410
CF6GLS
PRELIMINARY LOCAL CLIMATOLOGICAL DATA (WS FORM: F-6)
STATION: GALVESTON
MONTH: MAY
YEAR: 2021
LATITUDE: 29 16 N
LONGITUDE: 94 52 W
TEMPERATURE IN F: :PCPN: SNOW: WIND :SUNSHINE: SKY :PK WND
================================================================================
1 2 3 4 5 6A 6B 7 8 9 10 11 12 13 14 15 16 17 18
12Z AVG MX 2MIN
DY MAX MIN AVG DEP HDD CDD WTR SNW DPTH SPD SPD DIR MIN PSBL S-S WX SPD DR
================================================================================
1 76 71 74 -1 0 9 0.35 0.0 0 14.5 25 150 M M 8 18 32 70
2 80 73 77 2 0 12 0.01 0.0 0 17.9 23 180 M M 7 1 29 190
3 84 76 80 5 0 15 0.00 0.0 0 14.6 22 180 M M 10 18 27 190
4 85 74 80 5 0 15 0.02 0.0 0 10.9 24 360 M M 8 18 30 360
5 82 65 74 -2 0 9 0.00 0.0 0 13.9 25 360 M M 3 32 350
6 80 68 74 -2 0 9 0.00 0.0 0 9.6 21 40 M M 0 25 30
7 83 70 77 1 0 12 0.00 0.0 0 9.2 18 150 M M 0 22 150
8 84 74 79 3 0 14 0.00 0.0 0 18.4 25 160 M M 5 31 150
9 84 77 81 5 0 16 0.00 0.0 0 15.6 24 170 M M 10 8 28 170
10 85 78 82 5 0 17 0.00 0.0 0 11.3 16 130 M M 9 18 21 140
11 86 73 80 3 0 15 0.05 0.0 0 12.5 25 330 M M 9 138 30 320
12 77 69 73 -4 0 8 0.13 0.0 0 16.2 23 340 M M 10 1 28 350
13 79 68 74 -3 0 9 0.00 0.0 0 12.9 21 20 M M 8 8 25 10
14 81 71 76 -2 0 11 0.00 0.0 0 12.4 17 100 M M 5 23 80
15 83 74 79 1 0 14 0.00 0.0 0 14.9 23 130 M M 4 28 120
16 79 72 76 -2 0 11 0.53 0.0 0 16.3 24 190 M M 7 13 32 170
17 85 69 77 -1 0 12 0.93 0.0 0 15.6 33 30 M M 6 13 41 10
18 80 67 74 -5 0 9 1.76 0.0 0 16.4 29 90 M M 6 13 37 100
19 75 67 71 -8 0 6 1.14 0.0 0 10.1 23 130 M M 7 13 28 140
20 80 72 76 -3 0 11 0.00 0.0 0 9.8 16 130 M M 7 21 130
21 81 74 78 -2 0 13 0.24 0.0 0 12.5 25 90 M M 7 1 32 90
22 80 73 77 -3 0 12 0.89 0.0 0 16.6 25 110 M M 9 138 32 100
23 79 75 77 -3 0 12 0.32 0.0 0 13.6 21 100 M M 9 18 26 110
24 82 77 80 0 0 15 T 0.0 0 13.8 21 130 M M 10 8 25 130
25 84 77 81 1 0 16 0.00 0.0 0 13.6 20 150 M M 8 25 140
26 85 78 82 1 0 17 0.00 0.0 0 11.2 16 150 M M 7 19 160
27 85 78 82 1 0 17 0.00 0.0 0 13.3 17 170 M M 7 M M
28 85 73 79 -2 0 14 0.11 0.0 0 11.6 23 290 M M 4 13 29 280
29 86 71 79 -2 0 14 0.09 0.0 0 7.7 23 270 M M 2 3 29 270
30 81 77 79 -3 0 14 0.00 0.0 0 13.1 23 60 M M 6 27 60
31 84 77 81 -1 0 16 0.00 0.0 0 14.7 20 120 M M 6 24 120
================================================================================
SM 2540 2258 0 394 6.57 0.0 414.7 M 204
================================================================================
AV 81.9 72.8 13.4 FASTST M M 7 MAX(MPH)
MISC ----> 33 30 41 10
================================================================================
NOTES:
# LAST OF SEVERAL OCCURRENCES
COLUMN 17 PEAK WIND IN M.P.H.
PRELIMINARY LOCAL CLIMATOLOGICAL DATA (WS FORM: F-6) , PAGE 2
STATION: GALVESTON
MONTH: MAY
YEAR: 2021
LATITUDE: 29 16 N
LONGITUDE: 94 52 W
[TEMPERATURE DATA] [PRECIPITATION DATA] SYMBOLS USED IN COLUMN 16
AVERAGE MONTHLY: 77.4 TOTAL FOR MONTH: 6.57 1 = FOG OR MIST
DPTR FM NORMAL: -0.8 DPTR FM NORMAL: 3.53 2 = FOG REDUCING VISIBILITY
HIGHEST: 86 ON 29,11 GRTST 24HR 2.79 ON 18-19 TO 1/4 MILE OR LESS
LOWEST: 65 ON 5 3 = THUNDER
SNOW, ICE PELLETS, HAIL 4 = ICE PELLETS
TOTAL MONTH: 0.0 INCH 5 = HAIL
GRTST 24HR 0.0 6 = FREEZING RAIN OR DRIZZLE
GRTST DEPTH: 0 7 = DUSTSTORM OR SANDSTORM:
VSBY 1/2 MILE OR LESS
8 = SMOKE OR HAZE
[NO. OF DAYS WITH] [WEATHER - DAYS WITH] 9 = BLOWING SNOW
X = TORNADO
MAX 32 OR BELOW: 0 0.01 INCH OR MORE: 14
MAX 90 OR ABOVE: 0 0.10 INCH OR MORE: 10
MIN 32 OR BELOW: 0 0.50 INCH OR MORE: 5
MIN 0 OR BELOW: 0 1.00 INCH OR MORE: 2
[HDD (BASE 65) ]
TOTAL THIS MO. 0 CLEAR (SCALE 0-3) 4
DPTR FM NORMAL 0 PTCLDY (SCALE 4-7) 17
TOTAL FM JUL 1 878 CLOUDY (SCALE 8-10) 10
DPTR FM NORMAL -10
[CDD (BASE 65) ]
TOTAL THIS MO. 394
DPTR FM NORMAL -15 [PRESSURE DATA]
TOTAL FM JAN 1 707 HIGHEST SLP 30.24 ON 13
DPTR FM NORMAL -30 LOWEST SLP 29.60 ON 3
[REMARKS]
#FINAL-05-21#