000
CXUS52 KJAX 221603
CF6GNV
PRELIMINARY LOCAL CLIMATOLOGICAL DATA (WS FORM: F-6)
STATION: GAINESVILLE
MONTH: OCTOBER
YEAR: 2020
LATITUDE: 29 40 N
LONGITUDE: 82 16 W
TEMPERATURE IN F: :PCPN: SNOW: WIND :SUNSHINE: SKY :PK WND
================================================================================
1 2 3 4 5 6A 6B 7 8 9 10 11 12 13 14 15 16 17 18
12Z AVG MX 2MIN
DY MAX MIN AVG DEP HDD CDD WTR SNW DPTH SPD SPD DIR MIN PSBL S-S WX SPD DR
================================================================================
1 83 51 67 -8 0 2 0.00 0.0 0 2.0 14 20 M M 0 19 330
2 80 57 69 -6 0 4 0.00 0.0 0 5.9 15 30 M M 0 20 30
3 78 60 69 -6 0 4 0.00 0.0 0 8.2 16 30 M M 4 21 30
4 69 63 66 -8 0 1 0.23 0.0 0 6.5 13 20 M M 9 1 17 30
5 73 67 70 -4 0 5 0.07 0.0 0 8.5 15 40 M M 10 1 19 40
6 90 72 81 7 0 16 T 0.0 0 6.5 17 60 M M 7 1 22 70
7 89 73 81 7 0 16 0.00 0.0 0 5.8 14 60 M M 7 1 18 60
8 89 71 80 7 0 15 T 0.0 0 3.8 14 70 M M 6 1 18 70
9 87 73 80 7 0 15 0.41 0.0 0 5.9 22 140 M M 6 1 30 130
10 88 70 79 6 0 14 0.03 0.0 0 5.5 23 280 M M 3 123 30 290
11 88 72 80 8 0 15 0.12 0.0 0 7.9 20 260 M M 3 1 25 270
12 85 68 77 5 0 12 T 0.0 0 5.6 15 280 M M 3 1 21 290
13 88 66 77 5 0 12 0.00 0.0 0 3.2 12 360 M M 3 12 16 350
14 89 66 78 6 0 13 0.00 0.0 0 2.1 10 90 M M 3 12 15 90
15 87 65 76 5 0 11 0.00 0.0 0 2.3 10 140 M M 2 1 14 110
16 88 66 77 6 0 12 0.00 0.0 0 3.8 13 340 M M 1 1 16 330
17 82 59 71 0 0 6 0.00 0.0 0 8.5 17 60 M M 1 22 50
18 86 63 75 5 0 10 0.00 0.0 0 9.3 20 50 M M 4 24 30
19 86 68 77 7 0 12 0.27 0.0 0 8.5 20 70 M M 5 1 25 70
20 85 72 79 9 0 14 0.05 0.0 0 8.0 18 50 M M 5 13 22 80
21 85 70 78 9 0 13 0.40 0.0 0 8.4 20 120 M M 4 13 24 110
22 83 70 77 8 0 12 0.02 0.0 0 6.9 17 60 M M 5 1 25 50
23 85 68 77 8 0 12 0.06 0.0 0 4.3 15 70 M M 4 1 21 60
24 85 66 76 7 0 11 0.01 0.0 0 3.8 13 120 M M 4 1 17 120
25 88 65 77 9 0 12 0.00 0.0 0 3.0 9 360 M M 3 12 13 360
26 86 66 76 8 0 11 0.00 0.0 0 5.6 15 80 M M 5 12 20 80
27 88 72 80 12 0 15 T 0.0 0 6.3 15 110 M M 7 18 120
28 88 69 79 11 0 14 0.00 0.0 0 6.9 14 120 M M 1 1 19 140
29 88 67 78 11 0 13 0.07 0.0 0 11.1 28 250 M M 5 1 36 240
30 73 52 63 -4 2 0 0.00 0.0 0 5.9 15 330 M M 0 19 330
31 84 52 68 1 0 3 0.00 0.0 0 5.8 17 110 M M 0 21 110
================================================================================
SM 2623 2039 2 325 1.74 0.0 185.8 M 120
================================================================================
AV 84.6 65.8 6.0 FASTST M M 4 MAX(MPH)
MISC ----> 28 250 36 240
================================================================================
NOTES:
# LAST OF SEVERAL OCCURRENCES
COLUMN 17 PEAK WIND IN M.P.H.
PRELIMINARY LOCAL CLIMATOLOGICAL DATA (WS FORM: F-6) , PAGE 2
STATION: GAINESVILLE
MONTH: OCTOBER
YEAR: 2020
LATITUDE: 29 40 N
LONGITUDE: 82 16 W
[TEMPERATURE DATA] [PRECIPITATION DATA] SYMBOLS USED IN COLUMN 16
AVERAGE MONTHLY: 75.2 TOTAL FOR MONTH: 1.74 1 = FOG OR MIST
DPTR FM NORMAL: 4.3 DPTR FM NORMAL: -1.14 2 = FOG REDUCING VISIBILITY
HIGHEST: 90 ON 6 GRTST 24HR 0.41 ON 8- 9 TO 1/4 MILE OR LESS
LOWEST: 51 ON 1 3 = THUNDER
SNOW, ICE PELLETS, HAIL 4 = ICE PELLETS
TOTAL MONTH: 0.0 INCH 5 = HAIL
GRTST 24HR 0.0 6 = FREEZING RAIN OR DRIZZLE
GRTST DEPTH: 0 7 = DUSTSTORM OR SANDSTORM:
VSBY 1/2 MILE OR LESS
8 = SMOKE OR HAZE
[NO. OF DAYS WITH] [WEATHER - DAYS WITH] 9 = BLOWING SNOW
X = TORNADO
MAX 32 OR BELOW: 0 0.01 INCH OR MORE: 12
MAX 90 OR ABOVE: 1 0.10 INCH OR MORE: 5
MIN 32 OR BELOW: 0 0.50 INCH OR MORE: 0
MIN 0 OR BELOW: 0 1.00 INCH OR MORE: 0
[HDD (BASE 65) ]
TOTAL THIS MO. 2 CLEAR (SCALE 0-3) 10
DPTR FM NORMAL -25 PTCLDY (SCALE 4-7) 19
TOTAL FM JUL 1 2 CLOUDY (SCALE 8-10) 2
DPTR FM NORMAL -24
[CDD (BASE 65) ]
TOTAL THIS MO. 325
DPTR FM NORMAL 115 [PRESSURE DATA]
TOTAL FM JAN 1 2945 HIGHEST SLP 30.23 ON 17
DPTR FM NORMAL 395 LOWEST SLP 29.81 ON 29
[REMARKS]
#FINAL-10-20#