000
CXUS54 KFWD 010731
CF6GOP
PRELIMINARY LOCAL CLIMATOLOGICAL DATA (WS FORM: F-6)
STATION: GATESVILLE
MONTH: MAY
YEAR: 2023
LATITUDE: 31 25 N
LONGITUDE: 97 48 W
TEMPERATURE IN F: :PCPN: SNOW: WIND :SUNSHINE: SKY :PK WND
================================================================================
1 2 3 4 5 6A 6B 7 8 9 10 11 12 13 14 15 16 17 18
12Z AVG MX 2MIN
DY MAX MIN AVG DEP HDD CDD WTR SNW DPTH SPD SPD DIR MIN PSBL S-S WX SPD DR
================================================================================
1 77 57 67 -1 0 2 0.00 M M 6.6 13 90 M M 1 20 90
2 81 55 68 -1 0 3 0.00 M M 3.1 9 140 M M 4 15 150
3 84 61 73 4 0 8 0.00 M M 4.2 10 150 M M 2 16 140
4 81 64 73 4 0 8 0.26 M M 8.1 14 210 M M 4 3 25 320
5 93 64 79 10 0 14 0.01 M M 7.7 15 130 M M 3 3 25 130
6 M M M M M M 0.01 M M M M M M M M M M
7 M M M M M M M M M M M M M M M M M
8 M M M M M M M M M M M M M M M M M
9 M M M M M M M M M M M M M M M M M
10 M M M M M M M M M M M M M M M M M
11 88 75 82 11 0 17 0.00 M M 10.5 16 190 M M 3 24 190
12 86 73 80 9 0 15 0.05 M M 9.2 16 140 M M 7 39 180
13 75 64 70 -1 0 5 0.18 M M 3.8 13 260 M M 4 20 260
14 82 66 74 2 0 9 0.00 M M 1.1 5 90 M M 6 M M
15 86 66 76 4 0 11 0.53 M M 2.6 20 290 M M 6 13 31 290
16 79 64 72 0 0 7 0.00 M M 2.4 7 350 M M 3 13 340
17 86 61 74 2 0 9 0.00 M M 0.8 7 99 M M 0 8 M M
18 88 64 76 4 0 11 0.00 M M 4.0 8 140 M M 0 1 14 150
19 91 64 78 5 0 13 0.08 M M 6.2 21 M M M 2 13 35 10
20 77 64 71 -2 0 6 0.01 M M 5.8 12 330 M M 2 17 320
21 73 63 68 -5 0 3 0.00 M M 1.1 5 50 M M 2 M M
22 82 57 70 -4 0 5 0.00 M M 1.9 6 99 M M 1 1 13 99
23 86 64 75 1 0 10 0.02 M M 3.9 12 350 M M 3 28 290
24 81 64 73 -1 0 8 0.30 M M 4.3 14 290 M M 3 3 25 290
25 82 66 74 0 0 9 0.00 M M 4.0 8 50 M M 2 15 50
26 82 73 78 4 0 13 0.00 M M 4.6 6 130 M M 3 14 99
27 82 66 74 -1 0 9 0.00 M M 3.8 9 160 M M 1 12 99
28 84 66 75 0 0 10 0.00 M M 7.0 12 160 M M 1 18 150
29 86 64 75 0 0 10 0.00 M M 4.2 8 110 M M 1 15 110
30 88 66 77 2 0 12 0.00 M M 4.0 8 100 M M 0 17 99
31 88 66 77 1 0 12 0.00 M M 4.7 12 140 M M 0 16 150
================================================================================
SM 2168 1677 0 239 1.45 M 119.7 M 64
================================================================================
AV 83.4 64.5 4.6 FASTST M M 2 MAX(MPH)
MISC ----> 21 9999 39 180
================================================================================
NOTES:
# LAST OF SEVERAL OCCURRENCES
COLUMN 17 PEAK WIND IN M.P.H.
PRELIMINARY LOCAL CLIMATOLOGICAL DATA (WS FORM: F-6) , PAGE 2
STATION: GATESVILLE
MONTH: MAY
YEAR: 2023
LATITUDE: 31 25 N
LONGITUDE: 97 48 W
[TEMPERATURE DATA] [PRECIPITATION DATA] SYMBOLS USED IN COLUMN 16
AVERAGE MONTHLY: 73.9 TOTAL FOR MONTH: 1.45 1 = FOG OR MIST
DPTR FM NORMAL: 1.9 DPTR FM NORMAL: M 2 = FOG REDUCING VISIBILITY
HIGHEST: 93 ON 5 GRTST 24HR 0.53 ON 15-15 TO 1/4 MILE OR LESS
LOWEST: 55 ON 2 3 = THUNDER
SNOW, ICE PELLETS, HAIL 4 = ICE PELLETS
TOTAL MONTH: M 5 = HAIL
GRTST 24HR M ON M 6 = FREEZING RAIN OR DRIZZLE
GRTST DEPTH: M ON M 7 = DUSTSTORM OR SANDSTORM:
VSBY 1/2 MILE OR LESS
8 = SMOKE OR HAZE
[NO. OF DAYS WITH] [WEATHER - DAYS WITH] 9 = BLOWING SNOW
X = TORNADO
MAX 32 OR BELOW: 0 0.01 INCH OR MORE: 10
MAX 90 OR ABOVE: 2 0.10 INCH OR MORE: 4
MIN 32 OR BELOW: 0 0.50 INCH OR MORE: 1
MIN 0 OR BELOW: 0 1.00 INCH OR MORE: 0
[HDD (BASE 65) ]
TOTAL THIS MO. 0 CLEAR (SCALE 0-3) 18
DPTR FM NORMAL -13 PTCLDY (SCALE 4-7) 8
TOTAL FM JUL 1 1758 CLOUDY (SCALE 8-10) 5
DPTR FM NORMAL -696
[CDD (BASE 65) ]
TOTAL THIS MO. 239
DPTR FM NORMAL 8 [PRESSURE DATA]
TOTAL FM JAN 1 357 HIGHEST SLP M ON M
DPTR FM NORMAL 24 LOWEST SLP M ON M
[REMARKS]
#FINAL-05-23#