000
CXUS54 KFWD 251720
CF6GOP
PRELIMINARY LOCAL CLIMATOLOGICAL DATA (WS FORM: F-6)
STATION: GATESVILLE
MONTH: MARCH
YEAR: 2021
LATITUDE: 31 25 N
LONGITUDE: 97 48 W
TEMPERATURE IN F: :PCPN: SNOW: WIND :SUNSHINE: SKY :PK WND
================================================================================
1 2 3 4 5 6A 6B 7 8 9 10 11 12 13 14 15 16 17 18
12Z AVG MX 2MIN
DY MAX MIN AVG DEP HDD CDD WTR SNW DPTH SPD SPD DIR MIN PSBL S-S WX SPD DR
================================================================================
1 55 43 49 -3 16 0 0.14 0.0 0 10.2 23 360 M M 7 32 360
2 63 36 50 -2 15 0 0.00 M M 2.5 7 340 M M 0 13 99
3 70 34 52 0 13 0 0.00 0.0 0 3.5 10 150 M M 0 15 99
4 73 43 58 6 7 0 0.00 M M 7.0 16 150 M M 0 22 140
5 73 54 64 11 1 0 0.00 M M 11.8 25 330 M M 3 35 330
6 64 41 53 0 12 0 0.00 M M 4.9 10 70 M M 1 16 40
7 66 32 49 -4 16 0 0.00 M M 3.7 9 170 M M 0 17 80
8 70 39 55 1 10 0 0.00 M M 5.7 14 160 M M 2 20 180
9 73 50 62 8 3 0 0.00 M M 10.6 17 160 M M 5 30 180
10 75 63 69 15 0 4 0.00 M M 12.4 17 200 M M 7 25 200
11 79 66 73 19 0 8 0.00 M M 12.9 21 180 M M 3 32 180
12 81 64 73 19 0 8 0.00 M M 12.0 21 160 M M 5 1 29 180
13 75 64 70 15 0 5 0.03 M M 12.3 23 150 M M 7 1 33 150
14 75 52 64 9 1 0 M M M 8.1 24 250 M M 4 25 160
15 82 48 65 10 0 0 0.00 M M 7.4 21 240 M M 0 26 240
16 81 54 68 12 0 3 M M M 6.4 13 150 M M 3 18 22 140
17 70 48 59 3 6 0 0.04 M M 15.3 25 270 M M 1 8 37 260
18 66 41 54 -2 11 0 0.00 M M 11.2 21 320 M M 0 29 310
19 64 39 52 -4 13 0 0.00 M M 5.4 13 20 M M 0 21 350
20 70 37 54 -3 11 0 0.00 M M 1.7 6 130 M M 0 1 M M
21 70 45 58 1 7 0 0.00 M M 8.5 15 150 M M 2 21 150
22 66 55 61 4 4 0 0.28 M M 10.6 17 140 M M 8 3 29 150
23 75 46 61 3 4 0 0.00 M M 3.8 12 190 M M 0 18 18 190
24 72 46 59 1 6 0 0.00 M M 4.8 12 60 M M 4 1 36 99
25 70 50 60 2 5 0 0.25 M M 6.5 22 330 M M 3 13 24 330
26 81 46 64 6 1 0 0.00 M M 6.4 14 140 M M 0 26 160
27 79 57 68 9 0 3 0.00 M M 2.5 14 350 M M 5 18 25 350
28 72 46 59 0 6 0 0.00 M M 9.1 17 60 M M 0 26 360
29 75 37 56 -3 9 0 0.00 M M 5.7 14 170 M M 0 21 170
30 81 61 71 11 0 6 0.00 M M 9.8 21 210 M M 5 27 190
31 66 46 56 -4 9 0 0.00 M M 10.3 21 50 M M 4 29 30
================================================================================
SM 2232 1483 186 37 0.74 0.0 242.6 M 79
================================================================================
AV 72.0 47.8 7.8 FASTST M M 3 MAX(MPH)
MISC ----> 25 270 37 260
================================================================================
NOTES:
# LAST OF SEVERAL OCCURRENCES
COLUMN 17 PEAK WIND IN M.P.H.
PRELIMINARY LOCAL CLIMATOLOGICAL DATA (WS FORM: F-6) , PAGE 2
STATION: GATESVILLE
MONTH: MARCH
YEAR: 2021
LATITUDE: 31 25 N
LONGITUDE: 97 48 W
[TEMPERATURE DATA] [PRECIPITATION DATA] SYMBOLS USED IN COLUMN 16
AVERAGE MONTHLY: 59.9 TOTAL FOR MONTH: 0.74 1 = FOG OR MIST
DPTR FM NORMAL: 4.2 DPTR FM NORMAL: M 2 = FOG REDUCING VISIBILITY
HIGHEST: 82 ON 15 GRTST 24HR 0.28 ON 22-22 TO 1/4 MILE OR LESS
LOWEST: 32 ON 7 3 = THUNDER
SNOW, ICE PELLETS, HAIL 4 = ICE PELLETS
TOTAL MONTH: 0.0 INCH 5 = HAIL
GRTST 24HR 0.0 6 = FREEZING RAIN OR DRIZZLE
GRTST DEPTH: 0 7 = DUSTSTORM OR SANDSTORM:
VSBY 1/2 MILE OR LESS
8 = SMOKE OR HAZE
[NO. OF DAYS WITH] [WEATHER - DAYS WITH] 9 = BLOWING SNOW
X = TORNADO
MAX 32 OR BELOW: 0 0.01 INCH OR MORE: 5
MAX 90 OR ABOVE: 0 0.10 INCH OR MORE: 3
MIN 32 OR BELOW: 1 0.50 INCH OR MORE: 0
MIN 0 OR BELOW: 0 1.00 INCH OR MORE: 0
[HDD (BASE 65) ]
TOTAL THIS MO. 186 CLEAR (SCALE 0-3) 19
DPTR FM NORMAL -121 PTCLDY (SCALE 4-7) 12
TOTAL FM JUL 1 2090 CLOUDY (SCALE 8-10) 0
DPTR FM NORMAL -250
[CDD (BASE 65) ]
TOTAL THIS MO. 37
DPTR FM NORMAL 19 [PRESSURE DATA]
TOTAL FM JAN 1 40 HIGHEST SLP M ON M
DPTR FM NORMAL 18 LOWEST SLP M ON M
[REMARKS]
#FINAL-03-21#