000
CXUS54 KFWD 010141
CF6GOP
PRELIMINARY LOCAL CLIMATOLOGICAL DATA (WS FORM: F-6)
STATION: GATESVILLE
MONTH: DECEMBER
YEAR: 2020
LATITUDE: 31 25 N
LONGITUDE: 97 48 W
TEMPERATURE IN F: :PCPN: SNOW: WIND :SUNSHINE: SKY :PK WND
================================================================================
1 2 3 4 5 6A 6B 7 8 9 10 11 12 13 14 15 16 17 18
12Z AVG MX 2MIN
DY MAX MIN AVG DEP HDD CDD WTR SNW DPTH SPD SPD DIR MIN PSBL S-S WX SPD DR
================================================================================
1 59 25 42 -8 23 0 0.00 M M 5.8 17 160 M M 1 8 23 180
2 59 37 48 -2 17 0 0.00 M M 6.1 14 330 M M 1 1 24 330
3 48 32 40 -9 25 0 0.00 M M 7.2 13 330 M M 4 23 320
4 57 28 43 -6 22 0 0.00 M M 1.8 7 99 M M 0 8 13 99
5 61 30 46 -3 19 0 M M M 0.9 7 240 M M 3 8 M M
6 63 39 51 3 14 0 0.00 M M 4.6 13 340 M M 2 20 330
7 64 34 49 1 16 0 0.00 M M 2.7 8 330 M M 0 14 340
8 75 36 56 8 9 0 0.00 M M 2.1 7 310 M M 0 M M
9 79 36 58 10 7 0 0.00 M M 2.8 8 230 M M 0 12 190
10 77 37 57 10 8 0 0.00 M M 5.6 18 200 M M 0 23 190
11 70 48 59 12 6 0 0.05 M M 4.1 10 200 M M 2 14 170
12 57 39 48 1 17 0 0.00 M M 3.3 9 350 M M 0 M M
13 48 37 43 -3 22 0 0.06 M M 8.8 23 330 M M 8 1 30 330
14 48 30 39 -7 26 0 0.00 M M 3.8 12 320 M M 2 21 320
15 48 34 41 -5 24 0 0.00 M M 3.3 9 320 M M 7 1 15 320
16 50 28 39 -7 26 0 0.00 M M 5.9 13 310 M M 0 21 310
17 63 25 44 -2 21 0 0.00 M M 2.6 8 260 M M 0 14 260
18 63 37 50 4 15 0 0.00 M M 7.6 16 180 M M 5 22 180
19 63 37 50 4 15 0 0.00 M M 3.9 14 330 M M 3 1 22 330
20 66 32 49 4 16 0 0.00 M M 1.2 7 300 M M 0 M M
21 73 30 52 7 13 0 0.00 M M 2.6 10 200 M M 0 14 200
22 70 37 54 9 11 0 0.00 M M 6.1 14 180 M M 3 22 170
23 75 39 57 12 8 0 0.00 M M 14.8 28 350 M M 1 37 350
24 55 28 42 -3 23 0 0.00 M M 9.4 15 280 M M 0 28 340
25 66 30 48 3 17 0 0.00 M M 3.5 7 140 M M 0 M M
26 70 30 50 5 15 0 0.00 M M 5.9 18 210 M M 0 28 190
27 77 46 62 17 3 0 0.00 M M 6.5 18 220 M M 0 27 210
28 59 43 51 6 14 0 0.00 M M 2.5 8 60 M M 7 1 M M
29 72 54 63 18 2 0 0.00 M M 12.8 21 160 M M 8 1 26 160
30 64 39 52 7 13 0 0.03 M M 9.1 20 350 M M 8 1 29 0
31 39 34 37 -8 28 0 0.94 M M 10.0 14 360 M M 7 1 22 360
================================================================================
SM 1938 1091 495 0 1.08 M 167.2 M 72
================================================================================
AV 62.5 35.2 5.4 FASTST M M 2 MAX(MPH)
MISC ----> 28 350 37 350
================================================================================
NOTES:
# LAST OF SEVERAL OCCURRENCES
COLUMN 17 PEAK WIND IN M.P.H.
PRELIMINARY LOCAL CLIMATOLOGICAL DATA (WS FORM: F-6) , PAGE 2
STATION: GATESVILLE
MONTH: DECEMBER
YEAR: 2020
LATITUDE: 31 25 N
LONGITUDE: 97 48 W
[TEMPERATURE DATA] [PRECIPITATION DATA] SYMBOLS USED IN COLUMN 16
AVERAGE MONTHLY: 48.9 TOTAL FOR MONTH: 1.08 1 = FOG OR MIST
DPTR FM NORMAL: 2.4 DPTR FM NORMAL: M 2 = FOG REDUCING VISIBILITY
HIGHEST: 79 ON 9 GRTST 24HR 0.94 ON 31-31 TO 1/4 MILE OR LESS
LOWEST: 25 ON 17, 1 3 = THUNDER
SNOW, ICE PELLETS, HAIL 4 = ICE PELLETS
TOTAL MONTH: M 5 = HAIL
GRTST 24HR M ON M 6 = FREEZING RAIN OR DRIZZLE
GRTST DEPTH: M ON M 7 = DUSTSTORM OR SANDSTORM:
VSBY 1/2 MILE OR LESS
8 = SMOKE OR HAZE
[NO. OF DAYS WITH] [WEATHER - DAYS WITH] 9 = BLOWING SNOW
X = TORNADO
MAX 32 OR BELOW: 0 0.01 INCH OR MORE: 4
MAX 90 OR ABOVE: 0 0.10 INCH OR MORE: 1
MIN 32 OR BELOW: 12 0.50 INCH OR MORE: 1
MIN 0 OR BELOW: 0 1.00 INCH OR MORE: 0
[HDD (BASE 65) ]
TOTAL THIS MO. 495 CLEAR (SCALE 0-3) 22
DPTR FM NORMAL -82 PTCLDY (SCALE 4-7) 7
TOTAL FM JUL 1 790 CLOUDY (SCALE 8-10) 2
DPTR FM NORMAL -178
[CDD (BASE 65) ]
TOTAL THIS MO. 0
DPTR FM NORMAL -2 [PRESSURE DATA]
TOTAL FM JAN 1 2740 HIGHEST SLP M ON M
DPTR FM NORMAL 424 LOWEST SLP M ON M
[REMARKS]
#FINAL-12-20#