000
CXUS54 KLIX 010810
CF6GPT
PRELIMINARY LOCAL CLIMATOLOGICAL DATA (WS FORM: F-6)
STATION: GULFPORT
MONTH: MAY
YEAR: 2022
LATITUDE: 30 23 N
LONGITUDE: 89 4 W
TEMPERATURE IN F: :PCPN: SNOW: WIND :SUNSHINE: SKY :PK WND
================================================================================
1 2 3 4 5 6A 6B 7 8 9 10 11 12 13 14 15 16 17 18
12Z AVG MX 2MIN
DY MAX MIN AVG DEP HDD CDD WTR SNW DPTH SPD SPD DIR MIN PSBL S-S WX SPD DR
================================================================================
1 86 71 79 8 0 14 0.07 0.0 M 6.3 14 270 M M 3 13 23 280
2 84 71 78 7 0 13 0.00 M M 8.8 18 140 M M 3 23 150
3 85 73 79 7 0 14 0.00 M M 8.8 16 150 M M 4 22 150
4 85 68 77 5 0 12 0.00 M M 5.2 14 150 M M 1 1 20 150
5 84 73 79 7 0 14 0.05 M M 7.9 16 160 M M 4 13 22 180
6 85 65 75 3 0 10 0.61 M M 5.9 32 280 M M 3 13 46 280
7 88 61 75 2 0 10 0.00 M M 3.6 16 270 M M 0 20 280
8 82 64 73 0 0 8 0.00 M M 5.9 12 150 M M 0 15 160
9 84 73 79 6 0 14 0.00 M M 10.7 21 130 M M 6 1 26 130
10 83 68 76 3 0 11 0.00 M M 8.3 17 130 M M 2 22 110
11 87 64 76 2 0 11 0.00 M M 3.6 12 150 M M 0 16 160
12 90 67 79 5 0 14 0.00 0.0 M 4.1 13 160 M M 1 16 190
13 86 69 78 4 0 13 0.00 0.0 M 5.6 15 350 M M 2 38 20 130
14 89 68 79 5 0 14 0.00 0.0 M 6.7 15 150 M M 1 3 21 340
15 89 68 79 4 0 14 0.80 0.0 M 5.4 30 360 M M 2 13 36 360
16 90 68 79 4 0 14 0.06 M M 4.7 13 350 M M 2 13 18 50
17 89 75 82 7 0 17 0.24 M M 5.8 16 140 M M 3 3 20 150
18 89 75 82 6 0 17 0.00 M M 5.8 13 200 M M 1 18 190
19 87 74 81 5 0 16 0.00 M M 6.2 15 160 M M 4 22 150
20 88 79 84 8 0 19 0.00 M M 10.9 18 160 M M 3 24 150
21 89 78 84 8 0 19 T M M 12.7 26 160 M M 6 3 35 160
22 87 72 80 3 0 15 0.02 0.0 M 9.0 22 110 M M 4 25 130
23 83 71 77 0 0 12 2.86 0.0 M 4.8 21 140 M M 4 13 26 150
24 86 72 79 2 0 14 0.39 0.0 M 12.0 28 140 M M 6 13 35 140
25 86 73 80 3 0 15 0.58 0.0 M 12.0 35 140 M M 6 13 43 140
26 87 70 79 1 0 14 0.73 0.0 M 6.0 15 290 M M 3 13 20 290
27 88 68 78 0 0 13 0.00 0.0 M 7.9 20 290 M M 0 27 310
28 84 64 74 -4 0 9 0.00 0.0 M 4.9 13 160 M M 0 18 150
29 86 65 76 -2 0 11 0.00 0.0 M 6.8 17 140 M M 1 22 130
30 86 72 79 1 0 14 1.70 M M 12.7 23 140 M M 5 13 32 180
31 86 77 82 3 0 17 T M M 9.7 20 140 M M 4 26 140
================================================================================
SM 2678 2176 0 422 8.11 0.0 228.7 M 84
================================================================================
AV 86.4 70.2 7.4 FASTST M M 3 MAX(MPH)
MISC ----> 35 140 46 280
================================================================================
NOTES:
# LAST OF SEVERAL OCCURRENCES
COLUMN 17 PEAK WIND IN M.P.H.
PRELIMINARY LOCAL CLIMATOLOGICAL DATA (WS FORM: F-6) , PAGE 2
STATION: GULFPORT
MONTH: MAY
YEAR: 2022
LATITUDE: 30 23 N
LONGITUDE: 89 4 W
[TEMPERATURE DATA] [PRECIPITATION DATA] SYMBOLS USED IN COLUMN 16
AVERAGE MONTHLY: 78.3 TOTAL FOR MONTH: 8.11 1 = FOG OR MIST
DPTR FM NORMAL: 3.3 DPTR FM NORMAL: 3.37 2 = FOG REDUCING VISIBILITY
HIGHEST: 90 ON 16,12 GRTST 24HR 2.95 ON 23-24 TO 1/4 MILE OR LESS
LOWEST: 61 ON 7 3 = THUNDER
SNOW, ICE PELLETS, HAIL 4 = ICE PELLETS
TOTAL MONTH: 0.0 INCH 5 = HAIL
GRTST 24HR 0.0 6 = FREEZING RAIN OR DRIZZLE
GRTST DEPTH: M ON M 7 = DUSTSTORM OR SANDSTORM:
VSBY 1/2 MILE OR LESS
8 = SMOKE OR HAZE
[NO. OF DAYS WITH] [WEATHER - DAYS WITH] 9 = BLOWING SNOW
X = TORNADO
MAX 32 OR BELOW: 0 0.01 INCH OR MORE: 12
MAX 90 OR ABOVE: 2 0.10 INCH OR MORE: 8
MIN 32 OR BELOW: 0 0.50 INCH OR MORE: 6
MIN 0 OR BELOW: 0 1.00 INCH OR MORE: 2
[HDD (BASE 65) ]
TOTAL THIS MO. 0 CLEAR (SCALE 0-3) 17
DPTR FM NORMAL -3 PTCLDY (SCALE 4-7) 14
TOTAL FM JUL 1 1295 CLOUDY (SCALE 8-10) 0
DPTR FM NORMAL -209
[CDD (BASE 65) ]
TOTAL THIS MO. 422
DPTR FM NORMAL 109 [PRESSURE DATA]
TOTAL FM JAN 1 671 HIGHEST SLP M ON M
DPTR FM NORMAL 167 LOWEST SLP 29.75 ON 7
[REMARKS]
#FINAL-05-22#