297
CXUS54 KLIX 010910
CF6GPT
PRELIMINARY LOCAL CLIMATOLOGICAL DATA (WS FORM: F-6)
STATION: GULFPORT
MONTH: NOVEMBER
YEAR: 2020
LATITUDE: 30 23 N
LONGITUDE: 89 4 W
TEMPERATURE IN F: :PCPN: SNOW: WIND :SUNSHINE: SKY :PK WND
================================================================================
1 2 3 4 5 6A 6B 7 8 9 10 11 12 13 14 15 16 17 18
12Z AVG MX 2MIN
DY MAX MIN AVG DEP HDD CDD WTR SNW DPTH SPD SPD DIR MIN PSBL S-S WX SPD DR
================================================================================
1 76 54 65 1 0 0 0.00 M M 9.8 22 350 M M 1 27 340
2 68 47 58 -6 7 0 0.00 M M 9.4 17 350 M M 0 24 10
3 72 39 56 -8 9 0 0.00 M M 2.3 9 70 M M 0 12 80
4 73 44 59 -4 6 0 0.00 M M 3.4 12 140 M M 0 14 110
5 77 49 63 0 2 0 0.00 M M 3.9 9 100 M M 1 13 30
6 79 58 69 6 0 4 0.00 M M 5.8 16 140 M M 1 18 130
7 78 67 73 10 0 8 0.06 M M 6.6 16 80 M M 5 3 19 90
8 80 70 75 13 0 10 0.00 M M 9.9 23 110 M M 3 29 110
9 85 67 76 14 0 11 0.00 M M 8.1 14 100 M M 5 17 80
10 80 71 76 14 0 11 0.02 M M 5.8 12 100 M M 8 18 15 70
11 80 71 76 14 0 11 T M M 5.9 10 360 M M 8 1 13 10
12 83 55 69 8 0 4 0.00 M M 6.9 15 340 M M 3 19 350
13 82 51 67 6 0 2 0.00 M M 3.1 13 40 M M 0 16 30
14 79 54 67 6 0 2 0.00 M M 6.8 18 120 M M 1 22 120
15 84 58 71 11 0 6 0.00 M M 7.6 22 350 M M 2 12 28 350
16 70 46 58 -2 7 0 0.00 M M 7.9 18 50 M M 0 23 30
17 75 40 58 -2 7 0 0.00 M M 6.8 18 10 M M 0 24 10
18 70 46 58 -2 7 0 0.00 M M 5.5 16 60 M M 0 20 70
19 71 47 59 0 6 0 0.00 M M 8.0 21 110 M M 0 26 100
20 74 55 65 6 0 0 0.00 M M 4.9 14 130 M M 1 1 16 130
21 79 53 66 7 0 1 0.00 M M 3.9 15 130 M M 1 1 18 140
22 80 51 66 8 0 1 0.00 M M 3.7 15 360 M M 1 20 290
23 70 49 60 2 5 0 0.00 M M 8.1 16 10 M M 2 24 360
24 74 42 58 0 7 0 0.00 M M 8.4 22 120 M M 1 27 120
25 78 67 73 15 0 8 0.08 M M 6.9 16 140 M M 7 1 21 190
26 74 66 70 12 0 5 1.28 M M 3.3 14 340 M M 10 1 17 340
27 75 63 69 12 0 4 0.54 M M 4.0 13 260 M M 9 1 18 240
28 68 60 64 7 1 0 0.03 M M 6.5 13 40 M M 8 1 18 10
29 71 51 61 4 4 0 1.07 M M 10.3 28 310 M M 10 1 37 310
30 55 35 45 -11 20 0 0.00 M M 13.4 24 300 M M 5 34 300
================================================================================
SM 2260 1626 88 88 3.08 M 196.9 M 93
================================================================================
AV 75.3 54.2 6.6 FASTST M M 3 MAX(MPH)
MISC ----> 28 310 37 310
================================================================================
NOTES:
# LAST OF SEVERAL OCCURRENCES
COLUMN 17 PEAK WIND IN M.P.H.
PRELIMINARY LOCAL CLIMATOLOGICAL DATA (WS FORM: F-6) , PAGE 2
STATION: GULFPORT
MONTH: NOVEMBER
YEAR: 2020
LATITUDE: 30 23 N
LONGITUDE: 89 4 W
[TEMPERATURE DATA] [PRECIPITATION DATA] SYMBOLS USED IN COLUMN 16
AVERAGE MONTHLY: 64.8 TOTAL FOR MONTH: 3.08 1 = FOG OR MIST
DPTR FM NORMAL: 4.5 DPTR FM NORMAL: -1.56 2 = FOG REDUCING VISIBILITY
HIGHEST: 85 ON 9 GRTST 24HR 1.29 ON 26-27 TO 1/4 MILE OR LESS
LOWEST: 35 ON 30 3 = THUNDER
SNOW, ICE PELLETS, HAIL 4 = ICE PELLETS
TOTAL MONTH: M 5 = HAIL
GRTST 24HR M ON M 6 = FREEZING RAIN OR DRIZZLE
GRTST DEPTH: M ON M 7 = DUSTSTORM OR SANDSTORM:
VSBY 1/2 MILE OR LESS
8 = SMOKE OR HAZE
[NO. OF DAYS WITH] [WEATHER - DAYS WITH] 9 = BLOWING SNOW
X = TORNADO
MAX 32 OR BELOW: 0 0.01 INCH OR MORE: 7
MAX 90 OR ABOVE: 0 0.10 INCH OR MORE: 3
MIN 32 OR BELOW: 0 0.50 INCH OR MORE: 3
MIN 0 OR BELOW: 0 1.00 INCH OR MORE: 2
[HDD (BASE 65) ]
TOTAL THIS MO. 88 CLEAR (SCALE 0-3) 20
DPTR FM NORMAL -90 PTCLDY (SCALE 4-7) 6
TOTAL FM JUL 1 104 CLOUDY (SCALE 8-10) 4
DPTR FM NORMAL -119
[CDD (BASE 65) ]
TOTAL THIS MO. 88
DPTR FM NORMAL 51 [PRESSURE DATA]
TOTAL FM JAN 1 2998 HIGHEST SLP 30.48 ON 18
DPTR FM NORMAL 421 LOWEST SLP 29.76 ON 29
[REMARKS]
#FINAL-11-20#