000
CXUS53 KGRB 012129
CF6GRB
PRELIMINARY LOCAL CLIMATOLOGICAL DATA (WS FORM: F-6)
STATION: GREEN BAY WI
MONTH: FEBRUARY
YEAR: 2023
LATITUDE: 44 28 N
LONGITUDE: 88 8 W
TEMPERATURE IN F: :PCPN: SNOW: WIND :SUNSHINE: SKY :PK WND
================================================================================
1 2 3 4 5 6A 6B 7 8 9 10 11 12 13 14 15 16 17 18
12Z AVG MX 2MIN
DY MAX MIN AVG DEP HDD CDD WTR SNW DPTH SPD SPD DIR MIN PSBL S-S WX SPD DR
================================================================================
1 21 1 11 -7 54 0 0.00 0.0 4 7.4 13 220 M M 3 16 200
2 23 0 12 -6 53 0 0.00 0.0 4 13.6 24 310 M M 3 31 310
3 7 -8 0 -18 65 0 0.00 0.0 4 9.6 16 300 M M 3 22 300
4 28 5 17 -1 48 0 0.00 0.0 4 9.7 20 210 M M 2 28 210
5 33 14 24 6 41 0 0.00 0.0 4 5.0 13 320 M M 3 1 17 310
6 39 9 24 5 41 0 0.11 T 4 10.6 26 160 M M 5 12348 36 160
7 41 30 36 17 29 0 T 0.0 2 12.5 23 270 M M 6 33 260
8 43 26 35 16 30 0 0.00 0.0 T 6.3 14 200 M M 0 20 190
9 37 30 34 15 31 0 0.01 T T 8.8 20 310 M M 7 1 28 310
10 35 22 29 9 36 0 0.00 0.0 0 11.1 22 300 M M 2 31 280
11 45 21 33 13 32 0 0.00 0.0 0 10.2 21 210 M M 0 34 200
12 43 26 35 15 30 0 0.00 0.0 0 5.9 13 210 M M 0 19 210
13 45 30 38 18 27 0 0.00 0.0 0 9.6 20 280 M M 1 27 280
14 47 30 39 18 26 0 0.17 0.0 0 11.9 28 140 M M 4 1 38 150
15 48 28 38 17 27 0 0.01 0.0 0 15.6 28 260 M M 8 1 48 250
16 29 18 24 3 41 0 0.17 2.9 3 13.2 22 40 M M 9 1 30 40
17 23 4 14 -8 51 0 0.00 0.0 3 9.5 18 340 M M 1 27 360
18 38 19 29 7 36 0 0.00 0.0 1 7.3 14 220 M M 0 22 230
19 45 30 38 16 27 0 0.00 0.0 0 11.9 21 290 M M 1 29 230
20 37 24 31 9 34 0 0.08 1.1 1 8.0 23 270 M M 4 12 32 270
21 34 19 27 4 38 0 0.05 0.5 1 11.2 29 270 M M 7 18 39 280
22 28 22 25 2 40 0 0.43 7.2 8 22.5 38 40 M M 10 12 51 40
23 25 16 21 -3 44 0 0.32 5.0 11 15.2 26 60 M M 10 18 38 70
24 20 -1 10 -14 55 0 0.03 0.5 11 6.6 14 330 M M 4 1 19 320
25 26 14 20 -4 45 0 0.12 1.9 10 6.9 18 210 M M 4 1 28 200
26 30 12 21 -4 44 0 0.00 0.0 9 5.9 12 290 M M 0 15 290
27 35 22 29 4 36 0 0.87 4.4 9 14.0 25 70 M M 7 16 41 60
28 40 28 34 8 31 0 0.00 0.0 8 7.4 18 300 M M 4 27 320
================================================================================
SM 945 491 1092 0 2.37 23.5 287.4 M 108
================================================================================
AV 33.8 17.5 10.3 FASTST M M 4 MAX(MPH)
MISC ----> 38 40 51 40
================================================================================
NOTES:
# LAST OF SEVERAL OCCURRENCES
COLUMN 17 PEAK WIND IN M.P.H.
PRELIMINARY LOCAL CLIMATOLOGICAL DATA (WS FORM: F-6) , PAGE 2
STATION: GREEN BAY WI
MONTH: FEBRUARY
YEAR: 2023
LATITUDE: 44 28 N
LONGITUDE: 88 8 W
[TEMPERATURE DATA] [PRECIPITATION DATA] SYMBOLS USED IN COLUMN 16
AVERAGE MONTHLY: 25.6 TOTAL FOR MONTH: 2.37 1 = FOG OR MIST
DPTR FM NORMAL: 4.5 DPTR FM NORMAL: 1.17 2 = FOG REDUCING VISIBILITY
HIGHEST: 48 ON 15 GRTST 24HR 0.87 ON 27-27 TO 1/4 MILE OR LESS
LOWEST: -8 ON 3 3 = THUNDER
SNOW, ICE PELLETS, HAIL 4 = ICE PELLETS
TOTAL MONTH: 23.5 INCHES 5 = HAIL
GRTST 24HR 7.2 ON 22-22 6 = FREEZING RAIN OR DRIZZLE
GRTST DEPTH: 11 ON 24,23 7 = DUSTSTORM OR SANDSTORM:
VSBY 1/2 MILE OR LESS
8 = SMOKE OR HAZE
[NO. OF DAYS WITH] [WEATHER - DAYS WITH] 9 = BLOWING SNOW
X = TORNADO
MAX 32 OR BELOW: 11 0.01 INCH OR MORE: 12
MAX 90 OR ABOVE: 0 0.10 INCH OR MORE: 7
MIN 32 OR BELOW: 28 0.50 INCH OR MORE: 1
MIN 0 OR BELOW: 3 1.00 INCH OR MORE: 0
[HDD (BASE 65) ]
TOTAL THIS MO. 1092 CLEAR (SCALE 0-3) 14
DPTR FM NORMAL -137 PTCLDY (SCALE 4-7) 11
TOTAL FM JUL 1 4891 CLOUDY (SCALE 8-10) 3
DPTR FM NORMAL -620
[CDD (BASE 65) ]
TOTAL THIS MO. 0
DPTR FM NORMAL 0 [PRESSURE DATA]
TOTAL FM JAN 1 0 HIGHEST SLP 30.71 ON 24
DPTR FM NORMAL 0 LOWEST SLP 29.22 ON 15
[REMARKS]
#FINAL-02-23#