000
CXUS53 KIWX 010810
CF6GSH
PRELIMINARY LOCAL CLIMATOLOGICAL DATA (WS FORM: F-6)
STATION: GOSHEN
MONTH: APRIL
YEAR: 2021
LATITUDE: 41 31 N
LONGITUDE: 85 47 W
TEMPERATURE IN F: :PCPN: SNOW: WIND :SUNSHINE: SKY :PK WND
================================================================================
1 2 3 4 5 6A 6B 7 8 9 10 11 12 13 14 15 16 17 18
12Z AVG MX 2MIN
DY MAX MIN AVG DEP HDD CDD WTR SNW DPTH SPD SPD DIR MIN PSBL S-S WX SPD DR
================================================================================
1 37 21 29 -15 36 0 T M M 13.2 25 340 M M 6 34 320
2 46 17 32 -12 33 0 0.00 0.0 0 4.4 13 220 M M 0 15 240
3 67 34 51 7 14 0 0.00 0.0 0 13.8 26 210 M M 1 36 220
4 73 36 55 10 10 0 0.00 0.0 0 4.1 12 170 M M 0 8 16 120
5 72 50 61 16 4 0 0.01 0.0 0 8.6 16 250 M M 3 8 22 210
6 78 54 66 21 0 1 0.00 M M 8.6 20 200 M M 1 26 250
7 79 52 66 20 0 1 0.01 M M 10.2 24 170 M M 3 3 35 240
8 72 47 60 14 5 0 0.21 M M 12.1 28 200 M M 6 138 37 200
9 71 47 59 13 6 0 T M M 13.1 28 220 M M 4 36 220
10 71 43 57 10 8 0 0.54 M M 6.9 26 180 M M 6 13 36 190
11 59 46 53 6 12 0 0.37 M M 7.6 18 200 M M 8 18 24 200
12 63 44 54 6 11 0 0.00 M M 9.5 18 290 M M 5 25 280
13 60 35 48 0 17 0 0.00 M M 9.7 24 280 M M 0 32 230
14 53 31 42 -6 23 0 0.00 M M 9.5 21 250 M M 3 1 29 260
15 47 31 39 -10 26 0 T M M 10.9 23 310 M M 7 1 31 330
16 54 34 44 -5 21 0 0.00 M M 9.2 17 320 M M 3 24 350
17 55 30 43 -6 22 0 0.00 M M 5.8 17 300 M M 2 12 22 300
18 60 28 44 -6 21 0 0.00 M M 4.8 15 270 M M 2 17 270
19 61 38 50 0 15 0 0.17 M M 12.1 26 280 M M 6 1 34 270
20 39 31 35 -15 30 0 0.23 M M 7.0 15 330 M M 10 12 20 330
21 46 24 35 -16 30 0 T M M 7.2 28 300 M M 4 1 34 290
22 52 25 39 -12 26 0 0.00 M M 8.0 24 270 M M 2 1 36 310
23 60 34 47 -5 18 0 0.00 M M 9.3 21 240 M M 2 29 190
24 54 41 48 -4 17 0 0.07 M M 3.1 9 140 M M 9 128 12 130
25 50 34 42 -10 23 0 T M M 11.3 21 350 M M 3 18 30 340
26 72 36 54 2 11 0 0.00 M M 13.2 28 170 M M 0 36 180
27 82 54 68 15 0 3 0.00 M M 15.6 26 200 M M 1 36 200
28 74 52 63 10 2 0 0.15 M M 9.2 20 270 M M 5 18 27 280
29 57 48 53 -1 12 0 0.42 M M 9.2 21 310 M M 7 1 28 330
30 57 34 46 -8 19 0 0.00 0.0 M 12.3 28 310 M M 1 38 320
================================================================================
SM 1821 1131 472 5 2.18 0.0 279.5 M 110
================================================================================
AV 60.7 37.7 9.3 FASTST M M 4 MAX(MPH)
MISC ----> # 28 200 38 320
================================================================================
NOTES:
# LAST OF SEVERAL OCCURRENCES
COLUMN 17 PEAK WIND IN M.P.H.
PRELIMINARY LOCAL CLIMATOLOGICAL DATA (WS FORM: F-6) , PAGE 2
STATION: GOSHEN
MONTH: APRIL
YEAR: 2021
LATITUDE: 41 31 N
LONGITUDE: 85 47 W
[TEMPERATURE DATA] [PRECIPITATION DATA] SYMBOLS USED IN COLUMN 16
AVERAGE MONTHLY: 49.2 TOTAL FOR MONTH: 2.18 1 = FOG OR MIST
DPTR FM NORMAL: 0.4 DPTR FM NORMAL: -1.15 2 = FOG REDUCING VISIBILITY
HIGHEST: 82 ON 27 GRTST 24HR 0.57 ON 28-29 TO 1/4 MILE OR LESS
LOWEST: 17 ON 2 3 = THUNDER
SNOW, ICE PELLETS, HAIL 4 = ICE PELLETS
TOTAL MONTH: 0.0 INCH 5 = HAIL
GRTST 24HR 0.0 6 = FREEZING RAIN OR DRIZZLE
GRTST DEPTH: 0 7 = DUSTSTORM OR SANDSTORM:
VSBY 1/2 MILE OR LESS
8 = SMOKE OR HAZE
[NO. OF DAYS WITH] [WEATHER - DAYS WITH] 9 = BLOWING SNOW
X = TORNADO
MAX 32 OR BELOW: 0 0.01 INCH OR MORE: 10
MAX 90 OR ABOVE: 0 0.10 INCH OR MORE: 7
MIN 32 OR BELOW: 9 0.50 INCH OR MORE: 1
MIN 0 OR BELOW: 0 1.00 INCH OR MORE: 0
[HDD (BASE 65) ]
TOTAL THIS MO. 472 CLEAR (SCALE 0-3) 15
DPTR FM NORMAL -20 PTCLDY (SCALE 4-7) 13
TOTAL FM JUL 1 5633 CLOUDY (SCALE 8-10) 2
DPTR FM NORMAL -525
[CDD (BASE 65) ]
TOTAL THIS MO. 5
DPTR FM NORMAL -1 [PRESSURE DATA]
TOTAL FM JAN 1 5 HIGHEST SLP 30.60 ON 2
DPTR FM NORMAL -1 LOWEST SLP 29.34 ON 11
[REMARKS]
#FINAL-04-21#