000
CXGM50 PGUM 241346
CF6GSN
PRELIMINARY LOCAL CLIMATOLOGICAL DATA (WS FORM: F-6)
STATION: SAIPAN/ISLEY_(CGS) MP
MONTH: APRIL
YEAR: 2024
LATITUDE: 15 7 N
LONGITUDE: 145-44 E
TEMPERATURE IN F: :PCPN: SNOW: WIND :SUNSHINE: SKY :PK WND
================================================================================
1 2 3 4 5 6A 6B 7 8 9 10 11 12 13 14 15 16 17 18
12Z AVG MX 2MIN
DY MAX MIN AVG DEP HDD CDD WTR SNW DPTH SPD SPD DIR MIN PSBL S-S WX SPD DR
================================================================================
1 89 78 84 3 0 19 0.12 0.0 0 17.5 24 70 M M 6 34 90
2 90 79 85 4 0 20 T 0.0 0 17.9 25 70 M M 4 32 70
3 90 76 83 2 0 18 0.15 0.0 0 16.8 26 90 M M 5 36 80
4 89 79 84 3 0 19 T 0.0 0 18.4 24 80 M M 5 33 80
5 89 77 83 2 0 18 0.31 0.0 0 16.5 24 80 M M 5 33 70
6 88 78 83 2 0 18 0.10 0.0 0 15.0 23 60 M M 5 37 50
7 89 77 83 2 0 18 0.13 0.0 0 19.0 28 70 M M 3 34 80
8 89 79 84 2 0 19 0.01 0.0 0 16.4 23 80 M M 4 29 80
9 89 78 84 2 0 19 T 0.0 0 15.4 21 90 M M 4 30 80
10 90 79 85 3 0 20 0.02 0.0 0 17.0 25 80 M M 5 36 70
11 89 79 84 2 0 19 0.01 0.0 0 16.3 22 70 M M 4 29 80
12 89 78 84 2 0 19 0.10 0.0 0 14.3 22 90 M M 5 27 90
13 87 77 82 0 0 17 0.35 0.0 0 15.3 22 80 M M 5 30 90
14 89 79 84 2 0 19 T 0.0 0 11.4 17 80 M M 4 28 80
15 88 77 83 1 0 18 0.00 0.0 0 9.2 16 60 M M 2 24 80
16 89 77 83 1 0 18 0.00 0.0 0 10.0 17 80 M M 2 23 80
17 89 78 84 2 0 19 T 0.0 0 9.7 16 50 M M 2 23 40
18 90 77 84 2 0 19 0.00 0.0 0 7.8 14 80 M M 1 24 90
19 90 78 84 2 0 19 0.00 0.0 0 7.8 14 90 M M 2 23 70
20 91 80 86 4 0 21 0.00 0.0 0 11.1 17 90 M M 3 31 120
21 90 79 85 3 0 20 0.10 0.0 0 12.5 18 80 M M 3 26 60
22 92 80 86 4 0 21 0.01 0.0 0 13.8 21 60 M M 3 28 80
23 91 80 86 4 0 21 T 0.0 0 14.2 21 90 M M 2 26 80
================================================================================
SM 2056 1799 0 438 1.41 0.0 323.3 M 84
================================================================================
AV 89.4 78.2 14.1 FASTST M M 4 MAX(MPH)
MISC ----> 28 70 37 50
================================================================================
NOTES:
# LAST OF SEVERAL OCCURRENCES
COLUMN 17 PEAK WIND IN M.P.H.
PRELIMINARY LOCAL CLIMATOLOGICAL DATA (WS FORM: F-6) , PAGE 2
STATION: SAIPAN/ISLEY_(CGS) MP
MONTH: APRIL
YEAR: 2024
LATITUDE: 15 7 N
LONGITUDE: 145-44 E
[TEMPERATURE DATA] [PRECIPITATION DATA] SYMBOLS USED IN COLUMN 16
AVERAGE MONTHLY: 83.8 TOTAL FOR MONTH: 1.41 1 = FOG OR MIST
DPTR FM NORMAL: 2.1 DPTR FM NORMAL: -0.66 2 = FOG REDUCING VISIBILITY
HIGHEST: 92 ON 22 GRTST 24HR 0.44 ON 12-13 TO 1/4 MILE OR LESS
LOWEST: 76 ON 3 3 = THUNDER
SNOW, ICE PELLETS, HAIL 4 = ICE PELLETS
TOTAL MONTH: 0.0 INCH 5 = HAIL
GRTST 24HR 0.0 6 = FREEZING RAIN OR DRIZZLE
GRTST DEPTH: 0 7 = DUSTSTORM OR SANDSTORM:
VSBY 1/2 MILE OR LESS
8 = SMOKE OR HAZE
[NO. OF DAYS WITH] [WEATHER - DAYS WITH] 9 = BLOWING SNOW
X = TORNADO
MAX 32 OR BELOW: 0 0.01 INCH OR MORE: 12
MAX 90 OR ABOVE: 9 0.10 INCH OR MORE: 8
MIN 32 OR BELOW: 0 0.50 INCH OR MORE: 0
MIN 0 OR BELOW: 0 1.00 INCH OR MORE: 0
[HDD (BASE 65) ]
TOTAL THIS MO. 0 CLEAR (SCALE 0-3) 9
DPTR FM NORMAL 0 PTCLDY (SCALE 4-7) 14
TOTAL FM JUL 1 6 CLOUDY (SCALE 8-10) 0
DPTR FM NORMAL 6
[CDD (BASE 65) ]
TOTAL THIS MO. 438
DPTR FM NORMAL 54 [PRESSURE DATA]
TOTAL FM JAN 1 1897 HIGHEST SLP 30.06 ON 1
DPTR FM NORMAL 205 LOWEST SLP 29.97 ON 1
[REMARKS]