261
CXGM50 PGUM 010005
CF6GSN
PRELIMINARY LOCAL CLIMATOLOGICAL DATA (WS FORM: F-6)
STATION: SAIPAN/ISLEY_(CGS) MP
MONTH: APRIL
YEAR: 2020
LATITUDE: 15 7 N
LONGITUDE: 145-44 E
TEMPERATURE IN F: :PCPN: SNOW: WIND :SUNSHINE: SKY :PK WND
================================================================================
1 2 3 4 5 6A 6B 7 8 9 10 11 12 13 14 15 16 17 18
12Z AVG MX 2MIN
DY MAX MIN AVG DEP HDD CDD WTR SNW DPTH SPD SPD DIR MIN PSBL S-S WX SPD DR
================================================================================
1 88 78 83 M 0 18 0.03 0.0 0 16.0 22 80 M M 3 27 90
2 89 79 84 M 0 19 T 0.0 0 16.0 23 70 M M 5 27 70
3 88 78 83 M 0 18 0.01 0.0 0 18.4 29 80 M M 3 36 70
4 88 79 84 M 0 19 0.00 0.0 0 17.9 23 80 M M 2 27 80
5 89 79 84 M 0 19 0.00 0.0 0 16.6 23 80 M M 3 27 60
6 89 78 84 M 0 19 T 0.0 0 12.7 18 80 M M 3 23 90
7 89 78 84 M 0 19 T 0.0 0 14.6 22 80 M M 3 27 80
8 90 78 84 M 0 19 0.00 0.0 0 12.8 18 80 M M 4 25 90
9 89 77 83 M 0 18 0.08 0.0 0 11.6 20 110 M M 7 25 100
10 89 77 83 M 0 18 T 0.0 0 10.5 16 80 M M 5 23 110
11 89 78 84 M 0 19 T 0.0 0 11.2 17 90 M M 3 22 80
12 89 78 84 M 0 19 0.00 0.0 0 11.3 18 100 M M 2 25 90
13 89 77 83 M 0 18 0.00 0.0 0 6.6 14 150 M M 2 19 160
14 91 76 84 M 0 19 0.00 0.0 0 4.6 12 280 M M 1 16 290
15 86 77 82 M 0 17 T 0.0 0 4.0 12 70 M M 2 14 70
16 90 74 82 M 0 17 T 0.0 0 7.6 15 80 M M 1 20 50
17 90 79 85 M 0 20 T 0.0 0 11.3 21 70 M M 3 23 70
18 91 80 86 M 0 21 T 0.0 0 14.9 21 70 M M 3 24 80
19 92 79 86 M 0 21 0.01 0.0 0 16.9 24 90 M M 3 29 100
20 90 80 85 M 0 20 0.02 0.0 0 16.4 24 80 M M 4 28 70
21 92 80 86 M 0 21 0.00 0.0 0 15.9 23 90 M M 3 28 80
22 90 80 85 M 0 20 T 0.0 0 13.5 21 90 M M 4 25 80
23 90 78 84 M 0 19 0.12 0.0 0 14.3 21 70 M M 4 26 80
24 91 78 85 M 0 20 0.05 0.0 0 14.0 21 100 M M 4 26 100
25 92 79 86 M 0 21 T 0.0 0 18.5 28 70 M M 4 32 70
26 92 79 86 M 0 21 0.03 0.0 0 20.8 30 80 M M 6 35 80
27 92 82 87 M 0 22 T 0.0 0 17.9 26 80 M M 6 33 90
28 91 81 86 M 0 21 0.00 0.0 0 16.4 24 80 M M 5 29 80
29 92 81 87 M 0 22 0.00 0.0 0 17.7 24 80 M M 5 29 90
30 92 81 87 M 0 22 0.00 0.0 0 20.4 28 80 M M 7 33 100
================================================================================
SM 2699 2358 0 586 0.35 0.0 421.3 M 110
================================================================================
AV 90.0 78.6 14.0 FASTST M M 4 MAX(MPH)
MISC ----> # 30 80 # 36 70
================================================================================
NOTES:
# LAST OF SEVERAL OCCURRENCES
COLUMN 17 PEAK WIND IN M.P.H.
PRELIMINARY LOCAL CLIMATOLOGICAL DATA (WS FORM: F-6) , PAGE 2
STATION: SAIPAN/ISLEY_(CGS) MP
MONTH: APRIL
YEAR: 2020
LATITUDE: 15 7 N
LONGITUDE: 145-44 E
[TEMPERATURE DATA] [PRECIPITATION DATA] SYMBOLS USED IN COLUMN 16
AVERAGE MONTHLY: 84.3 TOTAL FOR MONTH: 0.35 1 = FOG OR MIST
DPTR FM NORMAL: M DPTR FM NORMAL: -1.97 2 = FOG REDUCING VISIBILITY
HIGHEST: 92 ON 30,29 GRTST 24HR 0.12 ON 23-23 TO 1/4 MILE OR LESS
LOWEST: 74 ON 16 3 = THUNDER
SNOW, ICE PELLETS, HAIL 4 = ICE PELLETS
TOTAL MONTH: 0.0 INCH 5 = HAIL
GRTST 24HR 0.0 6 = FREEZING RAIN OR DRIZZLE
GRTST DEPTH: 0 7 = DUSTSTORM OR SANDSTORM:
VSBY 1/2 MILE OR LESS
8 = SMOKE OR HAZE
[NO. OF DAYS WITH] [WEATHER - DAYS WITH] 9 = BLOWING SNOW
X = TORNADO
MAX 32 OR BELOW: 0 0.01 INCH OR MORE: 8
MAX 90 OR ABOVE: 17 0.10 INCH OR MORE: 1
MIN 32 OR BELOW: 0 0.50 INCH OR MORE: 0
MIN 0 OR BELOW: 0 1.00 INCH OR MORE: 0
[HDD (BASE 65) ]
TOTAL THIS MO. 0 CLEAR (SCALE 0-3) 12
DPTR FM NORMAL M PTCLDY (SCALE 4-7) 18
TOTAL FM JUL 1 0 CLOUDY (SCALE 8-10) 0
DPTR FM NORMAL M
[CDD (BASE 65) ]
TOTAL THIS MO. 586
DPTR FM NORMAL M [PRESSURE DATA]
TOTAL FM JAN 1 2137 HIGHEST SLP M ON M
DPTR FM NORMAL M LOWEST SLP 29.90 ON M
[REMARKS]
#FINAL-04-20#