000
CXUS52 KRAH 010845
CF6GSO
PRELIMINARY LOCAL CLIMATOLOGICAL DATA (WS FORM: F-6)
STATION: PIEDMONT TRIAD INTL AIRPORT NC
MONTH: MARCH
YEAR: 2021
LATITUDE: 36 4 N
LONGITUDE: 79 57 W
TEMPERATURE IN F: :PCPN: SNOW: WIND :SUNSHINE: SKY :PK WND
================================================================================
1 2 3 4 5 6A 6B 7 8 9 10 11 12 13 14 15 16 17 18
12Z AVG MX 2MIN
DY MAX MIN AVG DEP HDD CDD WTR SNW DPTH SPD SPD DIR MIN PSBL S-S WX SPD DR
================================================================================
1 66 44 55 9 10 0 0.28 0.0 0 11.4 24 310 M M 10 1 30 310
2 49 35 42 -4 23 0 0.00 0.0 0 4.2 12 30 M M 8 16 310
3 63 30 47 1 18 0 0.00 0.0 0 3.5 12 320 M M 3 17 330
4 66 35 51 5 14 0 0.00 0.0 0 11.0 24 300 M M 2 32 320
5 52 34 43 -4 22 0 0.00 0.0 0 7.6 16 20 M M 3 23 30
6 54 32 43 -4 22 0 0.00 0.0 0 5.4 17 300 M M 7 22 290
7 51 28 40 -7 25 0 0.00 0.0 0 5.0 18 310 M M 1 32 310
8 61 28 45 -3 20 0 0.00 0.0 0 4.3 13 310 M M 1 17 310
9 70 33 52 4 13 0 0.00 0.0 0 5.9 15 280 M M 5 21 310
10 73 37 55 7 10 0 0.00 0.0 0 6.9 17 200 M M 4 22 200
11 74 47 61 13 4 0 0.00 0.0 0 11.5 22 220 M M 5 28 200
12 76 51 64 15 1 0 T 0.0 0 9.2 20 290 M M 7 29 270
13 66 54 60 11 5 0 0.00 0.0 0 4.1 12 40 M M 9 16 10
14 69 39 54 5 11 0 0.00 0.0 0 6.5 16 310 M M 7 21 290
15 53 44 49 -1 16 0 T 0.0 0 9.1 20 70 M M 9 23 70
16 46 37 42 -8 23 0 0.25 0.0 0 3.0 13 130 M M 10 1 18 130
17 58 41 50 0 15 0 0.01 0.0 0 4.5 10 50 M M 10 1 14 50
18 61 47 54 3 11 0 1.12 0.0 0 5.8 20 330 M M 10 123 29 340
19 54 38 46 -5 19 0 0.42 0.0 0 14.0 25 30 M M 9 12 35 20
20 54 31 43 -8 22 0 0.00 0.0 0 12.3 22 70 M M 6 29 70
21 63 39 51 0 14 0 T 0.0 0 12.7 21 70 M M 5 26 50
22 67 41 54 2 11 0 0.00 0.0 0 10.4 21 50 M M 2 24 70
23 60 47 54 2 11 0 0.03 M 0 7.9 15 70 M M 8 18 18 70
24 67 54 61 9 4 0 T 0.0 M 6.0 14 230 M M 9 12 21 20
25 69 49 59 6 6 0 1.21 0.0 M 5.3 26 310 M M 8 12 31 310
26 81 61 71 18 0 6 0.24 0.0 M 11.5 29 180 M M 7 13 41 190
27 75 54 65 12 0 0 0.37 0.0 M 4.6 31 310 M M 7 13 41 310
28 71 50 61 7 4 0 0.37 0.0 0 16.6 30 310 M M 9 13 38 230
29 61 39 50 -4 15 0 0.00 0.0 0 6.0 21 330 M M 1 28 330
30 71 41 56 2 9 0 0.00 0.0 0 7.8 17 190 M M 3 24 170
31 65 52 59 5 6 0 0.86 0.0 0 8.8 21 200 M M 10 1 27 340
================================================================================
SM 1966 1292 384 6 5.16 0.0 242.8 M 195
================================================================================
AV 63.4 41.7 7.8 FASTST M M 6 MAX(MPH)
MISC ----> 31 310 # 41 190
================================================================================
NOTES:
# LAST OF SEVERAL OCCURRENCES
COLUMN 17 PEAK WIND IN M.P.H.
PRELIMINARY LOCAL CLIMATOLOGICAL DATA (WS FORM: F-6) , PAGE 2
STATION: PIEDMONT TRIAD INTL AIRPORT NC
MONTH: MARCH
YEAR: 2021
LATITUDE: 36 4 N
LONGITUDE: 79 57 W
[TEMPERATURE DATA] [PRECIPITATION DATA] SYMBOLS USED IN COLUMN 16
AVERAGE MONTHLY: 52.5 TOTAL FOR MONTH: 5.16 1 = FOG OR MIST
DPTR FM NORMAL: 2.5 DPTR FM NORMAL: 1.43 2 = FOG REDUCING VISIBILITY
HIGHEST: 81 ON 26 GRTST 24HR 1.45 ON 25-26 TO 1/4 MILE OR LESS
LOWEST: 28 ON 8, 7 3 = THUNDER
SNOW, ICE PELLETS, HAIL 4 = ICE PELLETS
TOTAL MONTH: 0.0 INCH 5 = HAIL
GRTST 24HR 0.0 6 = FREEZING RAIN OR DRIZZLE
GRTST DEPTH: 0 7 = DUSTSTORM OR SANDSTORM:
VSBY 1/2 MILE OR LESS
8 = SMOKE OR HAZE
[NO. OF DAYS WITH] [WEATHER - DAYS WITH] 9 = BLOWING SNOW
X = TORNADO
MAX 32 OR BELOW: 0 0.01 INCH OR MORE: 11
MAX 90 OR ABOVE: 0 0.10 INCH OR MORE: 9
MIN 32 OR BELOW: 5 0.50 INCH OR MORE: 3
MIN 0 OR BELOW: 0 1.00 INCH OR MORE: 2
[HDD (BASE 65) ]
TOTAL THIS MO. 384 CLEAR (SCALE 0-3) 6
DPTR FM NORMAL -86 PTCLDY (SCALE 4-7) 15
TOTAL FM JUL 1 3104 CLOUDY (SCALE 8-10) 10
DPTR FM NORMAL -220
[CDD (BASE 65) ]
TOTAL THIS MO. 6
DPTR FM NORMAL 1 [PRESSURE DATA]
TOTAL FM JAN 1 6 HIGHEST SLP 30.54 ON 8
DPTR FM NORMAL 1 LOWEST SLP 29.57 ON 18
[REMARKS]
#FINAL-03-21#