000
CXUS54 KAMA 010710
CF6GUY
PRELIMINARY LOCAL CLIMATOLOGICAL DATA (WS FORM: F-6)
STATION: GUYMON
MONTH: AUGUST
YEAR: 2023
LATITUDE: 36 41 N
LONGITUDE: 101 30 W
TEMPERATURE IN F: :PCPN: SNOW: WIND :SUNSHINE: SKY :PK WND
================================================================================
1 2 3 4 5 6A 6B 7 8 9 10 11 12 13 14 15 16 17 18
12Z AVG MX 2MIN
DY MAX MIN AVG DEP HDD CDD WTR SNW DPTH SPD SPD DIR MIN PSBL S-S WX SPD DR
================================================================================
1 102 76 89 9 0 24 0.00 M M 11.0 20 190 M M 1 35 200
2 101 66 84 4 0 19 0.00 M M 8.5 22 250 M M 1 3 30 310
3 96 70 83 3 0 18 M M M 6.9 31 260 M M 1 3 44 250
4 93 64 79 -1 0 14 0.00 M M 7.3 21 10 M M 0 31 10
5 92 65 79 -1 0 14 0.17 M M 11.1 25 60 M M 1 138 38 50
6 85 65 75 -5 0 10 0.00 M M 8.1 17 20 M M 3 24 20
7 89 64 77 -3 0 12 0.00 M M 9.8 23 80 M M 4 3 36 80
8 92 61 77 -3 0 12 0.00 M M 8.6 25 90 M M 1 37 90
9 89 64 77 -3 0 12 0.00 M M 9.9 24 50 M M 1 34 40
10 98 61 80 0 0 15 0.00 M M 8.3 20 180 M M 0 33 160
11 97 71 84 5 0 19 T M M 6.4 14 10 M M 0 3 20 80
12 90 66 78 -1 0 13 1.10 M M 9.3 37 250 M M 2 13 53 250
13 93 65 79 0 0 14 0.03 M M 11.4 23 40 M M 2 3 34 30
14 82 61 72 -7 0 7 0.00 M M 7.0 16 30 M M 5 27 40
15 89 56 73 -6 0 8 0.00 M M 6.9 16 190 M M 0 25 210
16 102 64 83 4 0 18 0.00 M M 8.5 22 210 M M 0 29 200
17 94 64 79 1 0 14 0.00 M M 9.3 17 80 M M 0 30 40
18 103 62 83 5 0 18 0.00 M M 9.3 23 220 M M 0 32 220
19 103 69 86 8 0 21 0.00 M M 11.6 23 210 M M 0 34 240
20 100 62 81 3 0 16 0.00 M M 7.7 20 130 M M 0 29 130
21 101 64 83 5 0 18 0.00 M M 8.6 20 140 M M 0 29 140
22 99 66 83 5 0 18 0.00 M M 6.4 16 170 M M 0 3 25 170
23 98 69 84 7 0 19 0.00 M M 9.1 18 180 M M 1 25 170
24 97 64 81 4 0 16 0.00 M M 11.2 24 210 M M 0 40 220
25 101 69 85 8 0 20 0.00 M M 13.4 26 340 M M 1 3 37 350
26 81 65 73 -4 0 8 0.02 M M 10.0 16 10 M M 6 22 360
27 89 61 75 -2 0 10 0.00 M M 4.9 12 100 M M 0 17 70
28 93 60 77 1 0 12 0.00 M M 5.3 14 300 M M 0 20 290
29 90 64 77 1 0 12 0.00 M M 8.9 22 40 M M 1 30 360
30 94 57 76 0 0 11 0.00 M M 3.9 14 160 M M 0 18 10
31 98 58 78 2 0 13 0.00 M M 11.5 24 200 M M 0 37 200
================================================================================
SM 2931 1993 0 455 1.32 M 270.1 M 31
================================================================================
AV 94.5 64.3 8.7 FASTST M M 1 MAX(MPH)
MISC ----> 37 250 53 250
================================================================================
NOTES:
# LAST OF SEVERAL OCCURRENCES
COLUMN 17 PEAK WIND IN M.P.H.
PRELIMINARY LOCAL CLIMATOLOGICAL DATA (WS FORM: F-6) , PAGE 2
STATION: GUYMON
MONTH: AUGUST
YEAR: 2023
LATITUDE: 36 41 N
LONGITUDE: 101 30 W
[TEMPERATURE DATA] [PRECIPITATION DATA] SYMBOLS USED IN COLUMN 16
AVERAGE MONTHLY: 79.4 TOTAL FOR MONTH: 1.32 1 = FOG OR MIST
DPTR FM NORMAL: 0.9 DPTR FM NORMAL: -1.26 2 = FOG REDUCING VISIBILITY
HIGHEST: 103 ON 19,18 GRTST 24HR 1.10 ON 12-12 TO 1/4 MILE OR LESS
LOWEST: 56 ON 15 3 = THUNDER
SNOW, ICE PELLETS, HAIL 4 = ICE PELLETS
TOTAL MONTH: M 5 = HAIL
GRTST 24HR M ON M 6 = FREEZING RAIN OR DRIZZLE
GRTST DEPTH: M ON M 7 = DUSTSTORM OR SANDSTORM:
VSBY 1/2 MILE OR LESS
8 = SMOKE OR HAZE
[NO. OF DAYS WITH] [WEATHER - DAYS WITH] 9 = BLOWING SNOW
X = TORNADO
MAX 32 OR BELOW: 0 0.01 INCH OR MORE: 4
MAX 90 OR ABOVE: 24 0.10 INCH OR MORE: 2
MIN 32 OR BELOW: 0 0.50 INCH OR MORE: 1
MIN 0 OR BELOW: 0 1.00 INCH OR MORE: 1
[HDD (BASE 65) ]
TOTAL THIS MO. 0 CLEAR (SCALE 0-3) 28
DPTR FM NORMAL -1 PTCLDY (SCALE 4-7) 3
TOTAL FM JUL 1 0 CLOUDY (SCALE 8-10) 0
DPTR FM NORMAL 0
[CDD (BASE 65) ]
TOTAL THIS MO. 455
DPTR FM NORMAL 37 [PRESSURE DATA]
TOTAL FM JAN 1 1231 HIGHEST SLP M ON M
DPTR FM NORMAL -157 LOWEST SLP 29.62 ON 9
[REMARKS]
#FINAL-08-23#