000
CXUS54 KJAN 011410
CF6GWO
PRELIMINARY LOCAL CLIMATOLOGICAL DATA (WS FORM: F-6)
STATION: GREENWOOD
MONTH: MAY
YEAR: 2023
LATITUDE: 33 30 N
LONGITUDE: 90 5 W
TEMPERATURE IN F: :PCPN: SNOW: WIND :SUNSHINE: SKY :PK WND
================================================================================
1 2 3 4 5 6A 6B 7 8 9 10 11 12 13 14 15 16 17 18
12Z AVG MX 2MIN
DY MAX MIN AVG DEP HDD CDD WTR SNW DPTH SPD SPD DIR MIN PSBL S-S WX SPD DR
================================================================================
1 73 48 61 -7 4 0 0.00 0.0 0 2.9 13 240 M M 0 24 320
2 78 45 62 -6 3 0 0.00 0.0 0 3.7 16 340 M M 0 29 360
3 78 45 62 -7 3 0 0.00 0.0 0 2.3 14 30 M M 0 21 360
4 82 51 67 -2 0 2 0.00 0.0 0 5.3 13 120 M M 0 18 120
5 75 60 68 -1 0 3 0.19 0.0 0 6.0 15 120 M M 7 1 21 120
6 88 66 77 7 0 12 0.00 0.0 0 9.7 18 180 M M 5 24 170
7 88 68 78 8 0 13 0.42 0.0 0 9.3 21 200 M M 4 13 29 210
8 87 70 79 9 0 14 0.00 0.0 0 8.3 15 210 M M 3 1 21 210
9 91 69 80 10 0 15 0.00 0.0 0 3.8 15 200 M M 1 18 19 190
10 82 69 76 5 0 11 0.21 0.0 0 5.4 21 120 M M 4 138 31 120
11 87 69 78 7 0 13 0.52 0.0 0 8.1 37 210 M M 5 13 51 210
12 78 66 72 1 0 7 0.17 0.0 0 7.1 21 160 M M 4 13 29 170
13 90 62 76 4 0 11 0.00 0.0 0 2.4 10 210 M M 1 14 200
14 93 69 81 9 0 16 0.00 0.0 0 2.8 12 70 M M 1 3 14 80
15 94 70 82 10 0 17 0.00 0.0 0 2.5 7 220 M M 1 3 13 340
16 90 71 81 9 0 16 0.61 0.0 0 2.1 22 350 M M 2 138 36 360
17 82 69 76 3 0 11 0.24 0.0 0 5.8 14 10 M M 8 13 20 360
18 82 68 75 2 0 10 0.10 0.0 0 2.8 15 40 M M 6 38 19 50
19 88 67 78 5 0 13 0.00 0.0 0 4.0 10 140 M M 3 12 14 130
20 80 64 72 -2 0 7 0.00 0.0 0 5.9 15 360 M M 6 1 22 360
21 79 61 70 -4 0 5 0.00 0.0 0 4.2 12 30 M M 0 18 16 50
22 86 65 76 2 0 11 0.00 0.0 0 2.0 13 100 M M 0 1 18 100
23 85 66 76 2 0 11 0.00 0.0 0 8.3 21 70 M M 3 25 60
24 84 64 74 0 0 9 0.00 0.0 0 5.6 17 80 M M 4 24 90
25 87 61 74 -1 0 9 0.00 0.0 0 5.7 18 30 M M 0 1 25 30
26 87 61 74 -1 0 9 0.00 0.0 0 5.8 16 20 M M 1 23 30
27 82 62 72 -3 0 7 0.17 0.0 0 5.0 16 20 M M 3 13 24 360
28 86 58 72 -4 0 7 0.00 0.0 0 2.3 9 30 M M 0 1 13 20
29 87 62 75 -1 0 10 0.00 0.0 0 3.7 12 40 M M 0 15 50
30 87 60 74 -2 0 9 0.00 0.0 0 2.6 9 80 M M 2 14 360
31 89 65 77 1 0 12 0.00 0.0 0 4.8 13 120 M M 2 17 120
================================================================================
SM 2625 1951 10 290 2.63 0.0 150.2 M 76
================================================================================
AV 84.7 62.9 4.8 FASTST M M 2 MAX(MPH)
MISC ----> 37 210 51 210
================================================================================
NOTES:
# LAST OF SEVERAL OCCURRENCES
COLUMN 17 PEAK WIND IN M.P.H.
PRELIMINARY LOCAL CLIMATOLOGICAL DATA (WS FORM: F-6) , PAGE 2
STATION: GREENWOOD
MONTH: MAY
YEAR: 2023
LATITUDE: 33 30 N
LONGITUDE: 90 5 W
[TEMPERATURE DATA] [PRECIPITATION DATA] SYMBOLS USED IN COLUMN 16
AVERAGE MONTHLY: 73.8 TOTAL FOR MONTH: 2.63 1 = FOG OR MIST
DPTR FM NORMAL: 1.5 DPTR FM NORMAL: -1.81 2 = FOG REDUCING VISIBILITY
HIGHEST: 94 ON 15 GRTST 24HR 0.85 ON 16-17 TO 1/4 MILE OR LESS
LOWEST: 45 ON 3, 2 3 = THUNDER
SNOW, ICE PELLETS, HAIL 4 = ICE PELLETS
TOTAL MONTH: 0.0 INCH 5 = HAIL
GRTST 24HR 0.0 6 = FREEZING RAIN OR DRIZZLE
GRTST DEPTH: 0 7 = DUSTSTORM OR SANDSTORM:
VSBY 1/2 MILE OR LESS
8 = SMOKE OR HAZE
[NO. OF DAYS WITH] [WEATHER - DAYS WITH] 9 = BLOWING SNOW
X = TORNADO
MAX 32 OR BELOW: 0 0.01 INCH OR MORE: 9
MAX 90 OR ABOVE: 5 0.10 INCH OR MORE: 9
MIN 32 OR BELOW: 0 0.50 INCH OR MORE: 2
MIN 0 OR BELOW: 0 1.00 INCH OR MORE: 0
[HDD (BASE 65) ]
TOTAL THIS MO. 10 CLEAR (SCALE 0-3) 21
DPTR FM NORMAL -6 PTCLDY (SCALE 4-7) 10
TOTAL FM JUL 1 1821 CLOUDY (SCALE 8-10) 0
DPTR FM NORMAL -749
[CDD (BASE 65) ]
TOTAL THIS MO. 290
DPTR FM NORMAL 47 [PRESSURE DATA]
TOTAL FM JAN 1 481 HIGHEST SLP 30.18 ON 15
DPTR FM NORMAL 124 LOWEST SLP 29.78 ON 17
[REMARKS]
#FINAL-05-23#