000
CXUS54 KJAN 011510
CF6GWO
PRELIMINARY LOCAL CLIMATOLOGICAL DATA (WS FORM: F-6)
STATION: GREENWOOD
MONTH: DECEMBER
YEAR: 2020
LATITUDE: 33 30 N
LONGITUDE: 90 5 W
TEMPERATURE IN F: :PCPN: SNOW: WIND :SUNSHINE: SKY :PK WND
================================================================================
1 2 3 4 5 6A 6B 7 8 9 10 11 12 13 14 15 16 17 18
12Z AVG MX 2MIN
DY MAX MIN AVG DEP HDD CDD WTR SNW DPTH SPD SPD DIR MIN PSBL S-S WX SPD DR
================================================================================
1 52 24 38 -11 27 0 0.00 0.0 0 2.4 8 190 M M 0 13 190
2 61 27 44 -5 21 0 T 0.0 0 6.5 15 110 M M 0 21 80
3 54 44 49 0 16 0 0.47 0.0 0 3.7 10 150 M M 10 1 16 140
4 51 36 44 -4 21 0 0.08 0.0 0 2.9 12 250 M M 7 1 21 240
5 59 30 45 -3 20 0 T 0.0 0 2.2 9 230 M M 1 12 12 230
6 60 33 47 -1 18 0 T 0.0 0 3.6 10 340 M M 2 12 18 350
7 53 31 42 -6 23 0 0.00 0.0 0 2.2 14 350 M M 3 12 18 310
8 63 28 46 -1 19 0 0.00 0.0 0 1.9 8 250 M M 0 1 14 220
9 69 32 51 4 14 0 0.00 0.0 0 2.5 12 220 M M 0 17 210
10 75 37 56 9 9 0 0.00 0.0 0 2.7 14 230 M M 0 19 210
11 73 41 57 10 8 0 0.18 0.0 0 9.3 20 170 M M 3 1 26 170
12 65 41 53 7 12 0 0.16 0.0 0 4.1 17 180 M M 6 12 24 170
13 62 35 49 3 16 0 1.79 0.0 0 9.0 25 30 M M 4 1 33 30
14 47 31 39 -7 26 0 0.06 0.0 0 7.6 16 360 M M 9 1 28 340
15 43 36 40 -6 25 0 0.09 0.0 0 5.0 12 70 M M 10 1 16 80
16 40 37 39 -7 26 0 0.06 0.0 0 5.2 12 350 M M 10 1 21 340
17 46 28 37 -8 28 0 0.00 0.0 0 1.8 10 230 M M 4 1 16 270
18 57 26 42 -3 23 0 T 0.0 0 4.8 13 120 M M 0 19 120
19 54 42 48 3 17 0 0.54 0.0 0 7.2 17 160 M M 8 1 24 150
20 52 42 47 2 18 0 0.05 0.0 0 2.1 7 180 M M 10 12 11 310
21 65 40 53 8 12 0 0.00 0.0 0 5.6 13 230 M M 4 12 19 250
22 69 34 52 7 13 0 0.00 M M 5.3 14 150 M M 0 18 150
23 68 47 58 14 7 0 0.66 M M 13.2 23 180 M M 7 13 30 180
24 54 32 43 -1 22 0 0.02 M M 8.1 17 310 M M 5 32 310
25 39 26 33 -11 32 0 0.00 M M 4.3 13 310 M M 1 20 340
26 58 25 42 -2 23 0 0.00 M M 6.0 14 200 M M 0 18 210
27 68 34 51 7 14 0 0.00 M M 10.2 23 210 M M 1 30 230
28 63 40 52 8 13 0 0.00 M M 5.6 13 200 M M 6 18 190
29 69 44 57 13 8 0 0.00 M M 8.4 17 150 M M 5 22 120
30 75 53 64 20 1 0 0.15 M M 10.2 28 190 M M 7 1 38 200
31 63 48 56 12 9 0 0.75 0.0 0 12.4 22 80 M M 10 1 29 80
================================================================================
SM 1827 1104 541 0 5.06 0.0 176.0 M 133
================================================================================
AV 58.9 35.6 5.7 FASTST M M 4 MAX(MPH)
MISC ----> 28 190 38 200
================================================================================
NOTES:
# LAST OF SEVERAL OCCURRENCES
COLUMN 17 PEAK WIND IN M.P.H.
PRELIMINARY LOCAL CLIMATOLOGICAL DATA (WS FORM: F-6) , PAGE 2
STATION: GREENWOOD
MONTH: DECEMBER
YEAR: 2020
LATITUDE: 33 30 N
LONGITUDE: 90 5 W
[TEMPERATURE DATA] [PRECIPITATION DATA] SYMBOLS USED IN COLUMN 16
AVERAGE MONTHLY: 47.3 TOTAL FOR MONTH: 5.06 1 = FOG OR MIST
DPTR FM NORMAL: 1.4 DPTR FM NORMAL: -0.59 2 = FOG REDUCING VISIBILITY
HIGHEST: 75 ON 30,10 GRTST 24HR 1.85 ON 13-14 TO 1/4 MILE OR LESS
LOWEST: 24 ON 1 3 = THUNDER
SNOW, ICE PELLETS, HAIL 4 = ICE PELLETS
TOTAL MONTH: 0.0 INCH 5 = HAIL
GRTST 24HR 0.0 6 = FREEZING RAIN OR DRIZZLE
GRTST DEPTH: 0 7 = DUSTSTORM OR SANDSTORM:
VSBY 1/2 MILE OR LESS
8 = SMOKE OR HAZE
[NO. OF DAYS WITH] [WEATHER - DAYS WITH] 9 = BLOWING SNOW
X = TORNADO
MAX 32 OR BELOW: 0 0.01 INCH OR MORE: 14
MAX 90 OR ABOVE: 0 0.10 INCH OR MORE: 8
MIN 32 OR BELOW: 12 0.50 INCH OR MORE: 4
MIN 0 OR BELOW: 0 1.00 INCH OR MORE: 1
[HDD (BASE 65) ]
TOTAL THIS MO. 541 CLEAR (SCALE 0-3) 14
DPTR FM NORMAL -57 PTCLDY (SCALE 4-7) 10
TOTAL FM JUL 1 872 CLOUDY (SCALE 8-10) 7
DPTR FM NORMAL -194
[CDD (BASE 65) ]
TOTAL THIS MO. 0
DPTR FM NORMAL -5 [PRESSURE DATA]
TOTAL FM JAN 1 2323 HIGHEST SLP 30.43 ON 18
DPTR FM NORMAL 159 LOWEST SLP 29.71 ON 31
[REMARKS]
#FINAL-12-20#