000
CXUS54 KFWD 010730
CF6GYI
PRELIMINARY LOCAL CLIMATOLOGICAL DATA (WS FORM: F-6)
STATION: SHERMAN/DENISON
MONTH: OCTOBER
YEAR: 2021
LATITUDE: 33 42 N
LONGITUDE: 96 40 W
TEMPERATURE IN F: :PCPN: SNOW: WIND :SUNSHINE: SKY :PK WND
================================================================================
1 2 3 4 5 6A 6B 7 8 9 10 11 12 13 14 15 16 17 18
12Z AVG MX 2MIN
DY MAX MIN AVG DEP HDD CDD WTR SNW DPTH SPD SPD DIR MIN PSBL S-S WX SPD DR
================================================================================
1 78 64 71 2 0 6 0.00 M M 3.3 7 60 M M 4 1 M M
2 84 65 75 6 0 10 0.00 M M 5.1 12 260 M M 5 1 M M
3 83 60 72 3 0 7 0.00 M M 2.6 10 350 M M 1 M M
4 87 56 72 4 0 7 0.00 M M 4.4 16 10 M M 0 25 10
5 84 55 70 2 0 5 0.00 M M 2.7 8 40 M M 0 M M
6 83 53 68 0 0 3 0.00 M M 2.6 6 310 M M 0 M M
7 90 57 74 7 0 9 0.00 M M 6.2 13 160 M M 0 17 190
8 92 67 80 13 0 15 0.00 M M 12.8 21 190 M M 0 31 180
9 92 69 81 14 0 16 0.00 M M 14.2 22 190 M M 0 25 190
10 89 66 78 12 0 13 0.10 M M 16.9 29 170 M M 4 3 36 270
11 81 57 69 3 0 4 0.00 M M 6.8 22 260 M M 1 32 260
12 78 56 67 1 0 2 0.00 M M 10.1 17 110 M M 7 22 110
13 78 46 62 -4 3 0 1.02 M M 9.4 23 170 M M 9 3 32 260
14 80 65 73 8 0 8 0.06 M M 5.5 16 100 M M 6 1 20 110
15 73 52 63 -2 2 0 0.00 M M 10.5 20 340 M M 3 29 340
16 72 44 58 -7 7 0 0.00 M M 3.5 13 330 M M 0 18 360
17 75 44 60 -4 5 0 0.00 M M 3.4 8 150 M M 0 8 M M
18 75 47 61 -3 4 0 0.00 M M 7.8 14 150 M M 0 20 150
19 79 57 68 4 0 3 0.00 M M 11.2 17 140 M M 0 22 140
20 80 64 72 9 0 7 0.00 M M 8.6 14 180 M M 5 21 170
21 77 58 68 5 0 3 0.00 M M 5.9 10 360 M M 2 M M
22 83 53 68 5 0 3 0.00 M M 6.7 13 140 M M 0 M M
23 85 64 75 13 0 10 0.00 M M 13.6 20 190 M M 2 25 170
24 83 62 73 11 0 8 0.00 M M 12.7 21 170 M M 3 28 170
25 82 51 67 5 0 2 0.00 M M 5.4 9 110 M M 0 1 M M
26 82 63 73 11 0 8 0.00 M M 13.7 22 150 M M 5 28 130
27 76 55 66 5 0 1 0.50 M M 12.4 26 310 M M 8 32 310
28 70 55 63 2 2 0 0.00 M M 20.6 33 300 M M 1 48 300
29 70 44 57 -3 8 0 0.00 M M 16.5 29 310 M M 0 35 330
30 73 38 56 -4 9 0 0.00 M M 2.7 7 90 M M 0 8 M M
31 75 46 61 1 4 0 0.00 M M 6.5 12 100 M M 0 8 M M
================================================================================
SM 2489 1733 44 150 1.68 M 264.1 M 66
================================================================================
AV 80.3 55.9 8.5 FASTST M M 2 MAX(MPH)
MISC ----> 33 300 48 300
================================================================================
NOTES:
# LAST OF SEVERAL OCCURRENCES
COLUMN 17 PEAK WIND IN M.P.H.
PRELIMINARY LOCAL CLIMATOLOGICAL DATA (WS FORM: F-6) , PAGE 2
STATION: SHERMAN/DENISON
MONTH: OCTOBER
YEAR: 2021
LATITUDE: 33 42 N
LONGITUDE: 96 40 W
[TEMPERATURE DATA] [PRECIPITATION DATA] SYMBOLS USED IN COLUMN 16
AVERAGE MONTHLY: 68.1 TOTAL FOR MONTH: 1.68 1 = FOG OR MIST
DPTR FM NORMAL: 3.6 DPTR FM NORMAL: -3.61 2 = FOG REDUCING VISIBILITY
HIGHEST: 92 ON 9, 8 GRTST 24HR 1.02 ON 13-13 TO 1/4 MILE OR LESS
LOWEST: 38 ON 30 3 = THUNDER
SNOW, ICE PELLETS, HAIL 4 = ICE PELLETS
TOTAL MONTH: M 5 = HAIL
GRTST 24HR M ON M 6 = FREEZING RAIN OR DRIZZLE
GRTST DEPTH: M ON M 7 = DUSTSTORM OR SANDSTORM:
VSBY 1/2 MILE OR LESS
8 = SMOKE OR HAZE
[NO. OF DAYS WITH] [WEATHER - DAYS WITH] 9 = BLOWING SNOW
X = TORNADO
MAX 32 OR BELOW: 0 0.01 INCH OR MORE: 4
MAX 90 OR ABOVE: 3 0.10 INCH OR MORE: 3
MIN 32 OR BELOW: 0 0.50 INCH OR MORE: 2
MIN 0 OR BELOW: 0 1.00 INCH OR MORE: 1
[HDD (BASE 65) ]
TOTAL THIS MO. 44 CLEAR (SCALE 0-3) 21
DPTR FM NORMAL -62 PTCLDY (SCALE 4-7) 9
TOTAL FM JUL 1 96 CLOUDY (SCALE 8-10) 1
DPTR FM NORMAL -23
[CDD (BASE 65) ]
TOTAL THIS MO. 150
DPTR FM NORMAL 58 [PRESSURE DATA]
TOTAL FM JAN 1 2240 HIGHEST SLP M ON M
DPTR FM NORMAL 88 LOWEST SLP M ON M
[REMARKS]
#FINAL-10-21#