740
CXUS54 KJAN 020036
CF6HBG
PRELIMINARY LOCAL CLIMATOLOGICAL DATA (WS FORM: F-6)
STATION: HATTIESBURG
MONTH: JANUARY
YEAR: 2021
LATITUDE: 31 16 N
LONGITUDE: 89 15 W
TEMPERATURE IN F: :PCPN: SNOW: WIND :SUNSHINE: SKY :PK WND
================================================================================
1 2 3 4 5 6A 6B 7 8 9 10 11 12 13 14 15 16 17 18
12Z AVG MX 2MIN
DY MAX MIN AVG DEP HDD CDD WTR SNW DPTH SPD SPD DIR MIN PSBL S-S WX SPD DR
================================================================================
1 70 49 60 11 5 0 T 0.0 0 7.7 20 200 M M 3 1 29 220
2 57 42 50 1 15 0 0.00 0.0 0 5.9 16 290 M M 6 23 300
3 59 31 45 -4 20 0 0.00 0.0 0 2.0 13 310 M M 0 20 320
4 68 30 49 0 16 0 0.00 0.0 0 2.4 12 250 M M 1 1 18 200
5 66 35 51 2 14 0 0.00 0.0 0 2.7 12 350 M M 1 1 18 10
6 60 29 45 -4 20 0 0.00 0.0 0 3.6 16 110 M M 0 23 100
7 56 43 50 1 15 0 0.13 0.0 0 10.1 20 290 M M 9 1 28 280
8 45 39 42 -7 23 0 0.00 0.0 0 10.9 18 290 M M 10 26 290
9 49 28 39 -10 26 0 0.00 0.0 0 7.1 15 360 M M 4 23 10
10 40 28 34 -15 31 0 T M M 3.0 10 60 M M 10 17 30
11 41 36 39 -10 26 0 T 0.0 0 8.3 14 360 M M 10 1 21 340
12 49 29 39 -10 26 0 0.00 0.0 0 3.9 13 310 M M 6 1 17 300
13 56 28 42 -7 23 0 0.00 0.0 0 2.6 9 310 M M 2 1 14 310
14 67 28 48 0 17 0 T 0.0 0 5.3 18 180 M M 1 18 27 170
15 59 35 47 -1 18 0 0.00 0.0 0 8.6 24 270 M M 0 40 260
16 53 29 41 -7 24 0 0.00 0.0 0 5.8 17 300 M M 0 24 280
17 61 27 44 -4 21 0 0.00 0.0 0 3.9 15 270 M M 1 23 280
18 62 28 45 -3 20 0 0.00 0.0 0 2.5 12 310 M M 0 18 270
19 73 31 52 4 13 0 0.00 0.0 0 3.9 14 170 M M 0 21 190
20 68 47 58 10 7 0 0.00 0.0 0 1.3 8 50 M M 5 12 60
21 67 55 61 13 4 0 1.32 0.0 0 4.8 15 220 M M 10 13 22 200
22 64 55 60 12 5 0 1.16 0.0 0 3.5 13 40 M M 10 1 17 40
23 63 50 57 9 8 0 0.01 0.0 0 3.9 12 40 M M 9 1 15 40
24 71 50 61 13 4 0 0.00 0.0 0 5.6 14 190 M M 10 21 180
25 77 65 71 23 0 6 0.10 0.0 0 9.7 22 190 M M 10 13 32 180
26 72 57 65 16 0 0 0.58 0.0 0 4.3 14 350 M M 9 13 20 360
27 63 44 54 5 11 0 0.30 0.0 0 7.8 20 350 M M 7 1 28 320
28 54 36 45 -4 20 0 0.00 0.0 0 7.1 17 350 M M 2 28 320
29 62 29 46 -3 19 0 0.00 0.0 0 1.1 7 140 M M 0 11 20
30 65 33 49 0 16 0 T 0.0 0 7.7 20 140 M M 6 25 150
31 74 47 61 12 4 0 0.09 0.0 0 12.2 22 320 M M 8 1 33 340
================================================================================
SM 1891 1193 471 6 3.69 0.0 169.2 M 150
================================================================================
AV 61.0 38.5 5.5 FASTST M M 5 MAX(MPH)
MISC ----> 24 270 40 260
================================================================================
NOTES:
# LAST OF SEVERAL OCCURRENCES
COLUMN 17 PEAK WIND IN M.P.H.
PRELIMINARY LOCAL CLIMATOLOGICAL DATA (WS FORM: F-6) , PAGE 2
STATION: HATTIESBURG
MONTH: JANUARY
YEAR: 2021
LATITUDE: 31 16 N
LONGITUDE: 89 15 W
[TEMPERATURE DATA] [PRECIPITATION DATA] SYMBOLS USED IN COLUMN 16
AVERAGE MONTHLY: 49.7 TOTAL FOR MONTH: 3.69 1 = FOG OR MIST
DPTR FM NORMAL: 1.1 DPTR FM NORMAL: -2.05 2 = FOG REDUCING VISIBILITY
HIGHEST: 77 ON 25 GRTST 24HR 1.32 ON 21-21 TO 1/4 MILE OR LESS
LOWEST: 27 ON 17 3 = THUNDER
SNOW, ICE PELLETS, HAIL 4 = ICE PELLETS
TOTAL MONTH: 0.0 INCH 5 = HAIL
GRTST 24HR 0.0 6 = FREEZING RAIN OR DRIZZLE
GRTST DEPTH: 0 7 = DUSTSTORM OR SANDSTORM:
VSBY 1/2 MILE OR LESS
8 = SMOKE OR HAZE
[NO. OF DAYS WITH] [WEATHER - DAYS WITH] 9 = BLOWING SNOW
X = TORNADO
MAX 32 OR BELOW: 0 0.01 INCH OR MORE: 8
MAX 90 OR ABOVE: 0 0.10 INCH OR MORE: 6
MIN 32 OR BELOW: 13 0.50 INCH OR MORE: 3
MIN 0 OR BELOW: 0 1.00 INCH OR MORE: 2
[HDD (BASE 65) ]
TOTAL THIS MO. 471 CLEAR (SCALE 0-3) 14
DPTR FM NORMAL -43 PTCLDY (SCALE 4-7) 7
TOTAL FM JUL 1 1163 CLOUDY (SCALE 8-10) 10
DPTR FM NORMAL -141
[CDD (BASE 65) ]
TOTAL THIS MO. 6
DPTR FM NORMAL 0 [PRESSURE DATA]
TOTAL FM JAN 1 6 HIGHEST SLP 30.56 ON 28
DPTR FM NORMAL 0 LOWEST SLP 29.77 ON 25
[REMARKS]
#FINAL-01-21#