000
CXUS54 KJAN 040838
CLMHBG
CLIMATE REPORT
NATIONAL WEATHER SERVICE JACKSON MS
238 AM CST MON DEC 04 2023
...................................
...THE HATTIESBURG CLIMATE SUMMARY FOR THE MONTH OF NOVEMBER 2023...
CLIMATE NORMAL PERIOD: 1991 TO 2020
CLIMATE RECORD PERIOD: 1893 TO 2023
WEATHER OBSERVED NORMAL DEPART LAST YEAR`S
VALUE DATE(S) VALUE FROM VALUE DATE(S)
NORMAL
................................................................
TEMPERATURE (F)
RECORD
HIGH 88 11/07/2022
LOW 18 11/25/1950
11/12/1950
HIGHEST 84 11/08 MM MM 88 11/07
LOWEST 28 11/02 MM MM 27 11/18
AVG. MAXIMUM 69.1 69.2 -0.1 70.3
AVG. MINIMUM 46.3 44.0 2.3 46.8
MEAN 57.7 56.6 1.1 58.5
DAYS MAX >= 90 0 0.0 0.0 0
DAYS MAX <= 32 0 0.0 0.0 0
DAYS MIN <= 32 3 3.9 -0.9 5
DAYS MIN <= 0 0 0.0 0.0 0
PRECIPITATION (INCHES)
RECORD
MAXIMUM 15.15 1948
MINIMUM 0.37 1949
TOTALS 2.65 3.70 -1.05 8.76
DAILY AVG. 0.09 0.12 -0.03 0.29
DAYS >= .01 10 8.2 1.8 7
DAYS >= .10 5 4.9 0.1 6
DAYS >= .50 1 2.6 -1.6 6
DAYS >= 1.00 1 1.0 0.0 4
GREATEST
24 HR. TOTAL 1.62 11/21 TO 11/21 2.84
SNOWFALL (INCHES)
TOTALS 0.0
SINCE 7/1 0.0
DAYS >= TRACE 0
DAYS >= 1.0 0
GREATEST
24 HR TOTAL MM
DEGREE DAYS
HEATING TOTAL 227 276 -49 234
SINCE 7/1 275 348 -73 MM
COOLING TOTAL 14 24 -10 49
SINCE 1/1 3153 2463 690 MM
................................................................
WIND (MPH)
AVERAGE WIND SPEED 3.9
HIGHEST WIND SPEED/DIRECTION 21/150 DATE 11/20
HIGHEST GUST SPEED/DIRECTION 29/150 DATE 11/20
29/170 11/21
SKY COVER
POSSIBLE SUNSHINE (PERCENT) MM
AVERAGE SKY COVER 0.43
NUMBER OF DAYS FAIR 16
NUMBER OF DAYS PC 4
NUMBER OF DAYS CLOUDY 10
AVERAGE RH (PERCENT) 72
WEATHER CONDITIONS. NUMBER OF DAYS WITH
THUNDERSTORM 2 MIXED PRECIP 0
HEAVY RAIN 2 RAIN 5
LIGHT RAIN 11 FREEZING RAIN 0
LT FREEZING RAIN 0 HAIL 0
HEAVY SNOW 0 SNOW 0
LIGHT SNOW 0 SLEET 0
FOG 16 FOG W/VIS <= 1/4 MILE 3
HAZE 5
- INDICATES NEGATIVE NUMBERS.
R INDICATES RECORD WAS SET OR TIED.
MM INDICATES DATA IS MISSING.
T INDICATES TRACE AMOUNT.
$$