000
CXUS54 KOUN 010910
CF6HBR
PRELIMINARY LOCAL CLIMATOLOGICAL DATA (WS FORM: F-6)
STATION: HOBART
MONTH: OCTOBER
YEAR: 2020
LATITUDE: 35 0 N
LONGITUDE: 99 3 W
TEMPERATURE IN F: :PCPN: SNOW: WIND :SUNSHINE: SKY :PK WND
================================================================================
1 2 3 4 5 6A 6B 7 8 9 10 11 12 13 14 15 16 17 18
12Z AVG MX 2MIN
DY MAX MIN AVG DEP HDD CDD WTR SNW DPTH SPD SPD DIR MIN PSBL S-S WX SPD DR
================================================================================
1 78 51 65 -2 0 0 0.00 M M 11.0 20 40 M M 0 24 30
2 75 44 60 -7 5 0 0.00 M M 10.6 22 180 M M 0 8 29 180
3 78 52 65 -2 0 0 0.00 M M 10.2 23 40 M M 0 30 30
4 77 45 61 -5 4 0 0.00 M M 7.2 14 80 M M 0 18 90
5 82 50 66 0 0 1 0.00 M M 13.3 23 180 M M 0 31 160
6 87 53 70 5 0 5 0.00 M M 3.9 14 160 M M 0 17 160
7 91 52 72 7 0 7 0.00 0.0 M 6.4 16 160 M M 0 24 170
8 89 61 75 10 0 10 0.00 M M 11.7 20 170 M M 0 24 170
9 84 59 72 8 0 7 0.00 M M 12.1 22 170 M M 2 27 190
10 88 62 75 11 0 10 0.00 M M 7.9 14 150 M M 4 12 19 130
11 96 62 79 15 0 14 0.00 M M 14.2 38 360 M M 0 8 50 360
12 79 53 66 3 0 1 0.00 M M 9.4 36 360 M M 1 8 45 360
13 85 47 66 3 0 1 0.00 0.0 0 11.8 23 170 M M 0 29 180
14 96 59 78 16 0 13 0.00 0.0 0 15.4 25 200 M M 0 33 30
15 72 50 61 -1 4 0 0.00 0.0 0 17.8 32 40 M M 1 45 40
16 70 38 54 -8 11 0 0.00 0.0 0 9.1 17 190 M M 0 25 190
17 81 51 66 5 0 1 0.00 0.0 0 17.1 31 200 M M 0 39 200
18 69 47 58 -3 7 0 0.00 0.0 0 16.7 30 20 M M 6 1 39 20
19 62 45 54 -7 11 0 0.00 M M 6.5 15 30 M M 9 19 30
20 80 49 65 5 0 0 0.00 M M 9.3 17 50 M M 7 1 23 50
21 89 55 72 12 0 7 0.00 M M 15.3 26 170 M M 3 1 35 180
22 87 60 74 14 0 9 0.00 M M 21.0 31 200 M M 0 39 190
23 60 38 49 -10 16 0 0.46 M M 17.4 28 30 M M 8 13 39 10
24 57 32 45 -14 20 0 0.00 M M 6.8 14 190 M M 0 22 180
25 45 35 40 -18 25 0 0.01 M M 15.0 25 40 M M 8 1 35 40
26 35 27 31 -27 34 0 0.70 M M 20.0 26 20 M M 10 136 34 20
27 33 26 30 -28 35 0 1.03 M M 15.9 26 60 M M 10 136 34 20
28 36 32 34 -23 31 0 0.21 M M 8.4 17 60 M M 10 16 22 60
29 60 36 48 -9 17 0 T M M 14.9 29 350 M M 3 1 39 360
30 66 33 50 -6 15 0 0.00 M M 7.5 14 180 M M 0 1 18 180
31 73 43 58 2 7 0 0.00 M M 10.5 21 210 M M 0 8 26 210
================================================================================
SM 2260 1447 242 86 2.41 0.0 374.3 M 82
================================================================================
AV 72.9 46.7 12.1 FASTST M M 3 MAX(MPH)
MISC ----> 38 360 50 360
================================================================================
NOTES:
# LAST OF SEVERAL OCCURRENCES
COLUMN 17 PEAK WIND IN M.P.H.
PRELIMINARY LOCAL CLIMATOLOGICAL DATA (WS FORM: F-6) , PAGE 2
STATION: HOBART
MONTH: OCTOBER
YEAR: 2020
LATITUDE: 35 0 N
LONGITUDE: 99 3 W
[TEMPERATURE DATA] [PRECIPITATION DATA] SYMBOLS USED IN COLUMN 16
AVERAGE MONTHLY: 59.8 TOTAL FOR MONTH: 2.41 1 = FOG OR MIST
DPTR FM NORMAL: -1.9 DPTR FM NORMAL: -0.63 2 = FOG REDUCING VISIBILITY
HIGHEST: 96 ON 14,11 GRTST 24HR 1.04 ON 27-28 TO 1/4 MILE OR LESS
LOWEST: 26 ON 27 3 = THUNDER
SNOW, ICE PELLETS, HAIL 4 = ICE PELLETS
TOTAL MONTH: 0.0 INCH 5 = HAIL
GRTST 24HR 0.0 6 = FREEZING RAIN OR DRIZZLE
GRTST DEPTH: 0 7 = DUSTSTORM OR SANDSTORM:
VSBY 1/2 MILE OR LESS
8 = SMOKE OR HAZE
[NO. OF DAYS WITH] [WEATHER - DAYS WITH] 9 = BLOWING SNOW
X = TORNADO
MAX 32 OR BELOW: 0 0.01 INCH OR MORE: 5
MAX 90 OR ABOVE: 3 0.10 INCH OR MORE: 4
MIN 32 OR BELOW: 4 0.50 INCH OR MORE: 2
MIN 0 OR BELOW: 0 1.00 INCH OR MORE: 1
[HDD (BASE 65) ]
TOTAL THIS MO. 242 CLEAR (SCALE 0-3) 22
DPTR FM NORMAL 77 PTCLDY (SCALE 4-7) 5
TOTAL FM JUL 1 267 CLOUDY (SCALE 8-10) 4
DPTR FM NORMAL 80
[CDD (BASE 65) ]
TOTAL THIS MO. 86
DPTR FM NORMAL 24 [PRESSURE DATA]
TOTAL FM JAN 1 2317 HIGHEST SLP 30.44 ON 16
DPTR FM NORMAL 253 LOWEST SLP 29.56 ON 11
[REMARKS]
#FINAL-10-20#