000
CXUS54 KOUN 010700
CF6HBR
PRELIMINARY LOCAL CLIMATOLOGICAL DATA (WS FORM: F-6)
STATION: HOBART
MONTH: APRIL
YEAR: 2020
LATITUDE: 35 0 N
LONGITUDE: 99 3 W
TEMPERATURE IN F: :PCPN: SNOW: WIND :SUNSHINE: SKY :PK WND
================================================================================
1 2 3 4 5 6A 6B 7 8 9 10 11 12 13 14 15 16 17 18
12Z AVG MX 2MIN
DY MAX MIN AVG DEP HDD CDD WTR SNW DPTH SPD SPD DIR MIN PSBL S-S WX SPD DR
================================================================================
1 69 49 59 4 6 0 0.00 0.0 0 17.7 28 180 M M 0 35 170
2 77 44 61 6 4 0 T M 0 21.4 32 180 M M 1 40 180
3 48 32 40 -15 25 0 T M 0 20.5 31 20 M M 10 13 39 30
4 53 35 44 -12 21 0 0.00 0.0 0 10.0 21 40 M M 5 23 40
5 65 43 54 -2 11 0 0.00 0.0 0 11.1 22 170 M M 10 1 29 160
6 72 57 65 9 0 0 0.00 0.0 0 16.4 24 190 M M 5 1 30 190
7 88 60 74 17 0 9 0.00 0.0 0 14.5 21 210 M M 2 12 25 200
8 93 52 73 16 0 8 0.00 0.0 0 11.5 23 280 M M 0 8 31 270
9 69 52 61 4 4 0 0.00 0.0 0 17.3 25 50 M M 0 32 50
10 70 43 57 0 8 0 0.00 0.0 0 11.3 18 180 M M 0 24 190
11 77 53 65 7 0 0 0.18 0.0 0 16.1 31 150 M M 3 13 38 160
12 73 37 55 -3 10 0 0.00 0.0 0 21.8 39 10 M M 3 1 47 360
13 44 34 39 -19 26 0 0.00 0.0 0 16.2 29 20 M M 9 34 30
14 46 33 40 -19 25 0 0.04 M 0 7.2 15 40 M M 8 1 17 40
15 63 30 47 -12 18 0 0.00 0.0 0 12.6 22 170 M M 0 27 160
16 76 47 62 3 3 0 0.00 0.0 0 21.6 35 180 M M 0 42 180
17 58 39 49 -11 16 0 0.00 0.0 0 16.0 32 10 M M 4 38 10
18 67 35 51 -9 14 0 0.00 0.0 0 11.8 24 180 M M 2 1 29 190
19 73 50 62 2 3 0 0.00 0.0 0 9.7 21 40 M M 4 1 26 30
20 77 46 62 2 3 0 0.00 0.0 0 7.0 17 360 M M 1 1 34 340
21 85 51 68 7 0 3 0.45 0.0 0 12.1 51 350 M M 2 13 60 340
22 78 53 66 5 0 1 T 0.0 0 15.0 32 340 M M 5 3 38 340
23 86 49 68 6 0 3 0.00 0.0 0 9.3 22 230 M M 1 27 240
24 81 51 66 4 0 1 0.00 0.0 0 18.4 37 360 M M 0 49 360
25 78 45 62 0 3 0 0.00 0.0 0 10.1 18 350 M M 1 24 350
26 84 47 66 4 0 1 0.00 0.0 0 13.9 26 170 M M 0 35 190
27 87 63 75 12 0 10 0.00 0.0 0 17.8 31 190 M M 0 38 200
28 96 63 80 17 0 15 0.00 0.0 0 16.8 29 10 M M 0 36 20
29 79 48 64 0 1 0 0.00 0.0 0 14.8 33 340 M M 0 43 340
30 88 45 67 3 0 2 0.00 0.0 0 12.6 24 180 M M 0 33 180
================================================================================
SM 2200 1386 201 53 0.67 0.0 432.5 M 76
================================================================================
AV 73.3 46.2 14.4 FASTST M M 3 MAX(MPH)
MISC ----> # 51 350 # 60 340
================================================================================
NOTES:
# LAST OF SEVERAL OCCURRENCES
COLUMN 17 PEAK WIND IN M.P.H.
PRELIMINARY LOCAL CLIMATOLOGICAL DATA (WS FORM: F-6) , PAGE 2
STATION: HOBART
MONTH: APRIL
YEAR: 2020
LATITUDE: 35 0 N
LONGITUDE: 99 3 W
[TEMPERATURE DATA] [PRECIPITATION DATA] SYMBOLS USED IN COLUMN 16
AVERAGE MONTHLY: 59.8 TOTAL FOR MONTH: 0.67 1 = FOG OR MIST
DPTR FM NORMAL: 0.6 DPTR FM NORMAL: -1.79 2 = FOG REDUCING VISIBILITY
HIGHEST: 96 ON 28 GRTST 24HR 0.45 ON 21-21 TO 1/4 MILE OR LESS
LOWEST: 30 ON 15 3 = THUNDER
SNOW, ICE PELLETS, HAIL 4 = ICE PELLETS
TOTAL MONTH: 0.0 INCH 5 = HAIL
GRTST 24HR 0.0 6 = FREEZING RAIN OR DRIZZLE
GRTST DEPTH: 0 7 = DUSTSTORM OR SANDSTORM:
VSBY 1/2 MILE OR LESS
8 = SMOKE OR HAZE
[NO. OF DAYS WITH] [WEATHER - DAYS WITH] 9 = BLOWING SNOW
X = TORNADO
MAX 32 OR BELOW: 0 0.01 INCH OR MORE: 3
MAX 90 OR ABOVE: 2 0.10 INCH OR MORE: 2
MIN 32 OR BELOW: 2 0.50 INCH OR MORE: 0
MIN 0 OR BELOW: 0 1.00 INCH OR MORE: 0
[HDD (BASE 65) ]
TOTAL THIS MO. 201 CLEAR (SCALE 0-3) 19
DPTR FM NORMAL -11 PTCLDY (SCALE 4-7) 8
TOTAL FM JUL 1 3101 CLOUDY (SCALE 8-10) 3
DPTR FM NORMAL -518
[CDD (BASE 65) ]
TOTAL THIS MO. 53
DPTR FM NORMAL 15 [PRESSURE DATA]
TOTAL FM JAN 1 73 HIGHEST SLP M ON M
DPTR FM NORMAL 29 LOWEST SLP 29.43 ON 12
[REMARKS]
#FINAL-04-20#