000
CXUS53 KGID 020242
CF6HDE
PRELIMINARY LOCAL CLIMATOLOGICAL DATA (WS FORM: F-6)
STATION: HOLDREGE NE
MONTH: FEBRUARY
YEAR: 2024
LATITUDE: 40 27 N
LONGITUDE: 99 20 W
TEMPERATURE IN F: :PCPN: SNOW: WIND :SUNSHINE: SKY :PK WND
================================================================================
1 2 3 4 5 6A 6B 7 8 9 10 11 12 13 14 15 16 17 18
12Z AVG MX 2MIN
DY MAX MIN AVG DEP HDD CDD WTR SNW DPTH SPD SPD DIR MIN PSBL S-S WX SPD DR
================================================================================
1 55 30 43 M 22 0 0.00 M M 5.1 14 70 M M 1 M M
2 55 33 44 M 21 0 0.05 M M 6.5 13 210 M M 8 12 17 140
3 48 41 45 M 20 0 0.89 M M 15.3 24 80 M M 10 12 31 80
4 43 35 39 M 26 0 0.26 M M 11.7 17 30 M M 10 1 21 70
5 44 32 38 M 27 0 0.00 M M 5.1 10 180 M M 10 12 M M
6 49 32 41 M 24 0 0.00 M M 12.3 20 160 M M 4 12 24 180
7 53 43 48 M 17 0 0.00 M M 21.8 29 190 M M 4 38 160
8 54 34 44 M 21 0 0.00 M M 12.2 22 180 M M 2 29 180
9 48 28 38 M 27 0 0.00 M M 7.3 13 360 M M 3 18 10
10 32 23 28 M 37 0 0.00 M M 8.1 16 30 M M 8 18 40
11 43 24 34 M 31 0 T M M 4.4 10 330 M M 5 1 20 310
12 55 26 41 M 24 0 0.00 M M 7.7 13 250 M M 2 17 250
13 56 25 41 M 24 0 0.00 M M 3.7 10 320 M M 0 16 360
14 58 27 43 M 22 0 0.00 M M 11.5 29 350 M M 3 37 350
15 34 25 30 M 35 0 0.00 M M 9.0 18 360 M M 8 25 360
16 31 13 22 M 43 0 M M M 14.6 20 10 M M 8 24 50
17 40 9 25 M 40 0 0.00 M M 10.7 15 280 M M 0 22 340
18 52 17 35 M 30 0 0.00 M M 7.2 12 270 M M 0 M M
19 58 26 42 M 23 0 0.00 M M 10.1 22 310 M M 0 31 310
20 71 30 51 M 14 0 0.00 M M 8.8 23 220 M M 0 33 220
21 64 30 47 M 18 0 0.00 M M 4.8 12 60 M M 0 M M
22 60 37 49 M 16 0 T M M 12.9 20 340 M M 3 28 340
23 59 31 45 M 20 0 0.00 M M 12.4 24 320 M M 1 33 320
24 65 29 47 M 18 0 0.00 M M 10.0 23 290 M M 0 31 240
25 70 38 54 M 11 0 0.00 M M 9.8 23 300 M M 0 31 280
26 76 39 58 M 7 0 0.00 M M 10.5 27 270 M M 0 33 280
27 46 11 29 M 36 0 T M M 19.7 37 350 M M 4 45 360
28 48 6 27 M 38 0 0.00 M M 9.0 15 340 M M 0 23 250
29 64 24 44 M 21 0 0.00 M M 18.7 28 200 M M 0 35 200
================================================================================
SM 1531 798 713 0 M M 300.9 M 94
================================================================================
AV 52.8 27.5 10.4 FASTST M M 3 MAX(MPH)
MISC ----> 37 350 M M
================================================================================
NOTES:
# LAST OF SEVERAL OCCURRENCES
COLUMN 17 PEAK WIND IN M.P.H.
PRELIMINARY LOCAL CLIMATOLOGICAL DATA (WS FORM: F-6) , PAGE 2
STATION: HOLDREGE NE
MONTH: FEBRUARY
YEAR: 2024
LATITUDE: 40 27 N
LONGITUDE: 99 20 W
[TEMPERATURE DATA] [PRECIPITATION DATA] SYMBOLS USED IN COLUMN 16
AVERAGE MONTHLY: 40.2 TOTAL FOR MONTH: M 1 = FOG OR MIST
DPTR FM NORMAL: M DPTR FM NORMAL: M 2 = FOG REDUCING VISIBILITY
HIGHEST: 76 ON 26 GRTST 24HR M ON M TO 1/4 MILE OR LESS
LOWEST: 6 ON 28 3 = THUNDER
SNOW, ICE PELLETS, HAIL 4 = ICE PELLETS
TOTAL MONTH: M 5 = HAIL
GRTST 24HR M ON M 6 = FREEZING RAIN OR DRIZZLE
GRTST DEPTH: M ON M 7 = DUSTSTORM OR SANDSTORM:
VSBY 1/2 MILE OR LESS
8 = SMOKE OR HAZE
[NO. OF DAYS WITH] [WEATHER - DAYS WITH] 9 = BLOWING SNOW
X = TORNADO
MAX 32 OR BELOW: 2 0.01 INCH OR MORE: M
MAX 90 OR ABOVE: 0 0.10 INCH OR MORE: M
MIN 32 OR BELOW: 21 0.50 INCH OR MORE: M
MIN 0 OR BELOW: 0 1.00 INCH OR MORE: M
[HDD (BASE 65) ]
TOTAL THIS MO. 713 CLEAR (SCALE 0-3) 17
DPTR FM NORMAL M PTCLDY (SCALE 4-7) 9
TOTAL FM JUL 1 4017 CLOUDY (SCALE 8-10) 3
DPTR FM NORMAL M
[CDD (BASE 65) ]
TOTAL THIS MO. 0
DPTR FM NORMAL M [PRESSURE DATA]
TOTAL FM JAN 1 0 HIGHEST SLP M ON M
DPTR FM NORMAL M LOWEST SLP M ON M
[REMARKS]
#FINAL-02-24#