000
CXUS54 KHGX 011410
CF6HGX
PRELIMINARY LOCAL CLIMATOLOGICAL DATA (WS FORM: F-6)
STATION: DICKINSON WFO
MONTH: JULY
YEAR: 2023
LATITUDE: 29 28 N
LONGITUDE: 95 5 W
TEMPERATURE IN F: :PCPN: SNOW: WIND :SUNSHINE: SKY :PK WND
================================================================================
1 2 3 4 5 6A 6B 7 8 9 10 11 12 13 14 15 16 17 18
12Z AVG MX 2MIN
DY MAX MIN AVG DEP HDD CDD WTR SNW DPTH SPD SPD DIR MIN PSBL S-S WX SPD DR
================================================================================
1 95 79 87 4 0 22 0.00 0.0 0 M M M M M M M M
2 95 79 87 4 0 22 0.00 0.0 0 M M M M M M M M
3 95 77 86 3 0 21 0.00 0.0 0 M M M M M M M M
4 92 75 84 1 0 19 0.56 0.0 0 M M M M M M 13 M M
5 93 78 86 2 0 21 T 0.0 0 M M M M M M M M
6 88 74 81 -3 0 16 0.26 0.0 0 M M M M M M 3 M M
7 90 75 83 -1 0 18 0.59 0.0 0 M M M M M M 3 M M
8 90 75 83 -1 0 18 0.09 0.0 0 M M M M M M 3 M M
9 93 80 87 3 0 22 T 0.0 0 M M M M M M M M
10 96 78 87 3 0 22 0.00 0.0 0 M M M M M M M M
11 95 80 88 4 0 23 0.00 0.0 0 M M M M M M M M
12 95 81 88 4 0 23 0.00 0.0 0 M M M M M M M M
13 95 81 88 4 0 23 0.00 0.0 0 M M M M M M M M
14 95 81 88 4 0 23 0.00 0.0 0 M M M M M M M M
15 97 80 89 5 0 24 0.00 0.0 0 M M M M M M M M
16 97 78 88 4 0 23 0.00 0.0 0 M M M M M M M M
17 96 79 88 4 0 23 0.00 0.0 0 M M M M M M M M
18 96 79 88 4 0 23 0.00 0.0 0 M M M M M M M M
19 96 79 88 4 0 23 0.00 0.0 0 M M M M M M M M
20 97 76 87 3 0 22 0.00 0.0 0 M M M M M M M M
21 96 77 87 3 0 22 0.00 0.0 0 M M M M M M M M
22 98 76 87 3 0 22 0.01 0.0 0 M M M M M M M M
23 96 74 85 1 0 20 0.24 0.0 0 M M M M M M 3 M M
24 94 75 85 1 0 20 0.19 0.0 0 M M M M M M M M
25 94 76 85 1 0 20 T 0.0 0 M M M M M M M M
26 95 77 86 2 0 21 0.00 0.0 0 M M M M M M M M
27 94 76 85 1 0 20 0.00 0.0 0 M M M M M M M M
28 93 75 84 0 0 19 0.64 0.0 0 M M M M M M 3 M M
29 93 75 84 0 0 19 T 0.0 0 M M M M M M M M
30 96 76 86 2 0 21 0.00 0.0 0 M M M M M M M M
31 100 78 89 5 0 24 0.00 0.0 0 M M M M M M M M
================================================================================
SM 2935 2399 0 659 2.58 0.0 M M M
================================================================================
AV 94.7 77.4 M FASTST M M M MAX(MPH)
MISC ----> M M M M
================================================================================
NOTES:
# LAST OF SEVERAL OCCURRENCES
COLUMN 17 PEAK WIND IN M.P.H.
PRELIMINARY LOCAL CLIMATOLOGICAL DATA (WS FORM: F-6) , PAGE 2
STATION: DICKINSON WFO
MONTH: JULY
YEAR: 2023
LATITUDE: 29 28 N
LONGITUDE: 95 5 W
[TEMPERATURE DATA] [PRECIPITATION DATA] SYMBOLS USED IN COLUMN 16
AVERAGE MONTHLY: 86.0 TOTAL FOR MONTH: 2.58 1 = FOG OR MIST
DPTR FM NORMAL: 2.1 DPTR FM NORMAL: -1.78 2 = FOG REDUCING VISIBILITY
HIGHEST: 100 ON 31 GRTST 24HR 0.64 ON 28-28 TO 1/4 MILE OR LESS
LOWEST: 74 ON 23, 6 3 = THUNDER
SNOW, ICE PELLETS, HAIL 4 = ICE PELLETS
TOTAL MONTH: 0.0 INCH 5 = HAIL
GRTST 24HR 0.0 6 = FREEZING RAIN OR DRIZZLE
GRTST DEPTH: 0 7 = DUSTSTORM OR SANDSTORM:
VSBY 1/2 MILE OR LESS
8 = SMOKE OR HAZE
[NO. OF DAYS WITH] [WEATHER - DAYS WITH] 9 = BLOWING SNOW
X = TORNADO
MAX 32 OR BELOW: 0 0.01 INCH OR MORE: 8
MAX 90 OR ABOVE: 30 0.10 INCH OR MORE: 6
MIN 32 OR BELOW: 0 0.50 INCH OR MORE: 3
MIN 0 OR BELOW: 0 1.00 INCH OR MORE: 0
[HDD (BASE 65) ]
TOTAL THIS MO. 0 CLEAR (SCALE 0-3) 0
DPTR FM NORMAL 0 PTCLDY (SCALE 4-7) 0
TOTAL FM JUL 1 0 CLOUDY (SCALE 8-10) 31
DPTR FM NORMAL 0
[CDD (BASE 65) ]
TOTAL THIS MO. 659
DPTR FM NORMAL 73 [PRESSURE DATA]
TOTAL FM JAN 1 2055 HIGHEST SLP M ON M
DPTR FM NORMAL 259 LOWEST SLP M ON M
[REMARKS]
#FINAL-07-23#