000
CXUS54 KHGX 011625
CF6HGX
PRELIMINARY LOCAL CLIMATOLOGICAL DATA (WS FORM: F-6)
STATION: DICKINSON WFO
MONTH: NOVEMBER
YEAR: 2021
LATITUDE: 29 28 N
LONGITUDE: 95 5 W
TEMPERATURE IN F: :PCPN: SNOW: WIND :SUNSHINE: SKY :PK WND
================================================================================
1 2 3 4 5 6A 6B 7 8 9 10 11 12 13 14 15 16 17 18
12Z AVG MX 2MIN
DY MAX MIN AVG DEP HDD CDD WTR SNW DPTH SPD SPD DIR MIN PSBL S-S WX SPD DR
================================================================================
1 77 55 66 -1 0 1 0.00 0.0 0 M M M M M M M M
2 78 60 69 2 0 4 0.00 0.0 0 M M M M M M M M
3 76 56 66 0 0 1 0.42 0.0 0 M M M M M M 3 M M
4 56 51 54 -12 11 0 T 0.0 0 M M M M M M 18 M M
5 67 46 57 -9 8 0 0.00 0.0 0 M M M M M M M M
6 68 46 57 -9 8 0 0.00 0.0 0 M M M M M M M M
7 70 49 60 -5 5 0 0.00 0.0 0 M M M M M M 1 M M
8 75 49 62 -3 3 0 0.00 0.0 0 M M M M M M M M
9 76 54 65 0 0 0 0.00 0.0 0 M M M M M M M M
10 80 63 72 8 0 7 0.00 0.0 0 M M M M M M M M
11 75 56 66 2 0 1 0.57 0.0 0 M M M M M M M M
12 79 53 66 2 0 1 0.00 0.0 0 M M M M M M M M
13 68 44 56 -8 9 0 0.00 0.0 0 M M M M M M M M
14 76 42 59 -4 6 0 0.00 0.0 0 M M M M M M M M
15 80 55 68 5 0 3 0.00 0.0 0 M M M M M M 1 M M
16 80 61 71 8 0 6 0.00 0.0 0 M M M M M M M M
17 83 64 74 12 0 9 0.00 0.0 0 M M M M M M M M
18 74 55 65 3 0 0 T 0.0 0 M M M M M M M M
19 63 49 56 -6 9 0 0.00 0.0 0 M M M M M M M M
20 76 45 61 -1 4 0 0.00 0.0 0 M M M M M M M M
21 80 62 71 10 0 6 0.15 0.0 0 M M M M M M M M
22 72 48 60 -1 5 0 0.00 0.0 0 M M M M M M M M
23 70 45 58 -3 7 0 0.00 0.0 0 M M M M M M M M
24 77 63 70 9 0 5 0.00 0.0 0 M M M M M M M M
25 73 54 64 4 1 0 0.29 0.0 0 M M M M M M M M
26 61 46 54 -6 11 0 0.00 0.0 0 M M M M M M M M
27 56 46 51 -9 14 0 0.12 0.0 0 M M M M M M M M
28 59 47 53 -7 12 0 0.05 0.0 0 M M M M M M M M
29 70 43 57 -3 8 0 0.00 0.0 0 M M M M M M 1 M M
30 74 47 61 2 4 0 0.00 0.0 0 M M M M M M 1 M M
================================================================================
SM 2169 1554 125 44 1.60 0.0 M M M
================================================================================
AV 72.3 51.8 M FASTST M M M MAX(MPH)
MISC ----> M M M M
================================================================================
NOTES:
# LAST OF SEVERAL OCCURRENCES
COLUMN 17 PEAK WIND IN M.P.H.
PRELIMINARY LOCAL CLIMATOLOGICAL DATA (WS FORM: F-6) , PAGE 2
STATION: DICKINSON WFO
MONTH: NOVEMBER
YEAR: 2021
LATITUDE: 29 28 N
LONGITUDE: 95 5 W
[TEMPERATURE DATA] [PRECIPITATION DATA] SYMBOLS USED IN COLUMN 16
AVERAGE MONTHLY: 62.1 TOTAL FOR MONTH: 1.60 1 = FOG OR MIST
DPTR FM NORMAL: -0.8 DPTR FM NORMAL: -2.94 2 = FOG REDUCING VISIBILITY
HIGHEST: 83 ON 17 GRTST 24HR 0.57 ON 11-11 TO 1/4 MILE OR LESS
LOWEST: 42 ON 14 3 = THUNDER
SNOW, ICE PELLETS, HAIL 4 = ICE PELLETS
TOTAL MONTH: 0.0 INCH 5 = HAIL
GRTST 24HR 0.0 6 = FREEZING RAIN OR DRIZZLE
GRTST DEPTH: 0 7 = DUSTSTORM OR SANDSTORM:
VSBY 1/2 MILE OR LESS
8 = SMOKE OR HAZE
[NO. OF DAYS WITH] [WEATHER - DAYS WITH] 9 = BLOWING SNOW
X = TORNADO
MAX 32 OR BELOW: 0 0.01 INCH OR MORE: 6
MAX 90 OR ABOVE: 0 0.10 INCH OR MORE: 5
MIN 32 OR BELOW: 0 0.50 INCH OR MORE: 1
MIN 0 OR BELOW: 0 1.00 INCH OR MORE: 0
[HDD (BASE 65) ]
TOTAL THIS MO. 125 CLEAR (SCALE 0-3) 0
DPTR FM NORMAL -17 PTCLDY (SCALE 4-7) 0
TOTAL FM JUL 1 133 CLOUDY (SCALE 8-10) 30
DPTR FM NORMAL -30
[CDD (BASE 65) ]
TOTAL THIS MO. 44
DPTR FM NORMAL -37 [PRESSURE DATA]
TOTAL FM JAN 1 3169 HIGHEST SLP M ON M
DPTR FM NORMAL 3 LOWEST SLP M ON M
[REMARKS]
#FINAL-11-21#