000
CXUS56 KPQR 011538
CLMHIO
CLIMATE REPORT
NATIONAL WEATHER SERVICE PORTLAND OREGON
738 AM PST FRI MAR 01 2024
...................................
...THE HILLSBORO OR CLIMATE SUMMARY FOR THE MONTH OF FEBRUARY 2024...
CLIMATE NORMAL PERIOD 1991 TO 2020
CLIMATE RECORD PERIOD 1929 TO 2024
WEATHER OBSERVED NORMAL DEPART LAST YEAR`S
VALUE DATE(S) VALUE FROM VALUE DATE(S)
NORMAL
................................................................
TEMPERATURE (F)
HIGHEST 62 58 02/09
LOWEST 27 16 02/24
02/25
AVG. MAXIMUM 51.3 51.0 0.3 47.1
AVG. MINIMUM 37.2 33.5 3.7 30.6
MEAN 44.3 42.3 2.0 38.9
DAYS MAX >= 90 0 0.0 0.0 0
DAYS MAX <= 32 0 0.2 -0.2 1
DAYS MIN <= 32 4 12.8 -8.8 16
DAYS MIN <= 0 0 0.0 0.0 0
PRECIPITATION (INCHES)
RECORD
MAXIMUM 10.31 1999
MINIMUM 0.38 1964
TOTALS 4.03 3.97 0.06 2.12
DAYS >= .01 20 16.1 3.9 16
DAYS >= .10 11 9.8 1.2 9
DAYS >= .50 2 1.7 0.3 0
DAYS >= 1.00 0 0.6 -0.6 0
GREATEST
24 HR. TOTAL 0.93 02/28 TO 02/29
DEGREE DAYS
HEATING TOTAL 595 637 -42 720
SINCE 7/1 3061 3429 -368 MM
COOLING TOTAL 0 0 0 0
SINCE 1/1 0 0 0 MM
................................................................
WIND (MPH)
AVERAGE WIND SPEED 5.5
RESULTANT WIND SPEED/DIRECTION 2/150
HIGHEST WIND SPEED/DIRECTION 25/090 DATE 02/16
25/090 02/17
HIGHEST GUST SPEED/DIRECTION 38/090 DATE 02/16
SKY COVER
POSSIBLE SUNSHINE (PERCENT) MM
AVERAGE SKY COVER 0.74
AVERAGE RH (PERCENT) 80
WEATHER CONDITIONS. NUMBER OF DAYS WITH
THUNDERSTORM 0 MIXED PRECIP 0
HEAVY RAIN 1 RAIN 6
LIGHT RAIN 20 FREEZING RAIN 0
LT FREEZING RAIN 0 HAIL 0
HEAVY SNOW 0 SNOW 0
LIGHT SNOW 1 SLEET 0
FOG 24 FOG W/VIS <= 1/4 MILE 4
HAZE 2
- INDICATES NEGATIVE NUMBERS.
R INDICATES RECORD WAS SET OR TIED.
MM INDICATES DATA IS MISSING.
T INDICATES TRACE AMOUNT.
$$