000
CXUS56 KHNX 011146
CF6HJO
PRELIMINARY LOCAL CLIMATOLOGICAL DATA (WS FORM: F-6)
STATION: HANFORD CA AIRPORT
MONTH: MAY
YEAR: 2020
LATITUDE: 36 19 N
LONGITUDE: 119 38 W
TEMPERATURE IN F: :PCPN: SNOW: WIND :SUNSHINE: SKY :PK WND
================================================================================
1 2 3 4 5 6A 6B 7 8 9 10 11 12 13 14 15 16 17 18
12Z AVG MX 2MIN
DY MAX MIN AVG DEP HDD CDD WTR SNW DPTH SPD SPD DIR MIN PSBL S-S WX SPD DR
================================================================================
1 84 55 70 5 0 5 0.00 0.0 0 9.3 17 320 M M 0 22 300
2 85 54 70 5 0 5 0.00 0.0 0 9.9 23 330 M M 0 8 28 330
3 82 56 69 3 0 4 0.00 0.0 0 9.5 21 320 M M 0 8 27 320
4 85 46 66 0 0 1 0.00 0.0 0 6.5 16 320 M M 0 8 20 310
5 89 48 69 3 0 4 0.00 0.0 0 9.0 17 320 M M 0 22 300
6 84 58 71 5 0 6 0.00 0.0 0 9.9 17 320 M M 0 21 310
7 90 49 70 3 0 5 0.00 0.0 0 3.5 10 320 M M 0 8 15 330
8 96 53 75 8 0 10 0.00 0.0 0 2.7 9 330 M M 0 18 13 320
9 99 56 78 11 0 13 0.00 0.0 0 3.8 14 310 M M 0 18 19 310
10 94 56 75 7 0 10 0.00 0.0 0 5.7 18 310 M M 0 8 24 320
11 87 56 72 4 0 7 0.00 0.0 0 5.6 17 180 M M 0 22 250
12 80 55 68 0 0 3 0.00 0.0 0 7.5 22 320 M M 3 27 320
13 78 53 66 -2 0 1 0.00 0.0 0 9.4 20 320 M M 1 24 330
14 80 56 68 0 0 3 0.00 0.0 0 12.5 18 330 M M 0 8 24 340
15 81 56 69 0 0 4 0.00 0.0 0 11.1 20 320 M M 0 25 310
16 87 54 71 2 0 6 0.00 0.0 0 6.0 16 330 M M 0 8 22 330
17 86 54 70 1 0 5 T 0.0 0 5.6 18 320 M M 4 25 220
18 76 56 66 -3 0 1 0.11 0.0 0 9.6 22 310 M M 5 13 29 310
19 74 50 62 -8 3 0 0.00 0.0 0 6.3 15 40 M M 2 22 50
20 79 50 65 -5 0 0 0.00 0.0 0 6.9 15 310 M M 0 18 320
21 86 56 71 1 0 6 0.00 0.0 0 7.1 15 320 M M 0 20 310
22 86 57 72 2 0 7 0.00 0.0 0 11.0 21 320 M M 0 26 320
23 84 48 66 -4 0 1 0.00 0.0 0 4.6 14 310 M M 0 19 310
24 90 52 71 0 0 6 0.00 0.0 0 4.4 14 320 M M 0 21 320
25 99 56 78 7 0 13 0.00 0.0 0 3.1 12 310 M M 0 15 260
26 102 61 82 11 0 17 0.00 0.0 0 3.5 10 300 M M 0 18 13 330
27 105 65 85 14 0 20 0.00 0.0 0 4.9 14 320 M M 0 8 17 310
28 106 65 86 15 0 21 0.00 0.0 0 6.2 16 310 M M 0 20 310
29 96 63 80 9 0 15 0.00 0.0 0 5.5 21 260 M M 0 8 28 260
30 83 56 70 -2 0 5 0.00 0.0 0 7.4 17 270 M M 1 8 23 250
31 80 59 70 -2 0 5 0.00 0.0 0 4.4 9 340 M M 0 13 30
================================================================================
SM 2713 1709 3 209 0.11 0.0 212.4 M 16
================================================================================
AV 87.5 55.1 6.9 FASTST M M 1 MAX(MPH)
MISC ----> # 23 330 # 29 310
================================================================================
NOTES:
# LAST OF SEVERAL OCCURRENCES
COLUMN 17 PEAK WIND IN M.P.H.
PRELIMINARY LOCAL CLIMATOLOGICAL DATA (WS FORM: F-6) , PAGE 2
STATION: HANFORD CA AIRPORT
MONTH: MAY
YEAR: 2020
LATITUDE: 36 19 N
LONGITUDE: 119 38 W
[TEMPERATURE DATA] [PRECIPITATION DATA] SYMBOLS USED IN COLUMN 16
AVERAGE MONTHLY: 71.3 TOTAL FOR MONTH: 0.11 1 = FOG OR MIST
DPTR FM NORMAL: 2.6 DPTR FM NORMAL: -0.31 2 = FOG REDUCING VISIBILITY
HIGHEST: 106 ON 28 GRTST 24HR 0.11 ON 18-18 TO 1/4 MILE OR LESS
LOWEST: 46 ON 4 3 = THUNDER
SNOW, ICE PELLETS, HAIL 4 = ICE PELLETS
TOTAL MONTH: 0.0 INCH 5 = HAIL
GRTST 24HR 0.0 6 = FREEZING RAIN OR DRIZZLE
GRTST DEPTH: 0 7 = DUSTSTORM OR SANDSTORM:
VSBY 1/2 MILE OR LESS
8 = SMOKE OR HAZE
[NO. OF DAYS WITH] [WEATHER - DAYS WITH] 9 = BLOWING SNOW
X = TORNADO
MAX 32 OR BELOW: 0 0.01 INCH OR MORE: 1
MAX 90 OR ABOVE: 10 0.10 INCH OR MORE: 1
MIN 32 OR BELOW: 0 0.50 INCH OR MORE: 0
MIN 0 OR BELOW: 0 1.00 INCH OR MORE: 0
[HDD (BASE 65) ]
TOTAL THIS MO. 3 CLEAR (SCALE 0-3) 29
DPTR FM NORMAL -34 PTCLDY (SCALE 4-7) 2
TOTAL FM JUL 1 2158 CLOUDY (SCALE 8-10) 0
DPTR FM NORMAL -494
[CDD (BASE 65) ]
TOTAL THIS MO. 209
DPTR FM NORMAL 56 [PRESSURE DATA]
TOTAL FM JAN 1 279 HIGHEST SLP 30.16 ON 6
DPTR FM NORMAL 90 LOWEST SLP 29.73 ON 29
[REMARKS]
#FINAL-05-20#