000
CXUS53 KGLD 010800
CF6HLC
PRELIMINARY LOCAL CLIMATOLOGICAL DATA (WS FORM: F-6)
STATION: HILL CITY KS
MONTH: JUNE
YEAR: 2021
LATITUDE: 39 22 N
LONGITUDE: 99 50 W
TEMPERATURE IN F: :PCPN: SNOW: WIND :SUNSHINE: SKY :PK WND
================================================================================
1 2 3 4 5 6A 6B 7 8 9 10 11 12 13 14 15 16 17 18
12Z AVG MX 2MIN
DY MAX MIN AVG DEP HDD CDD WTR SNW DPTH SPD SPD DIR MIN PSBL S-S WX SPD DR
================================================================================
1 74 60 67 -2 0 2 0.00 M M 5.5 10 130 M M 1 15 140
2 79 50 65 -5 0 0 0.00 M M 2.4 10 80 M M 4 12 16 70
3 87 51 69 -1 0 4 0.00 M M 4.7 12 180 M M 1 15 190
4 91 59 75 4 0 10 0.00 M M 8.8 13 180 M M 0 22 200
5 91 66 79 8 0 14 0.00 M M 11.3 21 180 M M 1 30 160
6 90 63 77 6 0 12 0.00 M M 9.8 18 170 M M 0 27 170
7 92 65 79 7 0 14 0.00 M M 7.8 16 140 M M 2 1 23 140
8 89 65 77 5 0 12 0.00 M M 8.6 17 130 M M 1 25 130
9 93 67 80 8 0 15 0.00 M M 9.2 18 130 M M 4 26 130
10 98 75 87 14 0 22 0.00 M M 11.8 23 140 M M 4 1 35 140
11 89 64 77 4 0 12 0.00 M M 14.9 32 360 M M 1 43 350
12 90 53 72 -1 0 7 0.00 M M 6.0 15 140 M M 0 21 130
13 93 61 77 3 0 12 0.00 M M 7.5 14 110 M M 1 21 100
14 98 68 83 9 0 18 0.00 M M 5.4 20 360 M M 0 26 360
15 99 66 83 9 0 18 0.00 M M 6.1 15 140 M M 0 21 160
16 104 72 88 13 0 23 0.00 M M 10.5 20 200 M M 0 31 170
17 108 72 90 15 0 25 0.00 M M 10.5 21 200 M M 0 8 29 200
18 101 71 86 11 0 21 0.00 M M 8.7 24 20 M M 0 33 20
19 88 64 76 1 0 11 0.37 M M 11.7 48 280 M M 1 18 79 280
20 90 62 76 0 0 11 T M M 13.2 26 30 M M 0 37 30
21 81 61 71 -5 0 6 0.09 M M 7.9 13 260 M M 5 21 260
22 94 54 74 -2 0 9 0.00 M M 13.1 28 200 M M 0 43 200
23 100 62 81 5 0 16 T M M 10.2 23 180 M M 0 35 190
24 89 69 79 2 0 14 0.06 M M 12.4 25 10 M M 2 3 32 360
25 90 66 78 1 0 13 0.14 M M 5.0 22 260 M M 4 13 28 260
26 83 61 72 -5 0 7 0.00 M M 8.1 20 350 M M 2 26 330
27 88 58 73 -5 0 8 T M M 5.6 14 160 M M 2 3 17 350
28 84 63 74 -4 0 9 0.41 M M 6.2 21 330 M M 5 13 27 320
29 86 60 73 -5 0 8 0.00 M M 5.0 10 80 M M 0 17 70
30 88 62 75 -3 0 10 T M M 4.6 14 90 M M 3 19 80
================================================================================
SM 2727 1890 0 363 1.07 M 252.4 M 44
================================================================================
AV 90.9 63.0 8.4 FASTST M M 1 MAX(MPH)
MISC ----> 48 280 79 280
================================================================================
NOTES:
# LAST OF SEVERAL OCCURRENCES
COLUMN 17 PEAK WIND IN M.P.H.
PRELIMINARY LOCAL CLIMATOLOGICAL DATA (WS FORM: F-6) , PAGE 2
STATION: HILL CITY KS
MONTH: JUNE
YEAR: 2021
LATITUDE: 39 22 N
LONGITUDE: 99 50 W
[TEMPERATURE DATA] [PRECIPITATION DATA] SYMBOLS USED IN COLUMN 16
AVERAGE MONTHLY: 77.0 TOTAL FOR MONTH: 1.07 1 = FOG OR MIST
DPTR FM NORMAL: 2.8 DPTR FM NORMAL: -1.72 2 = FOG REDUCING VISIBILITY
HIGHEST: 108 ON 17 GRTST 24HR 0.41 ON 27-28 TO 1/4 MILE OR LESS
LOWEST: 50 ON 2 3 = THUNDER
SNOW, ICE PELLETS, HAIL 4 = ICE PELLETS
TOTAL MONTH: M 5 = HAIL
GRTST 24HR M ON M 6 = FREEZING RAIN OR DRIZZLE
GRTST DEPTH: M ON M 7 = DUSTSTORM OR SANDSTORM:
VSBY 1/2 MILE OR LESS
8 = SMOKE OR HAZE
[NO. OF DAYS WITH] [WEATHER - DAYS WITH] 9 = BLOWING SNOW
X = TORNADO
MAX 32 OR BELOW: 0 0.01 INCH OR MORE: 5
MAX 90 OR ABOVE: 17 0.10 INCH OR MORE: 3
MIN 32 OR BELOW: 0 0.50 INCH OR MORE: 0
MIN 0 OR BELOW: 0 1.00 INCH OR MORE: 0
[HDD (BASE 65) ]
TOTAL THIS MO. 0 CLEAR (SCALE 0-3) 24
DPTR FM NORMAL -14 PTCLDY (SCALE 4-7) 6
TOTAL FM JUL 1 5262 CLOUDY (SCALE 8-10) 0
DPTR FM NORMAL -124
[CDD (BASE 65) ]
TOTAL THIS MO. 363
DPTR FM NORMAL 73 [PRESSURE DATA]
TOTAL FM JAN 1 451 HIGHEST SLP M ON M
DPTR FM NORMAL 70 LOWEST SLP 29.59 ON 19
[REMARKS]
#FINAL-06-21#