000
CXUS51 KPBZ 010730
CF6HLG
PRELIMINARY LOCAL CLIMATOLOGICAL DATA (WS FORM: F-6)
STATION: WHEELING WV
MONTH: JUNE
YEAR: 2023
LATITUDE: 40 10 N
LONGITUDE: 80 39 W
TEMPERATURE IN F: :PCPN: SNOW: WIND :SUNSHINE: SKY :PK WND
================================================================================
1 2 3 4 5 6A 6B 7 8 9 10 11 12 13 14 15 16 17 18
12Z AVG MX 2MIN
DY MAX MIN AVG DEP HDD CDD WTR SNW DPTH SPD SPD DIR MIN PSBL S-S WX SPD DR
================================================================================
1 86 52 69 4 0 4 0.00 M M 4.7 15 80 M M 0 19 80
2 89 53 71 5 0 6 0.00 M M 5.0 13 90 M M 0 17 80
3 89 65 77 11 0 12 0.00 M M 8.1 15 30 M M 1 19 50
4 80 62 71 5 0 6 0.00 M M 9.8 17 60 M M 2 21 30
5 74 50 62 -4 3 0 0.00 M M 5.7 16 70 M M 0 20 70
6 77 51 64 -3 1 0 0.00 M M 5.9 15 250 M M 1 23 250
7 73 48 61 -6 4 0 0.00 M M 5.8 13 340 M M 1 8 19 340
8 69 45 57 -10 8 0 T M M 3.9 15 340 M M 5 19 330
9 73 53 63 -4 2 0 0.00 M M 3.9 15 330 M M 5 8 19 310
10 80 51 66 -2 0 1 0.00 M M 6.1 15 240 M M 1 20 220
11 82 60 71 3 0 6 0.06 M M 6.8 18 200 M M 4 1 24 220
12 68 55 62 -6 3 0 0.28 M M 9.0 21 310 M M 8 1 27 320
13 70 51 61 -7 4 0 0.63 M M 10.3 23 180 M M 6 1 33 260
14 71 56 64 -5 1 0 0.77 M M 9.6 23 210 M M 7 1 36 200
15 74 48 61 -8 4 0 0.45 M M 3.6 17 260 M M 1 123 23 260
16 72 57 65 -4 0 0 1.03 M M 8.0 20 320 M M 7 13 26 320
17 76 54 65 -4 0 0 0.00 M M 4.6 15 300 M M 3 18 20 290
18 80 53 67 -3 0 2 0.00 M M 3.5 9 70 M M 0 18 13 310
19 85 57 71 1 0 6 0.05 M M 6.0 16 180 M M 2 13 22 190
20 80 65 73 3 0 8 0.09 M M 9.0 23 110 M M 5 1 32 120
21 78 58 68 -2 0 3 0.01 M M 11.5 21 130 M M 2 27 110
22 75 57 66 -4 0 1 0.34 M M 8.9 14 100 M M 10 1 18 50
23 78 61 70 -1 0 5 0.03 M M 4.5 12 90 M M 9 1 14 290
24 79 65 72 1 0 7 0.08 M M 4.6 12 310 M M 7 18 16 270
25 85 64 75 4 0 10 0.00 M M 6.4 17 200 M M 2 12 23 200
26 79 66 73 2 0 8 0.12 M M 9.0 21 300 M M 6 38 28 260
27 67 63 65 -6 0 0 0.61 M M 7.3 16 260 M M 9 18 21 250
28 75 60 68 -4 0 3 0.01 M M 5.8 13 300 M M 7 18 16 300
29 81 55 68 -4 0 3 0.00 M M 3.0 10 100 M M 4 128 13 100
30 79 66 73 1 0 8 0.00 M M 6.3 14 210 M M 5 18 19 210
================================================================================
SM 2324 1701 30 99 4.56 M 196.6 M 120
================================================================================
AV 77.5 56.7 6.6 FASTST M M 4 MAX(MPH)
MISC ----> # 23 180 36 200
================================================================================
NOTES:
# LAST OF SEVERAL OCCURRENCES
COLUMN 17 PEAK WIND IN M.P.H.
PRELIMINARY LOCAL CLIMATOLOGICAL DATA (WS FORM: F-6) , PAGE 2
STATION: WHEELING WV
MONTH: JUNE
YEAR: 2023
LATITUDE: 40 10 N
LONGITUDE: 80 39 W
[TEMPERATURE DATA] [PRECIPITATION DATA] SYMBOLS USED IN COLUMN 16
AVERAGE MONTHLY: 67.1 TOTAL FOR MONTH: 4.56 1 = FOG OR MIST
DPTR FM NORMAL: -1.8 DPTR FM NORMAL: 0.42 2 = FOG REDUCING VISIBILITY
HIGHEST: 89 ON 3, 2 GRTST 24HR 1.48 ON 15-16 TO 1/4 MILE OR LESS
LOWEST: 45 ON 8 3 = THUNDER
SNOW, ICE PELLETS, HAIL 4 = ICE PELLETS
TOTAL MONTH: M 5 = HAIL
GRTST 24HR M ON M 6 = FREEZING RAIN OR DRIZZLE
GRTST DEPTH: M ON M 7 = DUSTSTORM OR SANDSTORM:
VSBY 1/2 MILE OR LESS
8 = SMOKE OR HAZE
[NO. OF DAYS WITH] [WEATHER - DAYS WITH] 9 = BLOWING SNOW
X = TORNADO
MAX 32 OR BELOW: 0 0.01 INCH OR MORE: 15
MAX 90 OR ABOVE: 0 0.10 INCH OR MORE: 8
MIN 32 OR BELOW: 0 0.50 INCH OR MORE: 4
MIN 0 OR BELOW: 0 1.00 INCH OR MORE: 1
[HDD (BASE 65) ]
TOTAL THIS MO. 30 CLEAR (SCALE 0-3) 13
DPTR FM NORMAL -1 PTCLDY (SCALE 4-7) 14
TOTAL FM JUL 1 4635 CLOUDY (SCALE 8-10) 3
DPTR FM NORMAL -782
[CDD (BASE 65) ]
TOTAL THIS MO. 99
DPTR FM NORMAL -49 [PRESSURE DATA]
TOTAL FM JAN 1 149 HIGHEST SLP 30.15 ON 21
DPTR FM NORMAL -64 LOWEST SLP 29.46 ON 14
[REMARKS]
#FINAL-06-23#