000
CXUS51 KPBZ 010730
CF6HLG
PRELIMINARY LOCAL CLIMATOLOGICAL DATA (WS FORM: F-6)
STATION: WHEELING WV
MONTH: MARCH
YEAR: 2022
LATITUDE: 40 10 N
LONGITUDE: 80 39 W
TEMPERATURE IN F: :PCPN: SNOW: WIND :SUNSHINE: SKY :PK WND
================================================================================
1 2 3 4 5 6A 6B 7 8 9 10 11 12 13 14 15 16 17 18
12Z AVG MX 2MIN
DY MAX MIN AVG DEP HDD CDD WTR SNW DPTH SPD SPD DIR MIN PSBL S-S WX SPD DR
================================================================================
1 59 36 48 12 17 0 0.00 M M 10.5 23 250 M M 6 31 240
2 57 32 45 9 20 0 0.03 M M 7.3 20 270 M M 5 18 26 260
3 49 23 36 0 29 0 T M M 10.5 30 320 M M 4 37 330
4 46 19 33 -3 32 0 0.00 M M 5.1 10 100 M M 0 13 100
5 75 34 55 18 10 0 0.00 M M 9.3 20 230 M M 0 27 230
6 68 57 63 26 2 0 0.13 M M 15.9 25 220 M M 8 36 210
7 64 37 51 14 14 0 0.46 M M 14.9 33 280 M M 9 1 51 250
8 41 33 37 -1 28 0 0.00 M M 7.4 18 270 M M 7 28 270
9 37 31 34 -4 31 0 0.16 M M 5.3 9 260 M M 7 12 12 250
10 50 26 38 0 27 0 0.00 M M 3.5 12 320 M M 1 12 14 320
11 58 28 43 4 22 0 0.05 M M 8.2 23 330 M M 4 1 30 310
12 29 16 23 -16 42 0 0.07 M M 14.9 28 300 M M 9 18 39 290
13 37 12 25 -14 40 0 T M M 12.7 25 200 M M 3 35 230
14 59 34 47 7 18 0 0.00 M M 9.7 18 190 M M 0 27 200
15 63 42 53 13 12 0 0.00 M M 7.6 18 230 M M 4 24 260
16 70 41 56 16 9 0 0.00 M M 4.8 14 170 M M 1 18 180
17 70 48 59 18 6 0 0.00 M M 3.4 10 210 M M 5 15 330
18 72 49 61 20 4 0 0.11 M M 5.3 17 160 M M 4 3 23 150
19 61 43 52 11 13 0 0.04 M M 14.5 31 240 M M 8 1 48 220
20 53 38 46 4 19 0 0.01 M M 11.1 22 310 M M 7 1 29 240
21 67 38 53 11 12 0 0.00 M M 6.7 16 250 M M 1 22 310
22 61 44 53 11 12 0 0.00 M M 8.9 20 90 M M 3 25 90
23 70 47 59 16 6 0 0.35 M M 13.2 43 170 M M 8 13 57 180
24 61 45 53 10 12 0 0.00 M M 11.7 20 260 M M 4 28 270
25 46 38 42 -2 23 0 0.02 M M 11.3 21 250 M M 7 1 29 230
26 40 31 36 -8 29 0 0.06 M M 13.9 28 260 M M 9 128 38 250
27 31 25 28 -16 37 0 T M M 13.3 25 280 M M 10 18 36 270
28 29 20 25 -20 40 0 T M M 11.1 28 310 M M 7 18 40 300
29 43 15 29 -16 36 0 0.00 M M 3.7 10 110 M M 1 13 110
30 79 33 56 10 9 0 0.03 M M 11.6 26 180 M M 5 36 180
31 71 41 56 10 9 0 0.12 M M 19.8 37 210 M M 7 1 52 210
================================================================================
SM 1716 1056 620 0 1.64 M 307.1 M 154
================================================================================
AV 55.4 34.1 9.9 FASTST M M 5 MAX(MPH)
MISC ----> 43 170 57 180
================================================================================
NOTES:
# LAST OF SEVERAL OCCURRENCES
COLUMN 17 PEAK WIND IN M.P.H.
PRELIMINARY LOCAL CLIMATOLOGICAL DATA (WS FORM: F-6) , PAGE 2
STATION: WHEELING WV
MONTH: MARCH
YEAR: 2022
LATITUDE: 40 10 N
LONGITUDE: 80 39 W
[TEMPERATURE DATA] [PRECIPITATION DATA] SYMBOLS USED IN COLUMN 16
AVERAGE MONTHLY: 44.7 TOTAL FOR MONTH: 1.64 1 = FOG OR MIST
DPTR FM NORMAL: 4.2 DPTR FM NORMAL: -1.35 2 = FOG REDUCING VISIBILITY
HIGHEST: 79 ON 30 GRTST 24HR 0.46 ON 7- 7 TO 1/4 MILE OR LESS
LOWEST: 12 ON 13 3 = THUNDER
SNOW, ICE PELLETS, HAIL 4 = ICE PELLETS
TOTAL MONTH: M 5 = HAIL
GRTST 24HR M ON M 6 = FREEZING RAIN OR DRIZZLE
GRTST DEPTH: M ON M 7 = DUSTSTORM OR SANDSTORM:
VSBY 1/2 MILE OR LESS
8 = SMOKE OR HAZE
[NO. OF DAYS WITH] [WEATHER - DAYS WITH] 9 = BLOWING SNOW
X = TORNADO
MAX 32 OR BELOW: 3 0.01 INCH OR MORE: 14
MAX 90 OR ABOVE: 0 0.10 INCH OR MORE: 6
MIN 32 OR BELOW: 12 0.50 INCH OR MORE: 0
MIN 0 OR BELOW: 0 1.00 INCH OR MORE: 0
[HDD (BASE 65) ]
TOTAL THIS MO. 620 CLEAR (SCALE 0-3) 8
DPTR FM NORMAL -141 PTCLDY (SCALE 4-7) 18
TOTAL FM JUL 1 4279 CLOUDY (SCALE 8-10) 5
DPTR FM NORMAL -540
[CDD (BASE 65) ]
TOTAL THIS MO. 0
DPTR FM NORMAL -2 [PRESSURE DATA]
TOTAL FM JAN 1 0 HIGHEST SLP 30.53 ON 4
DPTR FM NORMAL -2 LOWEST SLP 29.37 ON 31
[REMARKS]
#FINAL-03-22#