000
CXUS51 KPBZ 010730
CF6HLG
PRELIMINARY LOCAL CLIMATOLOGICAL DATA (WS FORM: F-6)
STATION: WHEELING WV
MONTH: JULY
YEAR: 2023
LATITUDE: 40 10 N
LONGITUDE: 80 39 W
TEMPERATURE IN F: :PCPN: SNOW: WIND :SUNSHINE: SKY :PK WND
================================================================================
1 2 3 4 5 6A 6B 7 8 9 10 11 12 13 14 15 16 17 18
12Z AVG MX 2MIN
DY MAX MIN AVG DEP HDD CDD WTR SNW DPTH SPD SPD DIR MIN PSBL S-S WX SPD DR
================================================================================
1 82 69 76 4 0 11 0.13 M M 6.7 20 220 M M 4 138 25 210
2 81 67 74 2 0 9 0.79 M M 7.4 23 350 M M 7 13 29 340
3 80 67 74 2 0 9 0.03 M M 6.0 15 230 M M 8 1 20 240
4 84 68 76 4 0 11 T M M 5.0 15 300 M M 5 12 17 270
5 88 64 76 3 0 11 0.00 M M 2.1 9 260 M M 1 12 12 260
6 87 65 76 3 0 11 0.10 M M 3.7 16 230 M M 1 138 20 230
7 83 67 75 2 0 10 T M M 5.8 12 340 M M 5 1 15 310
8 82 61 72 -1 0 7 0.00 M M 5.0 9 220 M M 1 15 120
9 79 65 72 -1 0 7 0.45 M M 3.8 13 240 M M 7 13 15 360
10 81 61 71 -2 0 6 0.00 M M 3.6 12 300 M M 2 12 15 280
11 83 61 72 -1 0 7 0.00 M M 5.6 15 280 M M 1 8 20 260
12 85 65 75 2 0 10 0.00 M M 6.8 15 210 M M 1 20 210
13 87 71 79 6 0 14 0.00 M M 11.1 15 220 M M 2 22 220
14 88 68 78 5 0 13 0.00 M M 5.3 39 220 M M 5 1238 52 220
15 87 65 76 3 0 11 0.04 M M 5.3 12 140 M M 2 1 15 110
16 83 69 76 3 0 11 T M M 5.6 16 320 M M 6 18 21 330
17 80 65 73 0 0 8 0.04 M M 7.7 14 180 M M 4 138 17 210
18 80 63 72 -1 0 7 0.31 M M 5.1 12 220 M M 6 18 17 230
19 82 65 74 1 0 9 0.00 M M 3.5 10 310 M M 5 1 14 300
20 84 64 74 1 0 9 0.37 M M 6.6 20 360 M M 6 1238 24 360
21 79 64 72 -1 0 7 0.01 M M 7.0 17 310 M M 6 12 22 310
22 81 55 68 -5 0 3 0.00 M M 2.2 9 280 M M 2 12 13 280
23 84 59 72 -1 0 7 0.00 M M 2.9 9 180 M M 2 12 12 280
24 85 62 74 1 0 9 T M M 4.8 14 260 M M 1 3 19 250
25 81 61 71 -2 0 6 0.22 M M 5.3 12 240 M M 4 13 17 260
26 88 65 77 4 0 12 0.00 M M 8.5 20 210 M M 1 18 26 210
27 87 76 82 9 0 17 T M M 8.7 17 220 M M 6 13 25 220
28 89 69 79 6 0 14 0.00 M M 7.0 16 230 M M 4 1 24 230
29 82 67 75 2 0 10 1.05 M M 8.7 28 310 M M 5 13 39 300
30 81 61 71 -2 0 6 0.00 M M 2.6 20 360 M M 6 128 25 360
31 79 58 69 -4 0 4 0.00 M M 5.0 13 310 M M 3 12 17 30
================================================================================
SM 2582 2007 0 286 3.54 M 174.4 M 119
================================================================================
AV 83.3 64.7 5.6 FASTST M M 4 MAX(MPH)
MISC ----> 39 220 52 220
================================================================================
NOTES:
# LAST OF SEVERAL OCCURRENCES
COLUMN 17 PEAK WIND IN M.P.H.
PRELIMINARY LOCAL CLIMATOLOGICAL DATA (WS FORM: F-6) , PAGE 2
STATION: WHEELING WV
MONTH: JULY
YEAR: 2023
LATITUDE: 40 10 N
LONGITUDE: 80 39 W
[TEMPERATURE DATA] [PRECIPITATION DATA] SYMBOLS USED IN COLUMN 16
AVERAGE MONTHLY: 74.0 TOTAL FOR MONTH: 3.54 1 = FOG OR MIST
DPTR FM NORMAL: 0.9 DPTR FM NORMAL: 0.19 2 = FOG REDUCING VISIBILITY
HIGHEST: 89 ON 28 GRTST 24HR 1.05 ON 29-29 TO 1/4 MILE OR LESS
LOWEST: 55 ON 22 3 = THUNDER
SNOW, ICE PELLETS, HAIL 4 = ICE PELLETS
TOTAL MONTH: M 5 = HAIL
GRTST 24HR M ON M 6 = FREEZING RAIN OR DRIZZLE
GRTST DEPTH: M ON M 7 = DUSTSTORM OR SANDSTORM:
VSBY 1/2 MILE OR LESS
8 = SMOKE OR HAZE
[NO. OF DAYS WITH] [WEATHER - DAYS WITH] 9 = BLOWING SNOW
X = TORNADO
MAX 32 OR BELOW: 0 0.01 INCH OR MORE: 12
MAX 90 OR ABOVE: 0 0.10 INCH OR MORE: 8
MIN 32 OR BELOW: 0 0.50 INCH OR MORE: 2
MIN 0 OR BELOW: 0 1.00 INCH OR MORE: 1
[HDD (BASE 65) ]
TOTAL THIS MO. 0 CLEAR (SCALE 0-3) 12
DPTR FM NORMAL -3 PTCLDY (SCALE 4-7) 19
TOTAL FM JUL 1 0 CLOUDY (SCALE 8-10) 0
DPTR FM NORMAL 0
[CDD (BASE 65) ]
TOTAL THIS MO. 286
DPTR FM NORMAL 32 [PRESSURE DATA]
TOTAL FM JAN 1 435 HIGHEST SLP 30.16 ON 31
DPTR FM NORMAL -32 LOWEST SLP 29.78 ON 13
[REMARKS]
#FINAL-07-23#